-- https://www.phpmyadmin.net/
--

START TRANSACTION;



--
-- Database: `clientappdb`
--

-- --------------------------------------------------------

--
-- Table structure for table `account_type`
--

CREATE TABLE `account_type` (
  `id` int(10) UNSIGNED NOT NULL,
  `account_type` varchar(50) NOT NULL,
  `created_at` datetime DEFAULT NULL,
  `updated_at` datetime DEFAULT NULL,
  `deleted_at` datetime DEFAULT NULL
);

-- --------------------------------------------------------

--
-- Table structure for table `admin`
--

CREATE TABLE `admin` (
  `admin_id` int(10) UNSIGNED NOT NULL,
  `admin_firstname` varchar(200) NOT NULL,
  `admin_lastname` varchar(200) NOT NULL,
  `admin_email` varchar(200) NOT NULL,
  `admin_phone` varchar(15) NOT NULL,
  `admin_image` tinytext NOT NULL,
  `admin_username` varchar(200) NOT NULL,
  `admin_password` text NOT NULL,
  `admin_resetcode` varchar(200) DEFAULT NULL,
  `admin_type` varchar(50) NOT NULL,
  `admin_status` varchar(10) NOT NULL DEFAULT 'A',
  `two_fa` varchar(5) CHARACTER SET utf8 NOT NULL,
  `two_fa_method` varchar(10) CHARACTER SET utf8 NOT NULL,
  `login_code` int(11) NOT NULL,
  `login_req_time` datetime DEFAULT NULL,
  `password_status` tinyint(1) NOT NULL,
  `pass_reset_code` varchar(100) NOT NULL,
  `pass_reset_done` tinyint(1) NOT NULL,
  `pass_reset_req_time` datetime DEFAULT NULL,
  `pass_updated_at` datetime DEFAULT NULL,
  `created_by` int(11) DEFAULT NULL,
  `created_at` datetime DEFAULT NULL,
  `updated_at` datetime DEFAULT NULL,
  `deleted_at` datetime DEFAULT NULL
);

--
-- Dumping data for table `admin`
--

INSERT INTO `admin` (`admin_id`, `admin_firstname`, `admin_lastname`, `admin_email`, `admin_phone`, `admin_image`, `admin_username`, `admin_password`, `admin_resetcode`, `admin_type`, `admin_status`, `two_fa`, `two_fa_method`, `login_code`, `login_req_time`, `password_status`, `pass_reset_code`, `pass_reset_done`, `pass_reset_req_time`, `pass_updated_at`, `created_by`, `created_at`, `updated_at`, `deleted_at`) VALUES
(1, 'Super', 'Admin', 'superadmin.clientapp@yopmail.com', '9445746154', '', 'admin', '$2y$10$pPm/Pg6hUQSA4H8sCUKXWu98OWsyS1eu8egWurwekTMIxkkEPJsiC', NULL, 'super_admin', 'A', 'no', 'mail', 0, '2022-11-15 00:08:00', 1, 'MijcCtH3q2Ambli', 1, '2022-11-03 07:52:00', NULL, 1, '2022-09-28 04:20:15', '2022-11-15 04:02:55', NULL);

-- --------------------------------------------------------

--
-- Table structure for table `admin_client_assoc`
--

CREATE TABLE `admin_client_assoc` (
  `id` int(10) UNSIGNED NOT NULL,
  `main_admin_id` int(11) NOT NULL,
  `client_id` int(11) NOT NULL,
  `created_at` datetime DEFAULT NULL,
  `updated_at` datetime DEFAULT NULL,
  `deleted_at` datetime DEFAULT NULL
);

-- --------------------------------------------------------

--
-- Table structure for table `admin_logs`
--

CREATE TABLE `admin_logs` (
  `id` int(10) UNSIGNED NOT NULL,
  `done_by` int(11) NOT NULL,
  `action` varchar(100) NOT NULL,
  `note` text CHARACTER SET utf8,
  `created_at` datetime DEFAULT NULL,
  `updated_at` datetime DEFAULT NULL,
  `deleted_at` datetime DEFAULT NULL
);

-- --------------------------------------------------------

--
-- Table structure for table `admin_permissions`
--

CREATE TABLE `admin_permissions` (
  `permission_id` int(10) UNSIGNED NOT NULL,
  `key` varchar(200) CHARACTER SET utf8 DEFAULT NULL,
  `controller` varchar(200) CHARACTER SET utf8 DEFAULT NULL,
  `method` varchar(200) CHARACTER SET utf8 DEFAULT NULL,
  `module` varchar(200) NOT NULL,
  `created_at` datetime DEFAULT NULL,
  `updated_at` datetime DEFAULT NULL,
  `deleted_at` datetime DEFAULT NULL
);

-- --------------------------------------------------------

--
-- Table structure for table `admin_roles`
--

CREATE TABLE `admin_roles` (
  `role_id` int(10) UNSIGNED NOT NULL,
  `role_name` varchar(200) NOT NULL,
  `permissions` text NOT NULL,
  `created_at` datetime DEFAULT NULL,
  `updated_at` datetime DEFAULT NULL,
  `deleted_at` datetime DEFAULT NULL
);

-- --------------------------------------------------------

--
-- Table structure for table `admin_roles_assoc`
--

CREATE TABLE `admin_roles_assoc` (
  `id` int(10) UNSIGNED NOT NULL,
  `main_admin_id` int(11) NOT NULL,
  `role_id` int(11) NOT NULL,
  `created_at` datetime DEFAULT NULL,
  `updated_at` datetime DEFAULT NULL,
  `deleted_at` datetime DEFAULT NULL
);

-- --------------------------------------------------------

--
-- Table structure for table `clients`
--

CREATE TABLE `clients` (
  `client_id` int(10) UNSIGNED NOT NULL,
  `client_firstname` varchar(200) CHARACTER SET utf8 NOT NULL,
  `client_lastname` varchar(200) DEFAULT NULL,
  `client_org_name` varchar(200) NOT NULL,
  `client_address_line1` varchar(200) NOT NULL,
  `client_address_line2` varchar(200) NOT NULL,
  `client_email` varchar(200) NOT NULL,
  `client_logo` text NOT NULL,
  `client_phone` int(11) NOT NULL,
  `client_status` varchar(10) NOT NULL DEFAULT 'A',
  `disabled_at` datetime DEFAULT NULL,
  `enabled_at` datetime DEFAULT NULL,
  `created_by` int(11) DEFAULT NULL,
  `created_at` datetime DEFAULT NULL,
  `updated_at` datetime DEFAULT NULL,
  `is_deleted` varchar(1) NOT NULL DEFAULT 'N',
  `deleted_at` datetime DEFAULT NULL,
  `scope` varchar(10) DEFAULT NULL,
  `client_username` varchar(50) DEFAULT NULL,
  `client_password` varchar(500) CHARACTER SET utf8 DEFAULT NULL,
  `two_factor_auth` varchar(10) CHARACTER SET utf8 DEFAULT NULL,
  `two_factor_auth_method` varchar(50) DEFAULT NULL
);

--
-- Dumping data for table `clients`
--

INSERT INTO `clients` (`client_id`, `client_firstname`, `client_lastname`, `client_org_name`, `client_address_line1`, `client_address_line2`, `client_email`, `client_logo`, `client_phone`, `client_status`, `disabled_at`, `enabled_at`, `created_by`, `created_at`, `updated_at`, `is_deleted`, `deleted_at`, `scope`, `client_username`, `client_password`, `two_factor_auth`, `two_factor_auth_method`) VALUES
(1, 'tests ', 'asdsad', 'Test Org', 'Address 1', 'Address 2', 'test@gktest.com', '1668509235_3ddee713df482e9dddf0.jpg', 5466546, 'A', '2022-11-15 07:29:28', '2022-11-15 07:29:32', 1, '2022-09-28 19:37:08', '2022-11-15 07:29:32', 'Y', '2022-10-04 05:12:17', 'app', 'gokulvgopakumar', '$2y$10$WKZzAhBDNi5NwVXONkW4ouWtonUQ6UdtHpK7BiUV.VZdh20q8gNEO', 'yes', 'mail'),
(2, 'adssad', 'sadsadsad', 'asdsad', 'dasdsadsad', 'adssadsadasd', 'testnew@gmail.com', '1668508709_06d5079fbfd6139e405b.jpg', 3253443, 'A', '2022-10-20 04:41:09', '2022-10-20 04:45:21', 4, NULL, '2022-11-15 04:38:29', 'Y', '2022-10-04 05:15:45', NULL, NULL, '$2y$10$.eQWPCYu4cg.8u1wKmHVP.7cfk7GGnoLpLYMnxAJPKKy2VdWGivaK', 'no', NULL),
(33, 'adasdasdsad', NULL, 'asdsadsad', 'adsasdasdasd', 'adsadsadsa', 'test44olmvv@gmail.com', '', 1323123123, 'A', '2022-10-20 04:07:14', '2022-10-20 04:07:18', NULL, '2022-09-29 08:20:59', '2022-11-01 09:44:52', 'Y', '2022-10-04 05:16:40', NULL, 'dsdsadasdasd', '$2y$10$m8nGjbeyv9KAjR1rR.I6nOkAptVr542onNgf81mFXHoq4yaudFPHa', NULL, NULL),
(34, 'adasdsds', NULL, 'adsadsadsa', 'asdadasd', 'asdasdasdas', 'test4ip@gmail.com', '', 1231312312, 'A', '2022-10-14 02:07:57', '2022-10-14 02:16:31', NULL, '2022-09-29 08:28:10', '2022-10-20 04:33:38', 'Y', '2022-10-04 06:08:42', NULL, 'sdsadasd', '$2y$10$LTXu9yo.MhsysPwZrefKROCXxeEx7p4bTP6ElZh7SYpMtd.tU2XkC', NULL, NULL),
(35, 'adssad', NULL, 'asdsad', 'asdsadasd', 'asdsadsadsad', 'test444@gmail.com', '', 1323123123, 'A', NULL, NULL, NULL, '2022-09-29 08:31:34', '2022-10-14 06:27:56', 'Y', '2022-10-04 06:09:13', NULL, 'dffdfdffdf', '$2y$10$Pdc0w4vkv829if/A3WKEFuwLjueIPEw9VCCpygZBRkUJ.MAXU33v6', NULL, NULL),
(36, 'adssad', NULL, 'asdsad', 'xsdadasdsad', 'asdasdada', 'test444@gmail.com', '', 6788888, 'A', '2022-10-14 01:54:32', '2022-10-14 01:55:42', NULL, '2022-09-29 08:33:13', '2022-10-14 04:18:14', 'Y', '2022-10-04 06:09:35', NULL, '', '$2y$10$RYX7fIdpIVeO9MCjLoQLV.UDdT5T6YIW1sP62TITfBQefYtHu2Fpm', NULL, NULL),
(37, 'dasyyyy', NULL, 'sddasdsauuuu', 'asdsatttt', 'eeeee', 'test45544@gmail.com', '', 1312315555, 'A', '2022-10-07 09:06:15', '2022-10-18 06:33:02', NULL, '2022-10-06 07:23:17', '2022-11-04 08:13:31', 'N', NULL, NULL, 'tttttt', '$2y$10$0.wwcJDZqcjh5WEsf8jpcenWaotF02YljYN1JaGuXyuJ4D7oSNcIK', NULL, NULL),
(38, 'errerer', NULL, 'asdsad', 'asdsadad', 'asdasdasdsad', 'test44@gmail.com', '', 2147483647, 'A', '2022-10-20 01:31:04', '2022-10-20 02:27:01', NULL, '2022-09-30 04:06:44', '2022-10-20 04:33:44', 'N', NULL, NULL, 'asdadsasd', '$2y$10$8gsmdJyVwyLHXwM.dM53kupNiuXGzxkRhrDtgNVIfu7deCzNlk3wC', NULL, NULL),
(39, 'adssaddasd', NULL, 'asdsadsad', 'adasdasdasd', 'asdadad', 'test444@gmail.com', '', 2147483647, 'A', NULL, NULL, NULL, '2022-09-30 04:12:59', NULL, 'N', NULL, NULL, NULL, NULL, NULL, NULL),
(40, 'asdsartrtrtrt', NULL, 'asdwreerwer', 'zxczxczc', 'zxczxczxc', 'test@gmail.com', '', 2147483647, 'A', NULL, NULL, NULL, '2022-09-30 04:13:22', '2022-10-19 09:22:45', 'N', NULL, NULL, 'check234', '$2y$10$44QOXT/0v2y6607ZNckjkeipL76ZMvJOusMMNCdH2/XnF/vA6KkSi', NULL, NULL),
(41, 'adssadewewewe', NULL, 'wewewewewew', 'sddfdfdfds', 'sdfdsfsdfdsf', 'testtyui@gmail.com', '', 23232323, 'I', '2022-11-15 04:44:51', '2022-11-02 02:25:49', NULL, '2022-09-30 04:14:15', '2022-11-15 04:44:51', 'N', NULL, NULL, NULL, NULL, NULL, NULL),
(42, 'adsadsadsad', NULL, 'asdasdasdsad', 'asdasdasdasd', 'sadasdsadasd', 'test44444@gmail.com', '', 423423423, 'A', NULL, NULL, NULL, '2022-10-03 04:37:33', NULL, 'N', NULL, NULL, NULL, NULL, NULL, NULL),
(43, 'ewrewrewr', NULL, 'ewrewrewr', 'werewrewr', 'ewrewrewrwe', 'test444@gmail.com', '', 2147483647, 'A', NULL, NULL, NULL, '2022-10-03 04:41:05', NULL, 'N', NULL, NULL, NULL, NULL, NULL, NULL),
(44, 'ewrewrewr', NULL, 'ewrewrewr', 'werewrewr', 'ewrewrewrwe', 'test444@gmail.com', '', 2147483647, 'A', NULL, NULL, NULL, '2022-10-03 04:42:04', NULL, 'N', NULL, NULL, NULL, NULL, NULL, NULL),
(45, 'adasdsadsad', NULL, 'asdasdasd', 'asdasdsa', 'dasdasdasd', 'test444555@gmail.com', '', 0, 'A', NULL, NULL, NULL, '2022-10-04 05:18:08', NULL, 'Y', '2022-10-04 08:04:36', NULL, NULL, NULL, NULL, NULL),
(46, 'adasdsadsad', NULL, 'asdasdasd', 'asdasdsa', 'dasdasdasd', 'test44455566@gmail.com', '', 0, 'A', NULL, NULL, NULL, '2022-10-04 05:18:26', NULL, 'N', NULL, NULL, NULL, NULL, NULL, NULL),
(47, 'adasdsadsad', NULL, 'asdasdasd', 'asdasdsa', 'dasdasdasd', 'errereressss@gmail.com', '', 0, 'A', NULL, NULL, NULL, '2022-10-04 05:18:50', NULL, 'N', NULL, NULL, NULL, NULL, NULL, NULL),
(48, 'adasdsadsad', NULL, 'asdasdasd', 'asdasdsa', 'dasdasdasd', 'adadasdasd@gmail.com', '', 0, 'A', NULL, NULL, NULL, '2022-10-04 05:19:15', NULL, 'N', NULL, NULL, NULL, NULL, NULL, NULL),
(49, 'adasdsadsad', NULL, 'asdasdasd', 'asdasdsa', 'dasdasdasd', 'adadasd455@gmail.com', '', 0, 'A', NULL, NULL, NULL, '2022-10-04 05:20:55', NULL, 'N', NULL, NULL, NULL, NULL, NULL, NULL),
(50, 'adasdsadsad', NULL, 'asdasdasd', 'asdasdsa', 'dasdasdasd', 'adadasd4444@gmail.com', '', 0, 'A', NULL, NULL, NULL, '2022-10-04 05:21:32', NULL, 'N', NULL, NULL, NULL, NULL, NULL, NULL),
(51, 'adasdsadsad', NULL, 'asdasdasd', 'asdasdsa', 'dasdasdasd', 'rtrtrtr565@gmail.com', '', 0, 'A', NULL, NULL, NULL, '2022-10-04 05:21:49', NULL, 'N', NULL, NULL, NULL, NULL, NULL, NULL),
(52, 'adasdsadsad', NULL, 'asdasdasd', 'asdasdsa', 'dasdasdasd', 'adadasdasd@gmail.com', '', 0, 'A', NULL, NULL, NULL, '2022-10-04 05:24:04', NULL, 'N', NULL, NULL, NULL, NULL, NULL, NULL),
(53, 'adasdsadsad', NULL, 'asdasdasd', 'asdasdsa', 'dasdasdasd', 'rtrtrtr565@gmail.com', '', 0, 'A', NULL, NULL, NULL, '2022-10-04 05:24:08', NULL, 'N', NULL, NULL, NULL, NULL, NULL, NULL),
(54, 'asdsadasd', NULL, 'sadsadsad', 'asdsadas', 'dsadasda', 'test45rr890@gmail.com', '', 2147483647, 'A', NULL, NULL, NULL, '2022-10-04 05:24:39', NULL, 'N', NULL, NULL, NULL, NULL, NULL, NULL),
(55, 'asdsadasd', NULL, 'sadsadsad', 'asdsadas', 'dsadasda', 'test45rr890@gmail.com', '', 2147483647, 'A', NULL, NULL, NULL, '2022-10-04 05:25:42', NULL, 'N', NULL, NULL, NULL, NULL, NULL, NULL),
(56, 'dsadasdsad', NULL, 'asdasdasd', 'asdasdsa', 'dasdasdsad', 'testtyui@gmail.com', '', 1323123123, 'A', NULL, NULL, NULL, '2022-10-04 05:31:09', NULL, 'N', NULL, NULL, NULL, NULL, NULL, NULL),
(57, 'dsadasdsad', NULL, 'asdasdasd', 'asdasdsa', 'dasdasdsad', 'testtyui@gmail.com', '', 1323123123, 'A', NULL, NULL, NULL, '2022-10-04 05:31:56', NULL, 'N', NULL, NULL, NULL, NULL, NULL, NULL),
(58, 'dsadasdsad', NULL, 'asdasdasd', 'asdasdsa', 'dasdasdsad', 'testtyui@gmail.com', '', 1323123123, 'A', NULL, NULL, NULL, '2022-10-04 05:32:08', NULL, 'N', NULL, NULL, NULL, NULL, NULL, NULL),
(59, 'dsadasdsad', NULL, 'asdasdasd', 'asdasdsa', 'dasdasdsad', 'testtyui@gmail.com', '', 1323123123, 'A', NULL, NULL, NULL, '2022-10-04 05:32:40', NULL, 'N', NULL, NULL, NULL, NULL, NULL, NULL),
(60, 'dsadasdsad', NULL, 'asdasdasd', 'asdasdsa', 'dasdasdsad', 'testtyui@gmail.com', '', 1323123123, 'A', NULL, NULL, NULL, '2022-10-04 05:33:08', NULL, 'N', NULL, NULL, NULL, NULL, NULL, NULL),
(61, 'dsadasdsad', NULL, 'asdasdasd', 'asdasdsa', 'dasdasdsad', 'testtyui@gmail.com', '', 1323123123, 'A', NULL, NULL, NULL, '2022-10-04 05:33:17', NULL, 'N', NULL, NULL, NULL, NULL, NULL, NULL),
(62, 'dsadasdsad', NULL, 'asdasdasd', 'asdasdsa', 'dasdasdsad', 'testtyui@gmail.com', '', 1323123123, 'A', NULL, NULL, NULL, '2022-10-04 05:35:04', NULL, 'N', NULL, NULL, NULL, NULL, NULL, NULL),
(63, 'dsadasdsad', NULL, 'asdasdasd', 'asdasdsa', 'dasdasdsad', 'testtyui@gmail.com', '', 1323123123, 'A', NULL, NULL, NULL, '2022-10-04 05:35:14', NULL, 'N', NULL, NULL, NULL, NULL, NULL, NULL),
(64, 'dsadasdsad', NULL, 'asdasdasd', 'asdasdsa', 'dasdasdsad', 'testtyui@gmail.com', '', 1323123123, 'A', NULL, NULL, NULL, '2022-10-04 05:36:12', NULL, 'N', NULL, NULL, NULL, NULL, NULL, NULL),
(65, 'dsadasdsad', NULL, 'asdasdasd', 'asdasdsa', 'dasdasdsad', 'testtyui@gmail.com', '', 1323123123, 'A', NULL, NULL, NULL, '2022-10-04 05:36:25', NULL, 'N', NULL, NULL, NULL, NULL, NULL, NULL),
(66, 'dsadasdsad', NULL, 'asdasdasd', 'asdasdsa', 'dasdasdsad', 'testtyui@gmail.com', '', 1323123123, 'A', NULL, NULL, NULL, '2022-10-04 05:36:55', NULL, 'N', NULL, NULL, NULL, NULL, NULL, NULL),
(67, 'dsadasdsad', NULL, 'asdasdasd', 'asdasdsa', 'dasdasdsad', 'testtyui@gmail.com', '', 1323123123, 'A', NULL, NULL, NULL, '2022-10-04 05:37:06', NULL, 'N', NULL, NULL, NULL, NULL, NULL, NULL),
(68, 'sadsad', NULL, 'sadsadsad', 'sadsad', 'adsadsa', 'asdsadsa@gmail.com', '', 2147483647, 'A', NULL, NULL, NULL, '2022-10-04 06:10:49', NULL, 'N', NULL, NULL, NULL, NULL, NULL, NULL),
(69, 'sadsad', NULL, 'sadsadsad', 'sadsad', 'adsadsa', 'asdsadsa4544@gmail.com', '', 2147483647, 'A', NULL, NULL, NULL, '2022-10-04 06:11:06', NULL, 'N', NULL, NULL, NULL, NULL, NULL, NULL),
(70, 'sadsad', NULL, 'sadsadsad', 'sadsad', 'adsadsa', 'asdsa444444@gmail.com', '', 2147483647, 'A', NULL, NULL, NULL, '2022-10-04 06:12:54', NULL, 'N', NULL, NULL, NULL, NULL, NULL, NULL),
(71, 'asdadad', NULL, 'sadadad', 'sadasd', 'asdadad', 'test4456uuu4@gmail.com', '', 1323123123, 'A', NULL, NULL, NULL, '2022-10-04 09:45:57', NULL, 'N', NULL, NULL, NULL, NULL, NULL, NULL),
(72, 'xsdsadada', NULL, 'asdasdasd', 'asdasdas', 'dasdasdasd', 'test444666666@gmail.com', '', 2147483647, 'A', NULL, NULL, NULL, '2022-10-04 09:49:57', NULL, 'N', NULL, NULL, NULL, NULL, NULL, NULL),
(73, 'adsdasd', NULL, 'asdsad', 'adsadsada', 'sasdasdasdasd', 'test444454544@gmail.com', '', 1323123123, 'A', NULL, NULL, NULL, '2022-10-04 09:52:37', NULL, 'N', NULL, NULL, NULL, NULL, NULL, NULL),
(74, 'dsadsadsad', NULL, 'asdsadsad', 'sadsadas', 'dasdsad', 'testtyui4455@gmail.com', '', 34324234, 'A', NULL, NULL, NULL, '2022-10-06 01:10:17', NULL, 'N', NULL, NULL, NULL, NULL, NULL, NULL),
(75, 'dsadsadsad', NULL, 'asdsadsad', 'sadsadas', 'dasdsad', 'testtyui445@gmail.com', '', 34324234, 'A', NULL, NULL, NULL, '2022-10-06 01:10:51', NULL, 'N', NULL, NULL, NULL, NULL, NULL, NULL),
(76, 'asdsadasd', NULL, 'asdasdsadas', 'dasdasd', 'asdsadasd', 'testtyui7889@gmail.com', '', 1323123123, 'A', NULL, NULL, NULL, '2022-10-06 01:12:27', NULL, 'N', NULL, NULL, NULL, NULL, NULL, NULL),
(77, 'asdsadasd', NULL, 'asdasdsadas', 'dasdasd', 'asdsadasd', 'testtyui788@gmail.com', '', 1323123123, 'A', NULL, NULL, NULL, '2022-10-06 01:23:20', NULL, 'N', NULL, NULL, NULL, NULL, NULL, NULL),
(78, 'asdsadasd', NULL, 'asdasdsadas', 'dasdasd', 'asdsadasd', 'testtyui7880@gmail.com', '', 1323123123, 'A', NULL, NULL, NULL, '2022-10-06 01:24:28', NULL, 'N', NULL, NULL, NULL, NULL, NULL, NULL),
(79, 'asdsadasd', NULL, 'asdasdsadas', 'dasdasd', 'asdsadasd', 'testtyui78800@gmail.com', '', 1323123123, 'A', NULL, NULL, NULL, '2022-10-06 01:27:15', NULL, 'N', NULL, NULL, NULL, NULL, NULL, NULL),
(80, 'asdsadasd', NULL, 'asdasdsadas', 'dasdasd', 'asdsadasd', 'testtyui788000@gmail.com', '', 1323123123, 'A', NULL, NULL, NULL, '2022-10-06 01:27:54', NULL, 'N', NULL, NULL, NULL, NULL, NULL, NULL),
(81, 'asdsadasd', NULL, 'asdasdsadas', 'dasdasd', 'asdsadasd', 'testtyui788000444@gmail.com', '', 1323123123, 'A', NULL, NULL, NULL, '2022-10-06 01:29:00', NULL, 'N', NULL, NULL, NULL, NULL, NULL, NULL),
(82, 'adasdsad', NULL, 'sadsadasd', 'adsasdasdsa', 'dasdsadsad', 'testtyu5665i@gmail.com', '', 1232312312, 'A', NULL, NULL, NULL, '2022-10-06 05:30:28', NULL, 'N', NULL, NULL, NULL, NULL, NULL, NULL),
(83, 'adssad', NULL, 'asdsad', 'sadasdsa', 'dasdasd', 'testrrtt4@gmail.com', '', 1232312312, 'A', NULL, NULL, NULL, '2022-10-06 06:34:02', NULL, 'N', NULL, NULL, NULL, NULL, NULL, NULL),
(84, 'asdsadsda', NULL, 'asdasdsad', 'asdsadsad', 'asdsadsadad', 'test55454@gmail.com', '', 1323123123, 'A', NULL, NULL, NULL, '2022-10-06 08:02:34', NULL, 'N', NULL, NULL, NULL, NULL, NULL, NULL),
(85, 'asdsadsad', NULL, 'sadsadsad', 'asdsad', 'sadsadasd', 'testtyui@gmail.com', '', 1232312312, 'A', NULL, NULL, NULL, '2022-10-06 08:03:30', NULL, 'N', NULL, NULL, NULL, NULL, NULL, NULL),
(86, 'sdsadasd', NULL, 'asdsadasd', 'asdasdasd', 'asdsadasd', 'test44444@gmail.com', '', 2147483647, 'A', NULL, NULL, NULL, '2022-10-06 08:10:50', NULL, 'N', NULL, NULL, NULL, NULL, NULL, NULL),
(87, 'sadadad', NULL, 'asdasd', 'asdasdsada', 'asdsadsad', 'test4yyy44@gmail.com', '', 2147483647, 'A', NULL, NULL, NULL, '2022-10-06 08:47:26', NULL, 'N', NULL, NULL, NULL, NULL, NULL, NULL),
(88, 'sadadad', NULL, 'asdasd', 'asdasdsada', 'asdsadsad', 'test4yyy44@gmail.com', '', 2147483647, 'A', NULL, NULL, NULL, '2022-10-06 08:47:55', NULL, 'N', NULL, NULL, NULL, NULL, NULL, NULL),
(89, 'adadsd', NULL, 'asdasdasd', 'sadasda', 'dasdsadsad', 'test567yuu@gmail.com', '', 2147483647, 'A', NULL, NULL, NULL, '2022-10-06 09:16:37', NULL, 'N', NULL, NULL, NULL, NULL, NULL, NULL),
(90, 'asdsaasda', NULL, 'asdasdsad', 'sadsadsadsad', 'asdasdsad', 'test666666@gmail.com', '', 1232312312, 'A', '2022-11-15 06:43:05', '2022-11-15 06:43:32', NULL, '2022-10-06 09:38:57', '2022-11-15 06:43:32', 'N', NULL, NULL, NULL, NULL, NULL, NULL),
(91, 'addsadsad', NULL, 'asdsadsad', 'sadsadsad', 'sadsadsad', 'test@gmail.com', '', 1231312312, 'A', NULL, NULL, NULL, '2022-10-07 01:50:44', '2022-10-07 01:50:44', 'N', NULL, NULL, NULL, NULL, NULL, NULL),
(92, 'addsadsad', NULL, 'asdsadsad', 'sadsadsad', 'sadsadsad', 'test5678@gmail.com', '', 1231312312, 'A', NULL, NULL, NULL, '2022-10-07 01:52:51', '2022-10-07 01:52:51', 'N', NULL, NULL, NULL, NULL, NULL, NULL),
(93, 'addsadsad', NULL, 'asdsadsad', 'sadsadsad', 'sadsadsad', 'test567558@gmail.com', '', 1231312312, 'A', NULL, NULL, NULL, '2022-10-07 01:53:48', '2022-10-07 01:53:48', 'N', NULL, NULL, NULL, NULL, NULL, NULL),
(94, 'dadssadsa', NULL, 'dsadasd', 'asdsadsad', 'sadsadsad', 'test44788@gmail.com', '', 42, 'A', NULL, NULL, NULL, '2022-10-07 04:00:47', '2022-10-07 04:00:47', 'N', NULL, NULL, NULL, NULL, NULL, NULL),
(95, 'dfgds', NULL, 'sdfgds', 'sdfgds', 'sf', 'test44777@gmail.com', '', 0, 'A', NULL, NULL, NULL, '2022-10-07 06:08:41', '2022-10-07 06:08:41', 'N', NULL, NULL, NULL, NULL, NULL, NULL),
(96, 'dfgds', NULL, 'sdfgds', 'sdfgds', 'sf', 'test4477oo@gmail.com', '', 0, 'A', NULL, NULL, NULL, '2022-10-07 06:11:15', '2022-10-07 06:11:15', 'N', NULL, NULL, NULL, NULL, NULL, NULL),
(97, 'asdsadsa', NULL, 'asdsadsad', 'sadsadsadsa', 'sadsadasd', 'test45r55890@gmail.com', '', 455555555, 'A', NULL, NULL, NULL, '2022-10-07 06:26:09', '2022-10-07 06:26:09', 'N', NULL, NULL, NULL, NULL, NULL, NULL),
(98, 'asdsadsa', NULL, 'asdsadsad', 'sadsadsadsa', 'sadsadasd', 'test45mmm@gmail.com', '', 455555555, 'A', NULL, NULL, NULL, '2022-10-07 06:27:16', '2022-10-07 06:27:16', 'N', NULL, NULL, NULL, NULL, NULL, NULL),
(99, 'adasdasdasd', NULL, 'asdsadasdsad', 'sadasdas', 'dasdasdsad', 'test5444@gmail.com', '', 2147483647, 'A', NULL, NULL, NULL, '2022-10-07 06:35:24', '2022-10-07 06:35:24', 'N', NULL, NULL, NULL, NULL, NULL, NULL),
(100, 'adasdasdasd', NULL, 'asdsadasdsad', 'sadasdas', 'dasdasdsad', 'testxxxccc@gmail.com', '', 2147483647, 'A', NULL, NULL, NULL, '2022-10-07 06:36:26', '2022-10-07 06:36:26', 'N', NULL, NULL, NULL, NULL, NULL, NULL),
(101, 'fddsfsdfds', NULL, 'dfdsfdsf', 'sdfdsfsdf', 'sdfsdfsdf', 'testtytbhilmui@gmail.com', '', 1323123123, 'A', NULL, NULL, NULL, '2022-10-07 06:38:09', '2022-10-07 06:38:09', 'N', NULL, NULL, NULL, NULL, NULL, NULL),
(102, 'fddsfsdfds', NULL, 'dfdsfdsf', 'sdfdsfsdf', 'sdfsdfsdf', 'testtytopppi@gmail.com', '', 1323123123, 'I', '2022-10-07 09:07:08', NULL, NULL, '2022-10-07 06:47:22', '2022-10-07 09:07:08', 'N', NULL, NULL, NULL, NULL, NULL, NULL),
(103, 'sadasdsad', NULL, 'asdasdsad', 'asdasdasdasd', 'asdasdsadasd', 'test54454@gmail.com', '', 1323123123, 'A', NULL, NULL, NULL, '2022-10-11 02:34:22', '2022-10-11 02:34:22', 'N', NULL, NULL, NULL, NULL, NULL, NULL),
(104, 'asdsad', NULL, 'asdsad', 'asdasdsa', 'dadsad', 'test4polo@gmail.com', '', 2147483647, 'A', NULL, NULL, NULL, '2022-10-11 04:24:53', '2022-10-11 04:24:53', 'N', NULL, NULL, NULL, NULL, NULL, NULL),
(105, 'asdsad', NULL, 'asdsad', 'asdasdsa', 'dadsad', 'test4polo1@gmail.com', '', 2147483647, 'A', NULL, NULL, NULL, '2022-10-11 04:26:15', '2022-10-11 04:26:15', 'N', NULL, NULL, NULL, NULL, NULL, NULL),
(106, 'asdsad', NULL, 'asdsad', 'asdasdsa', 'dadsad', 'test4polo55@gmail.com', '', 2147483647, 'A', NULL, NULL, NULL, '2022-10-11 04:28:56', '2022-10-11 04:28:56', 'N', NULL, NULL, NULL, NULL, NULL, NULL),
(107, 'sdadsad', NULL, 'asdsad', 'asdasdasd', 'asdsadasd', 'test444tyhnj@gmail.com', '', 1323123123, 'A', NULL, NULL, NULL, '2022-10-11 04:32:35', '2022-10-11 04:32:35', 'N', NULL, NULL, NULL, NULL, NULL, NULL),
(108, 'asdsadsad', NULL, 'asdsadsad', 'asdsadsad', 'asdsadsad', 'test34343@gmail.com', '', 1231312312, 'A', NULL, NULL, NULL, '2022-10-11 05:15:50', '2022-10-11 05:15:50', 'N', NULL, NULL, NULL, NULL, NULL, NULL),
(109, 'asdsadsad', NULL, 'asdsadsad', 'asdsadsad', 'asdsadsad', 'test3434344@gmail.com', '', 1231312312, 'A', NULL, NULL, NULL, '2022-10-11 05:17:12', '2022-10-11 05:17:12', 'N', NULL, NULL, NULL, NULL, NULL, NULL),
(110, 'asdsadsad', NULL, 'asdsadsad', 'asdsadsad', 'asdsadsad', 'test343434444@gmail.com', '', 1231312312, 'A', NULL, NULL, NULL, '2022-10-11 05:18:50', '2022-10-11 05:18:50', 'N', NULL, NULL, NULL, NULL, NULL, NULL),
(111, 'asdsadsad', NULL, 'asdsadsad', 'asdsadsad', 'asdsadsad', 'test34oplk@gmail.com', '', 1231312312, 'A', NULL, NULL, NULL, '2022-10-11 05:19:17', '2022-10-11 05:19:17', 'N', NULL, NULL, NULL, NULL, NULL, NULL),
(112, 'asdsadsad', NULL, 'asdsadsad', 'asdsadsad', 'asdsadsad', 'test34oplkrt56@gmail.com', '', 1231312312, 'A', NULL, NULL, NULL, '2022-10-11 05:21:43', '2022-10-11 05:21:43', 'N', NULL, NULL, NULL, NULL, NULL, NULL),
(113, 'asdsadsad', NULL, 'asdsadsad', 'asdsadsad', 'asdsadsad', 'test34op890okl@gmail.com', '', 1231312312, 'A', NULL, NULL, NULL, '2022-10-11 05:22:59', '2022-10-11 05:22:59', 'N', NULL, NULL, NULL, NULL, NULL, NULL),
(114, 'adsdasdsad', NULL, 'asdasdas', 'asdsadasd', 'asdasdsad', 'test565yu@gmail.com', '', 1232312312, 'A', NULL, NULL, NULL, '2022-10-11 05:31:06', '2022-10-11 05:31:06', 'N', NULL, NULL, NULL, NULL, NULL, NULL),
(115, 'adsdasdsad', NULL, 'asdasdas', 'asdsadasd', 'asdasdsad', 'test565y66@gmail.com', '', 1232312312, 'A', NULL, NULL, NULL, '2022-10-11 05:31:23', '2022-10-11 05:31:23', 'N', NULL, NULL, NULL, NULL, NULL, NULL),
(116, 'adsdasdsad', NULL, 'asdasdas', 'asdsadasd', 'asdasdsad', 'testioplkjh@gmail.com', '', 1232312312, 'A', NULL, NULL, NULL, '2022-10-11 05:32:38', '2022-10-11 05:32:38', 'N', NULL, NULL, NULL, NULL, NULL, NULL),
(117, 'adsdasdsad', NULL, 'asdasdas', 'asdsadasd', 'asdasdsad', 'testioplkjh123@gmail.com', '', 1232312312, 'A', NULL, NULL, NULL, '2022-10-11 05:33:08', '2022-10-11 05:33:08', 'N', NULL, NULL, NULL, NULL, NULL, NULL),
(118, 'asdsadsad', NULL, 'asdasdsa', 'asdsadsa', 'dasdasdsad', 'test4343@gmail.com', '', 2147483647, 'A', NULL, NULL, NULL, '2022-10-11 06:39:00', '2022-10-11 06:39:00', 'N', NULL, NULL, NULL, NULL, NULL, NULL),
(119, 'adasdsad', NULL, 'asdsad', 'asdasdasd', 'asdasdasd', 'test4676@gmail.com', '', 1232312312, 'A', NULL, NULL, NULL, '2022-10-13 04:00:35', '2022-10-13 04:00:35', 'N', NULL, NULL, NULL, NULL, NULL, NULL),
(120, 'adasdsad', NULL, 'asdsad', 'asdasdasd', 'asdasdasd', 'test46uiol@gmail.com', '', 1232312312, 'A', NULL, NULL, NULL, '2022-10-13 04:01:04', '2022-10-13 04:01:04', 'N', NULL, NULL, NULL, NULL, NULL, NULL),
(121, 'asdsad', NULL, 'asdasdsad', 'asdasdasd', 'asdasdads', 'testpolkj@gmail.com', '', 1232312312, 'A', NULL, NULL, NULL, '2022-10-13 04:03:55', '2022-10-13 04:03:55', 'N', NULL, NULL, NULL, NULL, NULL, NULL),
(122, 'asdsad', NULL, 'asdasdsad', 'asdasdasd', 'asdasdads', 'testp0909j@gmail.com', '', 1232312312, 'A', NULL, NULL, NULL, '2022-10-13 04:04:34', '2022-10-13 04:04:34', 'N', NULL, NULL, NULL, NULL, NULL, NULL),
(123, 'asdasd', NULL, 'asdasdsa', 'dsadsad', 'sadsada', 'testttttt@gmail.com', '', 1323123123, 'A', NULL, NULL, NULL, '2022-10-14 06:32:44', '2022-10-14 06:32:44', 'N', NULL, NULL, NULL, NULL, NULL, NULL),
(124, 'asdsad', NULL, 'sadsadsa', 'asdasd', 'asdasdsad', 'test44bbvv4@gmail.com', '', 1232312312, 'A', NULL, NULL, NULL, '2022-10-19 04:36:42', '2022-10-19 04:36:42', 'N', NULL, NULL, NULL, NULL, NULL, NULL),
(125, 'asdsad', NULL, 'sadsadsa', 'asdasd', 'asdasdsad', 'test44bboklllll@gmail.com', '', 1232312312, 'A', NULL, NULL, NULL, '2022-10-19 04:37:40', '2022-10-19 04:37:40', 'N', NULL, NULL, NULL, NULL, NULL, NULL),
(126, 'asdas', NULL, 'asdasdasd', 'asdasd', 'sadasdsd', 'check@gmail.com', '', 2147483647, 'A', NULL, NULL, NULL, '2022-10-19 05:05:37', '2022-10-19 05:05:37', 'N', NULL, NULL, NULL, NULL, NULL, NULL),
(127, 'asdas', NULL, 'asdasdasd', 'asdasd', 'sadasdsd', 'check56@gmail.com', '', 2147483647, 'A', NULL, NULL, NULL, '2022-10-19 05:11:14', '2022-10-19 05:11:14', 'N', NULL, NULL, NULL, NULL, NULL, NULL),
(128, 'testone', NULL, 'tst', 'ettrs', 'dsfa', 'test@something.com', '', 2147483647, 'A', NULL, NULL, NULL, '2022-10-19 05:16:35', '2022-10-19 05:16:35', 'N', NULL, NULL, NULL, NULL, NULL, NULL),
(129, 'asdfkja', NULL, 'sdfajfd', 'sdfasfd', 'sdfasfa', 'sfdas@fa.com', '', 42121, 'A', NULL, NULL, NULL, '2022-10-19 05:35:27', '2022-10-19 05:35:27', 'N', NULL, NULL, NULL, NULL, NULL, NULL),
(130, 'asdfkja', NULL, 'sdfajfd', 'sdfasfd', 'sdfasfa', 'sfdas@f1a.com', '', 42121, 'A', NULL, NULL, NULL, '2022-10-19 05:44:51', '2022-10-19 05:44:51', 'N', NULL, NULL, NULL, NULL, NULL, NULL),
(131, 'adsdsad', NULL, 'asdasd', 'asdasd', 'asdasdd', 'test44plplp@gmail.com', '', 1231312312, 'A', NULL, NULL, NULL, '2022-10-19 06:51:36', '2022-10-20 04:11:37', 'N', NULL, NULL, NULL, NULL, NULL, NULL),
(132, 'adsdad', NULL, 'asdasd', 'dsadadad', 'adadad', 'test4oplkkj@gmail.com', '', 1231312312, 'A', NULL, NULL, NULL, '2022-10-19 06:54:32', '2022-10-19 06:54:32', 'N', NULL, NULL, NULL, NULL, NULL, NULL),
(133, 'asdadad', NULL, 'asdasd', 'asdsada', 'sdasdasd', 'check78@gmail.com', '', 234234324, 'A', NULL, NULL, NULL, '2022-10-19 06:55:24', '2022-10-19 06:55:24', 'N', NULL, NULL, NULL, NULL, NULL, NULL),
(134, 'asdsadsa', NULL, 'dsadsa', 'dadasd', 'sadasd', 'check09888@gmail.com', '', 1323123123, 'A', NULL, NULL, NULL, '2022-10-20 01:08:54', '2022-10-20 01:08:54', 'N', NULL, NULL, NULL, NULL, NULL, NULL),
(135, 'johns', NULL, 'jacobs', 'test', 'test', 'test222@mainator.com', '', 1212121313, 'A', NULL, NULL, NULL, '2022-11-01 03:57:18', '2022-11-01 03:57:18', 'N', NULL, NULL, NULL, NULL, NULL, NULL),
(136, 'developer', NULL, 'dasdsad', 'asdsad', 'asdasd', 'developer@gmail.com', '', 1231312312, 'A', NULL, NULL, NULL, '2022-11-01 07:05:04', '2022-11-01 07:05:04', 'N', NULL, NULL, NULL, NULL, 'yes', 'mail'),
(137, 'Gabriel', NULL, 'Barbosa', 'aqweqweqwe', 'qweqweqwe', 'gabrielbarbosa@gmail.com', '', 1232312312, 'A', NULL, NULL, NULL, '2022-11-03 05:54:40', '2022-11-03 05:54:40', 'N', NULL, NULL, NULL, NULL, 'no', NULL),
(138, 'test', 'test', 'test', 'test', 'test', 'test@eee.com', '', 0, 'A', NULL, NULL, NULL, '2022-11-03 09:36:19', '2022-11-03 09:36:19', 'N', NULL, NULL, NULL, NULL, 'yes', 'mail'),
(139, 'asdgsahfdsad', 'sadsad', 'sadsad', 'asdasd', 'asdads', 'testvbvbvb@gktest.com', '', 312323123, 'A', NULL, NULL, NULL, '2022-11-15 01:00:34', '2022-11-15 01:00:34', 'N', NULL, NULL, NULL, NULL, 'no', NULL);

-- --------------------------------------------------------

--
-- Table structure for table `client_admin`
--

CREATE TABLE `client_admin` (
  `ca_id` int(10) UNSIGNED NOT NULL,
  `client_id` int(11) NOT NULL,
  `designation_id` int(11) DEFAULT NULL,
  `admin_type` varchar(50) NOT NULL,
  `ca_firstname` varchar(100) NOT NULL,
  `ca_lastname` varchar(100) NOT NULL,
  `ca_email` varchar(100) NOT NULL,
  `ca_password` text NOT NULL,
  `ca_image` text CHARACTER SET utf8,
  `ca_phone` varchar(15) DEFAULT NULL,
  `created_by` int(11) DEFAULT NULL,
  `admin_status` varchar(1) NOT NULL DEFAULT 'A',
  `disabled_at` datetime DEFAULT NULL,
  `enabled_at` datetime DEFAULT NULL,
  `isDeleted` varchar(1) NOT NULL DEFAULT 'N',
  `password_status` int(11) DEFAULT '0',
  `two_fa` varchar(5) DEFAULT NULL,
  `two_fa_method` varchar(10) DEFAULT NULL,
  `login_code` int(11) NOT NULL,
  `login_req_time` datetime DEFAULT NULL,
  `pass_reset_code` varchar(100) NOT NULL,
  `pass_reset_done` tinyint(1) NOT NULL,
  `pass_reset_req_time` datetime DEFAULT NULL,
  `pass_updated_at` datetime DEFAULT NULL,
  `created_at` datetime DEFAULT NULL,
  `updated_at` datetime DEFAULT NULL,
  `deleted_at` datetime DEFAULT NULL
);

--
-- Dumping data for table `client_admin`
--

INSERT INTO `client_admin` (`ca_id`, `client_id`, `designation_id`, `admin_type`, `ca_firstname`, `ca_lastname`, `ca_email`, `ca_password`, `ca_image`, `ca_phone`, `created_by`, `admin_status`, `disabled_at`, `enabled_at`, `isDeleted`, `password_status`, `two_fa`, `two_fa_method`, `login_code`, `login_req_time`, `pass_reset_code`, `pass_reset_done`, `pass_reset_req_time`, `pass_updated_at`, `created_at`, `updated_at`, `deleted_at`) VALUES
(1, 33, 1, 'CA', 'hh', 'Admin', 'admin456@admin.com', '$2y$10$q0EhcfNDXBpgLbNkJGuX3.eLwcDaWbzdLOL9HO9SUz1QWpaRbeOZq', '300-7.jpg', '42234', NULL, 'A', '2022-10-20 04:07:14', '2022-10-20 04:07:18', 'N', 1, 'no', 'mail', 0, '0000-00-00 00:00:00', 'bfQ6NRzVpuQtrzz', 0, '2022-11-15 01:00:00', '2022-11-01 04:28:00', '2022-09-29 08:20:59', '2022-11-15 01:00:34', NULL),
(2, 35, NULL, 'CA', 'Super', 'Admin', 'admintyu@admin.com', '$2y$10$bXRm0TaeV4nDE//3JVnVf.jSGEp7rn7SrgBXalukWAq8fAI9Siu/2', NULL, NULL, NULL, 'A', NULL, NULL, 'N', 0, NULL, NULL, 0, NULL, '', 0, NULL, NULL, '2022-09-29 08:31:34', NULL, NULL),
(3, 36, NULL, 'CA', 'Super', 'Admin', 'admin4cvb56@admin.com', '$2y$10$9rPkeIDyW9w9ZIhr2OUJAuYHlu2MOF0YrBQdGJRjKwi24kb7/pEZm', NULL, NULL, NULL, 'A', '2022-10-14 01:54:32', '2022-10-14 01:55:42', 'N', 0, NULL, NULL, 0, NULL, '', 0, NULL, NULL, '2022-09-29 08:33:13', '2022-10-14 01:55:42', NULL),
(4, 37, NULL, 'CA', 'Super', 'Admin', 'test44444@gmail.com', '$2y$10$XYM6Rv50KO7rpoAXnOeaEOcMREQPVTHC.h9xbssvyTHUmgsgnJH.e', NULL, NULL, NULL, 'A', NULL, '2022-10-18 06:33:02', 'N', 0, NULL, NULL, 0, NULL, '', 0, NULL, NULL, '2022-09-30 04:05:08', '2022-10-18 06:33:02', NULL),
(5, 38, 2, 'CA', 'df', 'Admin', 'client01.clientapp@yopmail.com', '$2y$10$umfaovFrDPfVm1cIiflhS.AyxIVpW./wEHjdcSv0QgutNbMijDrbS', NULL, '1233123123', NULL, 'A', '2022-10-20 01:31:04', '2022-10-20 02:27:01', 'N', 1, 'no', 'mail', 0, '2022-11-15 01:33:00', 'mvG8PjioioSjd0w', 0, '2022-11-03 10:05:00', '2022-11-01 02:27:00', '2022-09-30 04:06:44', '2022-11-15 05:47:56', NULL),
(6, 39, NULL, 'CA', 'Super', 'Admin', 'test444@gmail.com', '$2y$10$oP4gd1gljTM7IOhJoXykSOlx6KjlrWnUubWUoto8uD0Yx7PBsd/x2', NULL, NULL, NULL, 'A', NULL, NULL, 'N', 0, NULL, NULL, 0, NULL, '', 0, NULL, NULL, '2022-09-30 04:12:59', NULL, NULL),
(7, 40, NULL, 'CA', 'Super', 'Admin', 'admin45bbb6@admin.com', '$2y$10$YoJ.mswNVa.PMocX4lCfN.QTHQWSvdQIZJvhs4zVILAojtFwJu0v2', NULL, NULL, NULL, 'A', NULL, NULL, 'N', 0, NULL, NULL, 0, NULL, '', 0, NULL, NULL, '2022-09-30 04:13:23', NULL, NULL),
(8, 41, NULL, 'CA', 'Super', 'Admin', 'testtyui@gmail.com', '$2y$10$vHUTobuhCiCrt2ycoxYreudJCN/zxCcOuo/ROziMI33cmae4CI0nG', NULL, NULL, NULL, 'I', '2022-11-15 04:44:51', '2022-11-02 02:25:49', 'N', 0, NULL, NULL, 0, NULL, '', 0, NULL, NULL, '2022-09-30 04:14:15', '2022-11-15 04:44:51', NULL),
(9, 42, NULL, 'CA', 'Super', 'Admin', 'test44444@gmail.com', '$2y$10$mbnfQG2cCA9mM51oDILZ2OOvx5z5ePI7C5yb/7s5lvtnoylJletIO', NULL, NULL, NULL, 'A', NULL, NULL, 'N', 0, NULL, NULL, 0, NULL, '', 0, NULL, NULL, '2022-10-03 04:37:34', NULL, NULL),
(10, 44, NULL, 'CA', 'Super', 'Admin', 'test444@gmail.com', '$2y$10$Y..MocP7bY8MPo5Ld8O6cunwC6QpzEkT0X9jsqRB76.BrchtuBqam', NULL, NULL, NULL, 'A', NULL, NULL, 'N', 0, 'yes', 'mail', 0, NULL, '', 0, NULL, NULL, '2022-10-03 04:42:04', NULL, NULL),
(11, 33, 1, 'A', 'asdsadasd', 'asdasdasd', 'adsadsopob@gmail.com', '$2y$10$4sbmYONaDqPsZ5FijfejtOytqWdK/wyI6ITHHx/Pr4zybXNolBhuq', NULL, '123123126', 1, 'I', '2022-11-03 09:46:04', '2022-11-03 02:42:46', 'N', 0, 'yes', 'mail', 0, NULL, '', 0, NULL, NULL, '2022-10-03 08:55:03', '2022-11-03 09:46:04', NULL),
(12, 33, 2, 'A', 'addsadadasd', 'asdsadsad', 'asdasd@gmail.com', '$2y$10$SjTN/npCsFvTsQN0KBX5tuKzbjWv5tocS9cuvxZxnRQNcetXjFP82', NULL, NULL, 1, 'A', '2022-10-20 04:07:14', '2022-10-20 04:07:18', 'N', 0, 'yes', 'mail', 0, NULL, '', 0, NULL, NULL, '2022-10-03 09:01:53', '2022-10-20 04:07:18', NULL),
(13, 33, 2, 'A', 'asdasdasd', 'asdasdasd', 'asdasd343@gmail.com', '$2y$10$nfdIvltDI4M92uatZSd0rOwvUEkTuvjQJ4cByaMHGhBj.hPepVOi2', NULL, '1231231244', 1, 'A', '2022-10-20 04:07:14', '2022-10-20 04:07:18', 'N', 0, 'yes', 'mail', 0, NULL, '', 0, NULL, NULL, '2022-10-03 09:42:27', '2022-10-20 04:07:18', NULL),
(14, 73, NULL, 'CA', 'Super', 'Admin', 'test444454544@gmail.com', '$2y$10$ehhgtWgy8Qd9RMaUuCUieeE6Aywt31tWXUObHmB/ufd5lwHYqSvfK', NULL, NULL, NULL, 'A', NULL, NULL, 'N', 0, 'yes', 'mail', 0, NULL, '', 0, NULL, NULL, '2022-10-04 09:52:37', NULL, NULL),
(15, 98, NULL, 'CA', 'Super', 'Admin', 'test45mmm@gmail.com', '$2y$10$MOz18NdbpWvOY/S5ladtCunaib.eOHPlhel0ggnBZxNELCVGxR5bG', NULL, NULL, NULL, 'A', NULL, NULL, 'N', 0, 'no', NULL, 0, NULL, '', 0, NULL, NULL, '2022-10-07 06:27:16', NULL, NULL),
(16, 99, NULL, 'CA', 'Super', 'Admin', 'test5444@gmail.com', '$2y$10$rcGCcmEnh0psxXFXibPQnulmnOHLc.abbYiGwT361okkr5wKvlkmK', NULL, NULL, NULL, 'A', NULL, NULL, 'N', 0, 'no', NULL, 0, NULL, '', 0, NULL, NULL, '2022-10-07 06:35:24', '2022-10-07 06:35:24', NULL),
(17, 101, NULL, 'CA', 'Super', 'Admin', 'testtytbhilmui@gmail.com', '$2y$10$UC2fvsHvWTo70qSg292wtuUX4IZyPJf8m3zgu7GH5R4Oh5KhBurWK', NULL, NULL, NULL, 'A', NULL, NULL, 'N', 0, 'no', NULL, 0, NULL, '', 0, NULL, NULL, '2022-10-07 06:38:09', '2022-10-07 06:38:09', NULL),
(18, 102, NULL, 'CA', 'Super', 'Admin', 'testtytopppi@gmail.com', '$2y$10$3Tp5j1ZOwECNGsF5TXvTVeXXmRJGvN.SqOda8h.Bz4XsQDrP0Kq1e', NULL, NULL, NULL, 'A', NULL, NULL, 'N', 0, 'no', NULL, 0, NULL, '', 0, NULL, NULL, '2022-10-07 06:47:22', '2022-10-07 06:47:22', NULL),
(19, 117, NULL, 'CA', 'Super', 'Admin', 'testioplkjh123@gmail.com', '$2y$10$lnID3E6nYEWDVCqyslW4B.4MwvpY1zCDSsQwM9h8VnwbTOF8EWxhi', NULL, '', 0, 'A', NULL, NULL, 'N', 0, 'no', NULL, 0, NULL, '', 0, NULL, NULL, '2022-10-11 05:33:08', '2022-10-11 05:33:08', NULL),
(20, 33, 1, 'A', 'asdasdsad', 'asdasdsad', 'adsadsa@gmail.com', '$2y$10$vhbbHYfLF4WV3TIxh3yp7OWTx3EyzoL5wEXg9VxlamFhF51liDpRO', NULL, '12312312', 1, 'A', '2022-10-20 04:07:14', '2022-10-20 04:07:18', 'N', 0, 'yes', 'mail', 0, NULL, '', 0, NULL, NULL, '2022-10-11 06:29:12', '2022-10-20 04:07:18', NULL),
(21, 33, 1, 'A', 'asdasdsad', 'asdasdsad', 'adsadsa3443555@gmail.com', '$2y$10$ndIL40d5aM9D3CPbIt81W.bzhUdz1ih1TM4I3iwEhtxyXWqqhiC0y', NULL, '12312312', 1, 'A', '2022-10-20 04:07:14', '2022-10-20 04:07:18', 'N', 0, 'yes', 'mail', 0, NULL, '', 0, NULL, NULL, '2022-10-11 06:33:53', '2022-10-20 04:07:18', NULL),
(22, 118, NULL, 'CA', 'Super', 'Admin', 'test4343@gmail.com', '$2y$10$XU89vSXF74R6Iswe0.4jSOdBvzZq5wkoXnQG6zghR2Q116BNurd7O', NULL, '', NULL, 'A', NULL, NULL, 'N', 0, 'no', NULL, 0, NULL, '', 0, NULL, NULL, '2022-10-11 06:39:00', '2022-10-11 06:39:00', NULL),
(23, 33, 1, 'A', 'adasdsad', 'asdasd', 'asdasd3opllk@gmail.com', '$2y$10$RsDelTQvtRvWjS0Pq8Cy7u4tsksg7FzE8.a2QCFBM9Cf8YghIE5Pe', NULL, '123123124545', 1, 'A', '2022-10-20 04:07:14', '2022-10-20 04:07:18', 'N', 0, 'yes', 'mail', 0, NULL, '', 0, NULL, NULL, '2022-10-11 09:31:00', '2022-10-20 04:07:18', NULL),
(24, 122, NULL, 'CA', 'Super', 'Admin', 'testp0909j@gmail.com', '$2y$10$R82SDkYAcE.H0xH3qdKdReu.k3gJBf4BTqhrXeHdbsBIJbHw4eY.i', NULL, '', NULL, 'A', NULL, NULL, 'N', 0, 'no', NULL, 0, NULL, '', 0, NULL, NULL, '2022-10-13 04:04:34', '2022-10-13 04:04:34', NULL),
(25, 123, NULL, 'CA', 'Super', 'Admin', 'testttttt@gmail.com', '$2y$10$i2etCZ8YqqFC3nXn1yWd6eVaUYGI0YFa9LFu72iyvt7kvtyTV6xv6', NULL, '', NULL, 'A', NULL, NULL, 'N', 0, 'no', NULL, 0, NULL, '', 0, NULL, NULL, '2022-10-14 06:32:44', '2022-10-14 06:32:44', NULL),
(26, 127, NULL, 'CA', 'Super', 'Admin', 'check56@gmail.com', '$2y$10$3zthbQvBquspTvn14u883e/BUuLKlnwRywxhqPLoq9OaydE74L4Yi', NULL, '', NULL, 'A', NULL, NULL, 'N', 0, 'no', NULL, 0, NULL, '', 0, NULL, NULL, '2022-10-19 05:11:14', '2022-10-19 05:11:14', NULL),
(27, 130, NULL, 'CA', 'Super', 'Admin', 'sfdas@f11a.com', '$2y$10$ZIQN9f71FAjkoK7/EuXGNOBD7HTd..DA2FX5/fJjkmG0zOzjIxnH2', NULL, '', NULL, 'A', NULL, NULL, 'N', 0, 'no', NULL, 0, NULL, '', 0, NULL, NULL, '2022-10-19 06:26:31', '2022-10-19 06:26:31', NULL),
(28, 130, NULL, 'CA', 'Super', 'Admin', 'sfdas@f11a.com', '$2y$10$bdO0INmijO5iVvy8GsVTBeZ0R9OQz.6cgGocaiOMG75stAib782Cq', NULL, '', NULL, 'A', NULL, NULL, 'N', 0, 'no', NULL, 0, NULL, '', 0, NULL, NULL, '2022-10-19 06:29:10', '2022-10-19 06:29:10', NULL),
(29, 130, NULL, 'CA', 'Super', 'Admin', 'sfdas@f11a.com', '$2y$10$nGdCc2C9cwZCasbMeXyBduge133eN71Z74Va5DzC9A.6l0B54NG5a', NULL, '', NULL, 'A', NULL, NULL, 'N', 0, 'no', NULL, 0, NULL, '', 0, NULL, NULL, '2022-10-19 06:29:38', '2022-10-19 06:29:38', NULL),
(30, 130, NULL, 'CA', 'Super', 'Admin', 'sfdas@f11a.com', '$2y$10$cTqFn5i8lO4qFHsJDiknE.t8vGN1y2/kX4ltOSN3lPXRwlxjOMBoG', NULL, '', NULL, 'A', NULL, NULL, 'N', 0, 'no', NULL, 0, NULL, '', 0, NULL, NULL, '2022-10-19 06:30:11', '2022-10-19 06:30:11', NULL),
(31, 130, NULL, 'CA', 'Super', 'Admin', 'sfdas@f11a.com', '$2y$10$k8B1ucNCq7l2ZpctwD8X2eB3oEL5R9A7xM238W1KhKm.ZGAFWDW/G', NULL, '', NULL, 'A', NULL, NULL, 'N', 0, 'no', NULL, 0, NULL, '', 0, NULL, NULL, '2022-10-19 06:30:42', '2022-10-19 06:30:42', NULL),
(32, 130, NULL, 'CA', 'Super', 'Admin', 'sfdas@f11a.com', '$2y$10$d72Cwb9Vx2D8Z/1gqgZLGuxbH/XvCjif.Cr7ELNjbiYlvefUb2UQ.', NULL, '', NULL, 'A', NULL, NULL, 'N', 0, 'no', NULL, 0, NULL, '', 0, NULL, NULL, '2022-10-19 06:39:17', '2022-10-19 06:39:17', NULL),
(33, 131, NULL, 'CA', 'Super', 'Admin', 'test44plplp@gmail.com', '$2y$10$paR52ivWdwjvGjaW33eijO5lMJTKErA8pphdtsKxNbZ5MfDQYK8DS', NULL, '', NULL, 'A', NULL, NULL, 'N', 0, 'no', NULL, 0, NULL, '', 0, NULL, NULL, '2022-10-19 06:51:36', '2022-10-19 06:51:36', NULL),
(34, 132, NULL, 'CA', 'Super', 'Admin', 'test4oplkkj@gmail.com', '$2y$10$6NLRfF1hfTEO1DV6zLL/luMNORmXVLAX9M6w.Gurm/rxJ1b5nexB6', NULL, '', NULL, 'A', NULL, NULL, 'N', 0, 'no', NULL, 0, NULL, '', 0, NULL, NULL, '2022-10-19 06:54:32', '2022-10-19 06:54:32', NULL),
(35, 133, NULL, 'CA', 'Super', 'Admin', 'check78@gmail.com', '$2y$10$lGmYWvGbvQJtO9uAzqYBaOsOhKxrgnZjXKcA3ArhFSH2K1OCP19Ge', NULL, '', NULL, 'A', NULL, NULL, 'N', 0, 'no', NULL, 0, NULL, '', 0, NULL, NULL, '2022-10-19 06:55:24', '2022-10-19 06:55:24', NULL),
(36, 33, 1, 'A', 'neymar', 'jr', 'neymarjr@gmail.com', '$2y$10$L2qyQCIEVnPTXzHJ3C5RrOzmFxzh3aZ/YVhTSIq4qcV70.heNY7Ye', NULL, '123123123123', 1, 'A', '2022-10-20 04:07:14', '2022-10-20 04:07:18', 'N', 0, 'yes', 'mail_sms', 0, NULL, '', 0, NULL, NULL, '2022-10-19 08:36:14', '2022-10-20 04:07:18', NULL),
(37, 134, NULL, 'CA', 'Super', 'Admin', 'check09888@gmail.com', '$2y$10$svdrkuRbmdFzjpo01PJt0.PiPcjq8F18oEfM8Icza5AiJLhm4kpZ2', NULL, '', NULL, 'A', NULL, NULL, 'N', 0, 'no', NULL, 0, NULL, '', 0, NULL, NULL, '2022-10-20 01:08:54', '2022-10-20 01:08:54', NULL),
(38, 135, NULL, 'CA', 'Super', 'Admin', 'test222@mainator.com', '$2y$10$ZmeeALUwDJiIzNm0JEgbIuKcminziNnFelEhCqScQDyrDmes6AXMO', NULL, '', NULL, 'A', NULL, NULL, 'N', 1, 'yes', 'mail', 0, '0000-00-00 00:00:00', '0sF8U6F97Ekrw26', 0, '2022-11-02 01:54:00', '2022-11-01 05:07:00', '2022-11-01 03:57:19', '2022-11-02 01:54:52', NULL),
(39, 135, 2, 'A', 'test ', 'one', 'testone@mail.com', '$2y$10$N5Ory74SFr4pRFcEUx3Aq.jrtaXOitVWlcXyFZTDS7V2zbOajNdEi', NULL, '434312131321', 38, 'A', NULL, NULL, 'N', 0, 'yes', 'mail', 0, NULL, '', 0, NULL, NULL, '2022-11-01 06:11:14', '2022-11-01 06:11:14', NULL),
(40, 136, NULL, 'CA', 'Super', 'Admin', 'developer@gmail.com', '$2y$10$EnD0nB.gKvmMLPlft/u1yeQW5eSkwL08lBHDJ.Nd9FnZpO4wPcb0O', NULL, '', NULL, 'A', NULL, NULL, 'N', 0, 'yes', 'mail', 0, NULL, '', 0, NULL, NULL, '2022-11-01 07:05:05', '2022-11-01 07:05:05', NULL),
(41, 38, 1, 'A', 'testnew', 'one', 'testnewone@mail.com', '$2y$10$BDciqCojA3J9VjO45dQ4mOP3JD.QmOQkEjRdvD5qkDBMkXMArX4/q', NULL, '5646431313', 5, 'A', '2022-11-03 09:38:56', '2022-11-04 08:50:23', 'N', 0, 'no', NULL, 0, NULL, '', 0, NULL, NULL, '2022-11-01 08:22:17', '2022-11-04 08:50:23', NULL),
(42, 0, NULL, 'CA', 'Super', 'Admin', 'ytyty@gmail.com', '$2y$10$nN3azj7FUODG3b2VU89l1.fkUd8culDgv/jEEmylSyf0BrYlpM5cu', NULL, '', NULL, 'A', NULL, NULL, 'N', 0, 'no', NULL, 0, NULL, '', 0, NULL, NULL, '2022-11-02 06:58:15', '2022-11-02 06:58:15', NULL),
(43, 137, NULL, 'CA', 'Super', 'Admin', 'gabrielbarbosa45@gmail.com', '$2y$10$kTmRkbiE0qIJYjrHsHdn7eMRFdvK6wFZ1Zcr.jOTkT1M2MuF3/Fa.', NULL, '', NULL, 'A', NULL, NULL, 'N', 0, 'no', NULL, 0, NULL, '', 0, NULL, NULL, '2022-11-03 05:54:41', '2022-11-03 05:54:41', NULL),
(44, 33, NULL, 'A', 'asdsad', 'asdasd', 'asdasdnnn343@gmail.com', '$2y$10$kc2HgmHA7b7klOAqz69m5uddQSbSFNLhBGruDa7ZdBYMucgqJ/xBC', NULL, '43543543', 1, 'A', NULL, NULL, 'N', 0, 'no', NULL, 0, NULL, '', 0, NULL, NULL, '2022-11-03 08:47:38', '2022-11-03 08:47:38', NULL),
(45, 138, NULL, 'CA', 'Super', 'Admin', 'sdf', '$2y$10$GmwKgzmrNg8niDa2cqVF6uHxMct.TPW9YnzwfaiSWTNU5f9UhTwfa', NULL, '', NULL, 'A', NULL, NULL, 'N', 0, 'yes', 'mail', 0, NULL, '', 0, NULL, NULL, '2022-11-03 09:36:19', '2022-11-03 09:36:19', NULL),
(46, 38, 1, 'A', 'admin ', 'two', 'admintwo@sample.com', '$2y$10$10rWII737hv59yzFWBMW8eUHRjXIpDpo1bUyG0CeKEQ5BXHJICBs2', NULL, '65613231231', 5, 'A', NULL, NULL, 'N', 0, 'yes', 'mail_sms', 0, NULL, '', 0, NULL, NULL, '2022-11-03 09:38:49', '2022-11-03 09:38:49', NULL),
(47, 139, NULL, 'CA', 'Super', 'Admin', 'testvbvbvb@gktest.com', '$2y$10$D3LcmEsyInSX4Yq05Ky0QOcj7oBcskCvrhYkmyR9.6iGTsGrcdi56', NULL, '', NULL, 'A', NULL, NULL, 'N', 0, 'no', NULL, 0, NULL, '', 0, NULL, NULL, '2022-11-15 01:00:34', '2022-11-15 01:00:34', NULL);

-- --------------------------------------------------------

--
-- Table structure for table `client_department`
--

CREATE TABLE `client_department` (
  `department_id` int(10) UNSIGNED NOT NULL,
  `client_id` int(11) NOT NULL,
  `department_name` varchar(50) NOT NULL,
  `department_code` varchar(10) NOT NULL,
  `department_order` int(11) NOT NULL,
  `department_status` varchar(1) NOT NULL DEFAULT 'A',
  `created_by` int(11) DEFAULT NULL,
  `created_at` datetime DEFAULT NULL,
  `updated_at` datetime DEFAULT NULL,
  `deleted_at` datetime DEFAULT NULL
);

--
-- Dumping data for table `client_department`
--

INSERT INTO `client_department` (`department_id`, `client_id`, `department_name`, `department_code`, `department_order`, `department_status`, `created_by`, `created_at`, `updated_at`, `deleted_at`) VALUES
(4, 0, 'm', 'n', 0, 'A', NULL, '2022-10-04 05:40:19', '2022-10-18 06:04:04', '2022-10-18 06:04:04'),
(5, 0, 'bgjhghj', 'hjkjhk', 0, 'A', NULL, '2022-10-07 02:20:20', '2022-11-03 09:48:27', NULL),
(6, 0, 'test new1', 'asdsa', 0, 'A', NULL, '2022-10-07 02:20:53', '2022-10-18 05:28:45', NULL),
(7, 0, 'sxada', 'adsasf', 0, 'A', NULL, '2022-10-07 02:21:20', '2022-11-03 09:48:31', NULL),
(8, 0, 'ddd', 'ff', 0, 'A', NULL, '2022-10-07 02:30:20', '2022-10-07 02:52:30', NULL),
(9, 0, 'Asadasdas', 'asdsadsad', 0, 'A', NULL, '2022-10-17 05:42:46', '2022-10-17 05:42:46', NULL),
(10, 0, 'Test', 'adsadsa', 0, 'A', NULL, '2022-10-17 05:50:13', '2022-10-17 05:50:13', NULL),
(11, 0, 'rtyuiopopopo', 'adsa343', 0, 'A', NULL, '2022-10-17 05:51:27', '2022-10-17 05:51:27', NULL),
(12, 0, 'asdasd', 'asdasd', 0, 'A', NULL, '2022-10-17 05:51:46', '2022-10-17 05:51:46', NULL),
(13, 0, 'adasd', 'asdsad', 0, 'A', NULL, '2022-10-17 05:52:36', '2022-10-17 05:52:36', NULL),
(14, 0, 'adsad', 'asdsa54', 0, 'A', NULL, '2022-10-17 05:53:27', '2022-10-20 08:56:28', '2022-10-20 08:56:28'),
(15, 0, 'sadasdsad', 'sadasdas', 0, 'A', NULL, '2022-10-17 05:54:17', '2022-10-20 08:56:37', '2022-10-20 08:56:37'),
(16, 0, 'asdsad', 'asdsad', 0, 'A', NULL, '2022-10-17 05:54:58', '2022-10-17 08:36:48', NULL),
(17, 0, 'nesto', 'NSTO', 0, 'A', NULL, '2022-10-17 05:55:21', '2022-10-17 08:47:17', NULL),
(18, 0, 'Uio', 'asd45', 0, 'A', NULL, '2022-10-17 05:59:28', '2022-10-17 08:36:53', NULL),
(19, 0, 'asddasd', 'sadasd', 0, 'A', NULL, '2022-10-17 06:01:04', '2022-10-17 06:01:04', NULL),
(20, 0, 'asdsad', 'sadsad', 0, 'A', NULL, '2022-10-17 06:59:10', '2022-10-17 06:59:10', NULL),
(21, 0, 'asdsadsad', 'asssssssss', 0, 'A', NULL, '2022-10-17 07:42:41', '2022-10-17 07:42:41', NULL),
(22, 0, 'adsdasd', 'asdsad', 0, 'A', NULL, '2022-10-17 08:46:46', '2022-10-17 08:46:46', NULL),
(23, 0, 'asdasd', 'asdasd', 0, 'A', NULL, '2022-10-18 06:42:51', '2022-10-18 06:42:51', NULL);

-- --------------------------------------------------------

--
-- Table structure for table `client_designation`
--

CREATE TABLE `client_designation` (
  `designation_id` int(10) UNSIGNED NOT NULL,
  `department_id` int(11) NOT NULL,
  `designation_name` varchar(50) NOT NULL,
  `designation_key` varchar(50) NOT NULL,
  `designation_permissions` varchar(100) NOT NULL,
  `created_by` int(11) DEFAULT NULL,
  `created_at` datetime DEFAULT NULL,
  `updated_at` datetime DEFAULT NULL,
  `deleted_at` datetime DEFAULT NULL
);

--
-- Dumping data for table `client_designation`
--

INSERT INTO `client_designation` (`designation_id`, `department_id`, `designation_name`, `designation_key`, `designation_permissions`, `created_by`, `created_at`, `updated_at`, `deleted_at`) VALUES
(2, 8, 'ntest', '', '', NULL, '2022-10-07 04:56:09', '2022-11-03 09:46:34', NULL),
(3, 4, 'new edit', '', '', NULL, '2022-10-10 02:11:11', '2022-10-18 06:04:04', '2022-10-18 06:04:04'),
(4, 17, 'test new1', '', '', NULL, '2022-10-10 02:11:40', '2022-10-18 05:24:31', NULL),
(5, 7, 'test nwww', '', '', NULL, '2022-10-10 02:11:54', '2022-10-18 02:32:56', NULL),
(6, 6, 'dsadsad', '', '', NULL, '2022-10-18 02:47:11', '2022-10-18 05:24:24', '2022-10-18 05:24:24'),
(7, 6, 'asdasdsa', '', '', NULL, '2022-10-18 05:25:27', '2022-10-18 05:25:27', NULL),
(8, 6, 'fdasdsad', '', '', NULL, '2022-10-18 05:26:12', '2022-10-18 05:26:12', NULL),
(9, 18, 'aasdsad', '', '', NULL, '2022-10-18 06:20:17', '2022-10-18 06:30:52', NULL),
(10, 19, 'asdsad', '', '', NULL, '2022-10-18 06:43:00', '2022-10-18 06:43:00', NULL),
(11, 19, 'test new1', '', '', NULL, '2022-10-18 06:43:28', '2022-10-18 06:43:28', NULL),
(12, 20, 'adsdasd', '', '', NULL, '2022-10-18 06:54:03', '2022-10-18 06:54:03', NULL),
(13, 19, 'Test44', '', '', NULL, '2022-10-18 06:54:17', '2022-10-20 08:58:35', '2022-10-20 08:58:35'),
(14, 20, 'test new1', '', '', NULL, '2022-10-18 06:55:02', '2022-10-20 08:58:40', '2022-10-20 08:58:40'),
(15, 18, 'asdasd', '', '', NULL, '2022-10-18 06:55:26', '2022-10-18 06:55:26', NULL),
(16, 18, 'asdsad', '', '', NULL, '2022-10-18 06:56:37', '2022-10-18 06:56:37', NULL),
(17, 16, 'asdsad', '', '', NULL, '2022-10-18 06:57:15', '2022-10-18 06:57:15', NULL),
(18, 20, 'sdasd', '', '', NULL, '2022-10-18 06:57:45', '2022-10-18 06:57:45', NULL),
(19, 15, 'asdasd', '', '', NULL, '2022-10-18 06:57:56', '2022-10-20 08:56:37', '2022-10-20 08:56:37'),
(20, 20, 'asdsad', '', '', NULL, '2022-10-18 07:01:03', '2022-10-18 07:01:03', NULL),
(21, 5, 'test', '', '', NULL, '2022-11-01 10:32:24', '2022-11-01 10:32:24', NULL);

-- --------------------------------------------------------

--
-- Table structure for table `client_logs`
--

CREATE TABLE `client_logs` (
  `id` int(10) UNSIGNED NOT NULL,
  `done_by` int(11) NOT NULL,
  `role` varchar(50) NOT NULL,
  `action` varchar(100) NOT NULL,
  `note` text,
  `created_at` datetime DEFAULT NULL,
  `updated_at` datetime DEFAULT NULL,
  `deleted_at` datetime DEFAULT NULL
);

--
-- Dumping data for table `client_logs`
--

INSERT INTO `client_logs` (`id`, `done_by`, `role`, `action`, `note`, `created_at`, `updated_at`, `deleted_at`) VALUES
(1, 1, 'SA', 'Disabled Successfully.', NULL, '2022-10-12 04:37:40', '2022-10-12 04:37:40', NULL),
(2, 1, 'SA', 'Client Enabled.', NULL, '2022-10-12 04:39:05', '2022-10-12 04:39:05', NULL),
(3, 1, 'SA', 'Client Enabled.', NULL, '2022-10-12 07:44:22', '2022-10-12 07:44:22', NULL),
(4, 1, 'SA', 'Client Disabled.', NULL, '2022-10-12 07:44:42', '2022-10-12 07:44:42', NULL),
(5, 1, 'SA', 'Client Enabled.', NULL, '2022-10-12 08:40:10', '2022-10-12 08:40:10', NULL),
(6, 1, 'SA', 'Client Disabled.', NULL, '2022-10-12 08:40:16', '2022-10-12 08:40:16', NULL),
(7, 1, 'SA', 'Client Details Updated.', NULL, '2022-10-13 01:01:53', '2022-10-13 01:01:53', NULL),
(8, 1, 'SA', 'Client Details Updated.', NULL, '2022-10-13 01:02:33', '2022-10-13 01:02:33', NULL),
(9, 1, 'SA', 'Client Details Updated.', NULL, '2022-10-13 01:02:44', '2022-10-13 01:02:44', NULL),
(10, 1, 'SA', 'Client Details Updated.', NULL, '2022-10-13 01:05:48', '2022-10-13 01:05:48', NULL),
(11, 1, 'SA', 'Client Details Updated.', NULL, '2022-10-13 01:06:10', '2022-10-13 01:06:10', NULL),
(12, 1, 'SA', 'Client Details Updated.', NULL, '2022-10-13 01:06:39', '2022-10-13 01:06:39', NULL),
(13, 1, 'SA', 'Client Details Updated.', NULL, '2022-10-13 01:11:55', '2022-10-13 01:11:55', NULL),
(14, 1, 'SA', 'Client Details Updated.', NULL, '2022-10-13 01:12:12', '2022-10-13 01:12:12', NULL),
(15, 1, 'SA', 'Client Details Updated.', NULL, '2022-10-13 01:14:13', '2022-10-13 01:14:13', NULL),
(16, 1, 'SA', 'Client Details Updated.', NULL, '2022-10-13 01:20:10', '2022-10-13 01:20:10', NULL),
(17, 1, 'SA', 'Client Enabled.', NULL, '2022-10-13 01:27:45', '2022-10-13 01:27:45', NULL),
(18, 1, 'SA', 'Client Disabled.', NULL, '2022-10-13 01:28:58', '2022-10-13 01:28:58', NULL),
(19, 1, 'SA', 'Client Enabled.', NULL, '2022-10-13 01:29:02', '2022-10-13 01:29:02', NULL),
(20, 1, 'SA', 'Client Details Updated.', NULL, '2022-10-13 03:54:43', '2022-10-13 03:54:43', NULL),
(21, 1, 'SA', 'Client Created.', NULL, '2022-10-13 04:04:34', '2022-10-13 04:04:34', NULL),
(22, 1, 'SA', 'Client Details Updated.', NULL, '2022-10-13 04:48:11', '2022-10-13 04:48:11', NULL),
(23, 1, 'SA', 'Client Details Updated.', NULL, '2022-10-13 05:22:25', '2022-10-13 05:22:25', NULL),
(24, 1, 'SA', 'Client Details Updated.', NULL, '2022-10-13 05:30:43', '2022-10-13 05:30:43', NULL),
(25, 1, 'SA', 'Client Details Updated.', NULL, '2022-10-13 05:35:34', '2022-10-13 05:35:34', NULL),
(26, 1, 'SA', 'Client Details Updated.', NULL, '2022-10-13 05:50:24', '2022-10-13 05:50:24', NULL),
(27, 1, 'SA', 'Client Details Updated.', NULL, '2022-10-13 05:51:16', '2022-10-13 05:51:16', NULL),
(28, 1, 'SA', 'Api Credential Updated.', NULL, '2022-10-13 09:18:18', '2022-10-13 09:18:18', NULL),
(29, 1, 'SA', 'Api Credential Updated.', NULL, '2022-10-13 09:27:40', '2022-10-13 09:27:40', NULL),
(30, 1, 'SA', 'Client Details Updated.', NULL, '2022-10-14 01:17:17', '2022-10-14 01:17:17', NULL),
(31, 1, 'SA', 'Client Details Updated.', NULL, '2022-10-14 01:17:38', '2022-10-14 01:17:38', NULL),
(32, 1, 'SA', 'Client Details Updated.', NULL, '2022-10-14 01:17:46', '2022-10-14 01:17:46', NULL),
(33, 1, 'SA', 'Client Details Updated.', NULL, '2022-10-14 01:32:32', '2022-10-14 01:32:32', NULL),
(34, 1, 'SA', 'Client Details Updated.', NULL, '2022-10-14 01:34:18', '2022-10-14 01:34:18', NULL),
(35, 1, 'SA', 'Client Details Updated.', NULL, '2022-10-14 01:35:23', '2022-10-14 01:35:23', NULL),
(36, 1, 'SA', 'Client Details Updated.', NULL, '2022-10-14 01:35:47', '2022-10-14 01:35:47', NULL),
(37, 1, 'SA', 'Client Details Updated.', NULL, '2022-10-14 01:36:01', '2022-10-14 01:36:01', NULL),
(38, 1, 'SA', 'Client Details Updated.', NULL, '2022-10-14 01:36:17', '2022-10-14 01:36:17', NULL),
(39, 1, 'SA', 'Client Details Updated.', NULL, '2022-10-14 01:36:27', '2022-10-14 01:36:27', NULL),
(40, 1, 'SA', 'Client Details Updated.', NULL, '2022-10-14 01:39:00', '2022-10-14 01:39:00', NULL),
(41, 1, 'SA', 'Client Details Updated.', NULL, '2022-10-14 01:39:57', '2022-10-14 01:39:57', NULL),
(42, 1, 'SA', 'Client Details Updated.', NULL, '2022-10-14 01:40:11', '2022-10-14 01:40:11', NULL),
(43, 1, 'SA', 'Client Details Updated.', NULL, '2022-10-14 01:40:21', '2022-10-14 01:40:21', NULL),
(44, 1, 'SA', 'Client Disabled.', NULL, '2022-10-14 01:54:32', '2022-10-14 01:54:32', NULL),
(45, 1, 'SA', 'Client Enabled.', NULL, '2022-10-14 01:55:42', '2022-10-14 01:55:42', NULL),
(46, 1, 'SA', 'Client Disabled.', NULL, '2022-10-14 02:03:27', '2022-10-14 02:03:27', NULL),
(47, 1, 'SA', 'Client Disabled.', NULL, '2022-10-14 02:07:57', '2022-10-14 02:07:57', NULL),
(48, 1, 'SA', 'Client Disabled.', NULL, '2022-10-14 02:08:08', '2022-10-14 02:08:08', NULL),
(49, 1, 'SA', 'Client Enabled.', NULL, '2022-10-14 02:08:14', '2022-10-14 02:08:14', NULL),
(50, 1, 'SA', 'Client Enabled.', NULL, '2022-10-14 02:15:25', '2022-10-14 02:15:25', NULL),
(51, 1, 'SA', 'Client Enabled.', NULL, '2022-10-14 02:16:31', '2022-10-14 02:16:31', NULL),
(52, 1, 'SA', 'Api Credential Updated.', NULL, '2022-10-14 04:11:12', '2022-10-14 04:11:12', NULL),
(53, 1, 'SA', 'Api Credential Updated.', NULL, '2022-10-14 04:11:35', '2022-10-14 04:11:35', NULL),
(54, 1, 'SA', 'Api Credential Updated.', NULL, '2022-10-14 04:12:43', '2022-10-14 04:12:43', NULL),
(55, 1, 'SA', 'Api Credential Updated.', NULL, '2022-10-14 05:52:34', '2022-10-14 05:52:34', NULL),
(56, 1, 'SA', 'Client Details Updated.', NULL, '2022-10-14 06:07:16', '2022-10-14 06:07:16', NULL),
(57, 1, 'SA', 'Client Details Updated.', NULL, '2022-10-14 06:08:13', '2022-10-14 06:08:13', NULL),
(58, 1, 'SA', 'Client Details Updated.', NULL, '2022-10-14 06:10:40', '2022-10-14 06:10:40', NULL),
(59, 1, 'SA', 'Api Credential Updated.', NULL, '2022-10-14 06:26:26', '2022-10-14 06:26:26', NULL),
(60, 1, 'SA', 'Api Credential Updated.', NULL, '2022-10-14 06:26:45', '2022-10-14 06:26:45', NULL),
(61, 1, 'SA', 'Api Credential Updated.', NULL, '2022-10-14 06:26:53', '2022-10-14 06:26:53', NULL),
(62, 1, 'SA', 'Api Credential Updated.', NULL, '2022-10-14 06:26:58', '2022-10-14 06:26:58', NULL),
(63, 1, 'SA', 'Api Credential Updated.', NULL, '2022-10-14 06:27:56', '2022-10-14 06:27:56', NULL),
(64, 1, 'SA', 'Api Credential Updated.', NULL, '2022-10-14 06:28:14', '2022-10-14 06:28:14', NULL),
(65, 1, 'SA', 'Api Credential Updated.', NULL, '2022-10-14 06:30:02', '2022-10-14 06:30:02', NULL),
(66, 1, 'SA', 'Client Created.', NULL, '2022-10-14 06:32:44', '2022-10-14 06:32:44', NULL),
(67, 1, 'SA', 'Client Enabled.', NULL, '2022-10-18 06:33:02', '2022-10-18 06:33:02', NULL),
(68, 1, 'SA', 'Client Disabled.', NULL, '2022-10-18 06:36:24', '2022-10-18 06:36:24', NULL),
(69, 1, 'SA', 'Client Enabled.', NULL, '2022-10-18 06:36:32', '2022-10-18 06:36:32', NULL),
(70, 1, 'SA', 'Client Disabled.', NULL, '2022-10-18 06:36:35', '2022-10-18 06:36:35', NULL),
(71, 1, 'SA', 'Client Enabled.', NULL, '2022-10-18 06:36:38', '2022-10-18 06:36:38', NULL),
(72, 1, 'SA', 'Api Credential Updated.', NULL, '2022-10-18 06:40:44', '2022-10-18 06:40:44', NULL),
(73, 1, 'SA', 'Api Credential Updated.', NULL, '2022-10-18 06:41:16', '2022-10-18 06:41:16', NULL),
(74, 1, 'SA', 'Api Credential Updated.', NULL, '2022-10-18 06:43:42', '2022-10-18 06:43:42', NULL),
(75, 1, 'SA', 'Api Credential Updated.', NULL, '2022-10-18 06:44:09', '2022-10-18 06:44:09', NULL),
(76, 1, 'SA', 'Api Credential Updated.', NULL, '2022-10-18 06:44:43', '2022-10-18 06:44:43', NULL),
(77, 1, 'SA', 'Api Credential Updated.', NULL, '2022-10-18 06:44:49', '2022-10-18 06:44:49', NULL),
(78, 1, 'SA', 'Api Credential Updated.', NULL, '2022-10-18 06:45:05', '2022-10-18 06:45:05', NULL),
(79, 1, 'SA', 'Api Credential Updated.', NULL, '2022-10-18 06:45:12', '2022-10-18 06:45:12', NULL),
(80, 1, 'SA', 'Api Credential Updated.', NULL, '2022-10-19 02:26:43', '2022-10-19 02:26:43', NULL),
(81, 1, 'SA', 'Api Credential Updated.', NULL, '2022-10-19 04:53:49', '2022-10-19 04:53:49', NULL),
(82, 1, 'SA', 'Api Credential Updated.', NULL, '2022-10-19 05:04:34', '2022-10-19 05:04:34', NULL),
(83, 1, 'SA', 'Client Created.', NULL, '2022-10-19 05:11:14', '2022-10-19 05:11:14', NULL),
(84, 1, 'SA', 'Client Created.', NULL, '2022-10-19 06:26:31', '2022-10-19 06:26:31', NULL),
(85, 1, 'SA', 'Client Created.', NULL, '2022-10-19 06:29:10', '2022-10-19 06:29:10', NULL),
(86, 1, 'SA', 'Client Created.', NULL, '2022-10-19 06:29:38', '2022-10-19 06:29:38', NULL),
(87, 1, 'SA', 'Client Created.', NULL, '2022-10-19 06:30:11', '2022-10-19 06:30:11', NULL),
(88, 1, 'SA', 'Client Created.', NULL, '2022-10-19 06:30:42', '2022-10-19 06:30:42', NULL),
(89, 1, 'SA', 'Client Created.', NULL, '2022-10-19 06:51:36', '2022-10-19 06:51:36', NULL),
(90, 1, 'SA', 'Client Created.', NULL, '2022-10-19 06:54:32', '2022-10-19 06:54:32', NULL),
(91, 1, 'SA', 'Client Created.', NULL, '2022-10-19 06:55:24', '2022-10-19 06:55:24', NULL),
(92, 1, 'SA', 'Client Details Updated.', NULL, '2022-10-19 07:02:38', '2022-10-19 07:02:38', NULL),
(93, 1, 'SA', 'Client Details Updated.', NULL, '2022-10-19 07:47:13', '2022-10-19 07:47:13', NULL),
(94, 1, 'SA', 'Api Credential Updated.', NULL, '2022-10-19 09:22:45', '2022-10-19 09:22:45', NULL),
(95, 1, 'SA', 'Client Details Updated.', NULL, '2022-10-19 09:30:47', '2022-10-19 09:30:47', NULL),
(96, 1, 'SA', 'Client Details Updated.', NULL, '2022-10-19 09:30:54', '2022-10-19 09:30:54', NULL),
(97, 1, 'SA', 'Client Details Updated.', NULL, '2022-10-19 09:32:36', '2022-10-19 09:32:36', NULL),
(98, 1, 'SA', 'Client Details Updated.', NULL, '2022-10-19 09:32:44', '2022-10-19 09:32:44', NULL),
(99, 1, 'SA', 'Client Details Updated.', NULL, '2022-10-19 09:37:01', '2022-10-19 09:37:01', NULL),
(100, 1, 'SA', 'Api Credential Updated.', NULL, '2022-10-19 09:48:00', '2022-10-19 09:48:00', NULL),
(101, 1, 'SA', 'Client Details Updated.', NULL, '2022-10-19 09:50:38', '2022-10-19 09:50:38', NULL),
(102, 1, 'SA', 'Client Details Updated.', NULL, '2022-10-19 09:52:52', '2022-10-19 09:52:52', NULL),
(103, 1, 'SA', 'Client Details Updated.', NULL, '2022-10-19 09:55:54', '2022-10-19 09:55:54', NULL),
(104, 1, 'SA', 'Client Created.', NULL, '2022-10-20 01:08:54', '2022-10-20 01:08:54', NULL),
(105, 1, 'SA', 'Client Details Updated.', NULL, '2022-10-20 01:17:52', '2022-10-20 01:17:52', NULL),
(106, 1, 'SA', 'Client Disabled.', NULL, '2022-10-20 01:30:37', '2022-10-20 01:30:37', NULL),
(107, 1, 'SA', 'Client Enabled.', NULL, '2022-10-20 01:30:43', '2022-10-20 01:30:43', NULL),
(108, 1, 'SA', 'Client Disabled.', NULL, '2022-10-20 01:31:04', '2022-10-20 01:31:04', NULL),
(109, 1, 'SA', 'Client Disabled.', NULL, '2022-10-20 01:48:10', '2022-10-20 01:48:10', NULL),
(110, 1, 'SA', 'Client Disabled.', NULL, '2022-10-20 01:48:26', '2022-10-20 01:48:26', NULL),
(111, 1, 'SA', 'Client Enabled.', NULL, '2022-10-20 01:48:59', '2022-10-20 01:48:59', NULL),
(112, 1, 'SA', 'Client Disabled.', NULL, '2022-10-20 01:50:48', '2022-10-20 01:50:48', NULL),
(113, 1, 'SA', 'Client Enabled.', NULL, '2022-10-20 01:55:58', '2022-10-20 01:55:58', NULL),
(114, 1, 'SA', 'Client Enabled.', NULL, '2022-10-20 01:56:14', '2022-10-20 01:56:14', NULL),
(115, 1, 'SA', 'Client Disabled.', NULL, '2022-10-20 02:04:56', '2022-10-20 02:04:56', NULL),
(116, 1, 'SA', 'Client Enabled.', NULL, '2022-10-20 02:05:45', '2022-10-20 02:05:45', NULL),
(117, 1, 'SA', 'Client Disabled.', NULL, '2022-10-20 02:24:33', '2022-10-20 02:24:33', NULL),
(118, 1, 'SA', 'Client Enabled.', NULL, '2022-10-20 02:27:01', '2022-10-20 02:27:01', NULL),
(119, 1, 'SA', 'Client Enabled.', NULL, '2022-10-20 02:29:50', '2022-10-20 02:29:50', NULL),
(120, 1, 'SA', 'Client Disabled.', NULL, '2022-10-20 02:30:08', '2022-10-20 02:30:08', NULL),
(121, 1, 'SA', 'Client Enabled.', NULL, '2022-10-20 02:31:52', '2022-10-20 02:31:52', NULL),
(122, 1, 'SA', 'Client Disabled.', NULL, '2022-10-20 02:43:17', '2022-10-20 02:43:17', NULL),
(123, 1, 'SA', 'Client Details Updated.', NULL, '2022-10-20 02:47:32', '2022-10-20 02:47:32', NULL),
(124, 1, 'SA', 'Client Details Updated.', NULL, '2022-10-20 02:47:37', '2022-10-20 02:47:37', NULL),
(125, 1, 'SA', 'Client Details Updated.', NULL, '2022-10-20 02:54:11', '2022-10-20 02:54:11', NULL),
(126, 1, 'SA', 'Client Enabled.', NULL, '2022-10-20 04:04:58', '2022-10-20 04:04:58', NULL),
(127, 1, 'SA', 'Client Disabled.', NULL, '2022-10-20 04:07:14', '2022-10-20 04:07:14', NULL),
(128, 1, 'SA', 'Client Enabled.', NULL, '2022-10-20 04:07:18', '2022-10-20 04:07:18', NULL),
(129, 1, 'SA', 'Client Details Updated.', NULL, '2022-10-20 04:11:37', '2022-10-20 04:11:37', NULL),
(130, 1, 'SA', 'Api Credential Updated.', NULL, '2022-10-20 04:33:38', '2022-10-20 04:33:38', NULL),
(131, 1, 'SA', 'Api Credential Updated.', NULL, '2022-10-20 04:33:44', '2022-10-20 04:33:44', NULL),
(132, 1, 'SA', 'Api Credential Updated.', NULL, '2022-10-20 04:34:05', '2022-10-20 04:34:05', NULL),
(133, 1, 'SA', 'Client Disabled.', NULL, '2022-10-20 04:41:10', '2022-10-20 04:41:10', NULL),
(134, 1, 'SA', 'Client Enabled.', NULL, '2022-10-20 04:45:21', '2022-10-20 04:45:21', NULL),
(135, 1, 'SA', 'Client Disabled.', NULL, '2022-10-20 06:45:57', '2022-10-20 06:45:57', NULL),
(136, 1, 'SA', 'Client Enabled.', NULL, '2022-10-20 06:46:14', '2022-10-20 06:46:14', NULL),
(137, 1, 'SA', 'Client Created.', NULL, '2022-11-01 03:57:20', '2022-11-01 03:57:20', NULL),
(138, 1, 'SA', 'Client Created.', NULL, '2022-11-01 07:05:06', '2022-11-01 07:05:06', NULL),
(139, 1, 'SA', 'Client Details Updated.', NULL, '2022-11-01 07:43:14', '2022-11-01 07:43:14', NULL),
(140, 1, 'SA', 'Client Details Updated.', NULL, '2022-11-01 07:43:20', '2022-11-01 07:43:20', NULL),
(141, 1, 'SA', 'Client Details Updated.', NULL, '2022-11-01 07:43:24', '2022-11-01 07:43:24', NULL),
(142, 1, 'SA', 'Client Details Updated.', NULL, '2022-11-01 07:44:34', '2022-11-01 07:44:34', NULL),
(143, 1, 'SA', 'Client Details Updated.', NULL, '2022-11-01 07:51:38', '2022-11-01 07:51:38', NULL),
(144, 1, 'SA', 'Client Details Updated.', NULL, '2022-11-01 08:10:35', '2022-11-01 08:10:35', NULL),
(145, 1, 'SA', 'Client Details Updated.', NULL, '2022-11-01 08:10:37', '2022-11-01 08:10:37', NULL),
(146, 1, 'SA', 'Client Details Updated.', NULL, '2022-11-01 08:13:33', '2022-11-01 08:13:33', NULL),
(147, 1, 'SA', 'Client Details Updated.', NULL, '2022-11-01 08:13:52', '2022-11-01 08:13:52', NULL),
(148, 1, 'SA', 'Client Details Updated.', NULL, '2022-11-01 08:13:56', '2022-11-01 08:13:56', NULL),
(149, 1, 'SA', 'Client Details Updated.', NULL, '2022-11-01 08:14:34', '2022-11-01 08:14:34', NULL),
(150, 1, 'SA', 'Api Credential Updated.', NULL, '2022-11-01 09:43:41', '2022-11-01 09:43:41', NULL),
(151, 1, 'SA', 'Api Credential Updated.', NULL, '2022-11-01 09:44:30', '2022-11-01 09:44:30', NULL),
(152, 1, 'SA', 'Api Credential Updated.', NULL, '2022-11-01 09:44:52', '2022-11-01 09:44:52', NULL),
(153, 1, 'SA', 'Api Credential Updated.', NULL, '2022-11-01 09:46:54', '2022-11-01 09:46:54', NULL),
(154, 1, 'SA', 'Client Disabled.', NULL, '2022-11-02 02:21:09', '2022-11-02 02:21:09', NULL),
(155, 1, 'SA', 'Client Enabled.', NULL, '2022-11-02 02:21:16', '2022-11-02 02:21:16', NULL),
(156, 1, 'SA', 'Client Disabled.', NULL, '2022-11-02 02:22:24', '2022-11-02 02:22:24', NULL),
(157, 1, 'SA', 'Client Enabled.', NULL, '2022-11-02 02:24:48', '2022-11-02 02:24:48', NULL),
(158, 1, 'SA', 'Client Disabled.', NULL, '2022-11-02 02:25:26', '2022-11-02 02:25:26', NULL),
(159, 1, 'SA', 'Client Enabled.', NULL, '2022-11-02 02:25:30', '2022-11-02 02:25:30', NULL),
(160, 1, 'SA', 'Client Enabled.', NULL, '2022-11-02 02:25:49', '2022-11-02 02:25:49', NULL),
(161, 1, 'SA', 'Client Disabled.', NULL, '2022-11-02 02:47:27', '2022-11-02 02:47:27', NULL),
(162, 1, 'SA', 'Client Enabled.', NULL, '2022-11-02 02:47:35', '2022-11-02 02:47:35', NULL),
(163, 1, 'SA', 'Client Disabled.', NULL, '2022-11-02 04:09:10', '2022-11-02 04:09:10', NULL),
(164, 1, 'SA', 'Client Enabled.', NULL, '2022-11-02 04:09:15', '2022-11-02 04:09:15', NULL),
(165, 1, 'SA', 'Client Disabled.', NULL, '2022-11-02 06:42:05', '2022-11-02 06:42:05', NULL),
(166, 1, 'SA', 'Client Enabled.', NULL, '2022-11-02 06:42:10', '2022-11-02 06:42:10', NULL),
(167, 1, 'SA', 'Client Disabled.', NULL, '2022-11-02 07:45:29', '2022-11-02 07:45:29', NULL),
(168, 1, 'SA', 'Client Enabled.', NULL, '2022-11-02 07:45:34', '2022-11-02 07:45:34', NULL),
(169, 1, 'super_admin', 'Client Disabled.', NULL, '2022-11-03 01:23:51', '2022-11-03 01:23:51', NULL),
(170, 1, 'super_admin', 'Client Enabled.', NULL, '2022-11-03 01:23:55', '2022-11-03 01:23:55', NULL),
(171, 1, 'super_admin', 'Client Admin Created.', NULL, '2022-11-03 05:54:42', '2022-11-03 05:54:42', NULL),
(172, 1, 'super_admin', 'Client Details Updated.', NULL, '2022-11-03 09:13:33', '2022-11-03 09:13:33', NULL),
(173, 1, 'super_admin', 'Client Details Updated.', NULL, '2022-11-03 09:13:39', '2022-11-03 09:13:39', NULL),
(174, 1, 'super_admin', 'Client Details Updated.', NULL, '2022-11-03 09:34:02', '2022-11-03 09:34:02', NULL),
(175, 1, 'super_admin', 'Client Details Updated.', NULL, '2022-11-03 09:34:15', '2022-11-03 09:34:15', NULL),
(176, 1, 'super_admin', 'Client Disabled.', NULL, '2022-11-03 09:34:39', '2022-11-03 09:34:39', NULL),
(177, 1, 'super_admin', 'Client Admin Created.', NULL, '2022-11-03 09:36:19', '2022-11-03 09:36:19', NULL),
(178, 1, 'super_admin', 'Client Details Updated.', NULL, '2022-11-03 09:59:29', '2022-11-03 09:59:29', NULL),
(179, 1, 'super_admin', 'Client Enabled.', NULL, '2022-11-04 00:51:49', '2022-11-04 00:51:49', NULL),
(180, 1, 'super_admin', 'Client Disabled.', NULL, '2022-11-04 00:51:55', '2022-11-04 00:51:55', NULL),
(181, 1, 'super_admin', 'Client Enabled.', NULL, '2022-11-04 00:52:35', '2022-11-04 00:52:35', NULL),
(182, 1, 'super_admin', 'Client Disabled.', NULL, '2022-11-04 00:52:43', '2022-11-04 00:52:43', NULL),
(183, 1, 'super_admin', 'Client Details Updated.', NULL, '2022-11-04 01:12:49', '2022-11-04 01:12:49', NULL),
(184, 1, 'super_admin', 'Client Details Updated.', NULL, '2022-11-04 01:47:08', '2022-11-04 01:47:08', NULL),
(185, 1, 'super_admin', 'Api Credential Updated.', NULL, '2022-11-04 08:12:41', '2022-11-04 08:12:41', NULL),
(186, 1, 'super_admin', 'Api Credential Updated.', NULL, '2022-11-04 08:13:31', '2022-11-04 08:13:31', NULL),
(187, 1, 'super_admin', 'Client Enabled.', NULL, '2022-11-15 00:08:42', '2022-11-15 00:08:42', NULL),
(188, 1, 'super_admin', 'Client Admin Created.', NULL, '2022-11-15 01:00:35', '2022-11-15 01:00:35', NULL),
(189, 1, 'super_admin', 'Client Details Updated.', NULL, '2022-11-15 04:38:08', '2022-11-15 04:38:08', NULL),
(190, 1, 'super_admin', 'Client Details Updated.', NULL, '2022-11-15 04:38:18', '2022-11-15 04:38:18', NULL),
(191, 1, 'super_admin', 'Client Details Updated.', NULL, '2022-11-15 04:38:29', '2022-11-15 04:38:29', NULL),
(192, 1, 'super_admin', 'Client Disabled.', NULL, '2022-11-15 04:44:51', '2022-11-15 04:44:51', NULL),
(193, 1, 'super_admin', 'Client Details Updated.', NULL, '2022-11-15 04:47:15', '2022-11-15 04:47:15', NULL),
(194, 1, 'super_admin', 'Client Disabled.', NULL, '2022-11-15 06:43:05', '2022-11-15 06:43:05', NULL),
(195, 1, 'super_admin', 'Client Enabled.', NULL, '2022-11-15 06:43:32', '2022-11-15 06:43:32', NULL),
(196, 1, 'super_admin', 'Client Disabled.', NULL, '2022-11-15 07:29:28', '2022-11-15 07:29:28', NULL),
(197, 1, 'super_admin', 'Client Enabled.', NULL, '2022-11-15 07:29:32', '2022-11-15 07:29:32', NULL);

-- --------------------------------------------------------

--
-- Table structure for table `client_permissions`
--

CREATE TABLE `client_permissions` (
  `permission_id` int(10) UNSIGNED NOT NULL,
  `key` varchar(200) CHARACTER SET utf8 DEFAULT NULL,
  `name` varchar(200) CHARACTER SET utf8 DEFAULT NULL,
  `controller` varchar(200) CHARACTER SET utf8 DEFAULT NULL,
  `method` varchar(200) CHARACTER SET utf8 DEFAULT NULL,
  `module` varchar(200) NOT NULL,
  `created_at` datetime DEFAULT NULL,
  `updated_at` datetime DEFAULT NULL,
  `deleted_at` datetime DEFAULT NULL
);

--
-- Dumping data for table `client_permissions`
--

INSERT INTO `client_permissions` (`permission_id`, `key`, `name`, `controller`, `method`, `module`, `created_at`, `updated_at`, `deleted_at`) VALUES
(1, 'sub_admin', NULL, NULL, NULL, 'Sub Admin', '2022-10-25 02:40:44', '2022-11-03 02:03:05', '2022-11-03 02:03:05'),
(2, '11asdas', NULL, NULL, NULL, 'asdsaasd11', '2022-10-25 06:05:09', '2022-10-25 06:05:22', '2022-10-25 06:05:22'),
(3, 'sadsad', NULL, NULL, NULL, 'asdsad', '2022-10-25 06:05:29', '2022-10-25 06:05:32', '2022-10-25 06:05:32'),
(4, 'settings', NULL, NULL, NULL, 'Settings', '2022-10-25 08:59:43', '2022-11-04 04:07:01', NULL),
(5, 'users', NULL, NULL, NULL, 'Users', '2022-10-28 01:54:27', '2022-11-04 04:06:42', NULL),
(6, 'zxczx', NULL, NULL, NULL, 'zcxczxc', '2022-11-01 02:56:24', '2022-11-01 02:56:28', '2022-11-01 02:56:28'),
(7, 'vvvv', NULL, NULL, NULL, 'Assadasd', '2022-11-04 01:49:29', '2022-11-04 02:36:08', NULL),
(8, 'sadsad', NULL, NULL, NULL, 'sadsad', '2022-11-04 01:49:34', '2022-11-04 02:36:11', NULL);

-- --------------------------------------------------------

--
-- Table structure for table `client_roles`
--

CREATE TABLE `client_roles` (
  `client_role_id` int(10) UNSIGNED NOT NULL,
  `client_role_name` varchar(200) NOT NULL,
  `client_permissions` json NOT NULL,
  `created_at` datetime DEFAULT NULL,
  `updated_at` datetime DEFAULT NULL,
  `deleted_at` datetime DEFAULT NULL
);

--
-- Dumping data for table `client_roles`
--

INSERT INTO `client_roles` (`client_role_id`, `client_role_name`, `client_permissions`, `created_at`, `updated_at`, `deleted_at`) VALUES
(1, 'asdsa', '[\"1\", \"4\"]', '2022-10-26 02:39:10', '2022-10-26 03:57:27', NULL),
(2, 'asdasda', '[\"1\", \"4\"]', '2022-10-27 09:27:53', '2022-10-27 09:27:53', NULL),
(4, 'Test344', '[\"1\", \"4\", \"5\"]', '2022-10-28 01:55:07', '2022-10-28 01:55:07', NULL);

-- --------------------------------------------------------

--
-- Table structure for table `client_roles_assoc`
--

CREATE TABLE `client_roles_assoc` (
  `assoc_id` int(10) UNSIGNED NOT NULL,
  `client_id` int(11) NOT NULL,
  `client_role_id` int(11) NOT NULL,
  `created_at` datetime DEFAULT NULL,
  `updated_at` datetime DEFAULT NULL,
  `deleted_at` datetime DEFAULT NULL
);

-- --------------------------------------------------------

--
-- Table structure for table `migrations`
--

CREATE TABLE `migrations` (
  `id` bigint(20) UNSIGNED NOT NULL,
  `version` varchar(255) NOT NULL,
  `class` varchar(255) NOT NULL,
  `group` varchar(255) NOT NULL,
  `namespace` varchar(255) NOT NULL,
  `time` int(11) NOT NULL,
  `batch` int(10) UNSIGNED NOT NULL
);

--
-- Dumping data for table `migrations`
--

INSERT INTO `migrations` (`id`, `version`, `class`, `group`, `namespace`, `time`, `batch`) VALUES
(77, '2022-09-23-100215', 'App\\Database\\Migrations\\Admin', 'default', 'App', 1664356734, 1),
(78, '2022-09-23-115334', 'App\\Database\\Migrations\\AdminRoles', 'default', 'App', 1664356734, 1),
(79, '2022-09-23-115750', 'App\\Database\\Migrations\\AdminRolesAssoc', 'default', 'App', 1664356734, 1),
(80, '2022-09-23-120252', 'App\\Database\\Migrations\\AdminPermissions', 'default', 'App', 1664356735, 1),
(81, '2022-09-23-130307', 'App\\Database\\Migrations\\AdminClientAssoc', 'default', 'App', 1664356735, 1),
(82, '2022-09-23-130956', 'App\\Database\\Migrations\\ClientRoles', 'default', 'App', 1664356735, 1),
(83, '2022-09-23-131728', 'App\\Database\\Migrations\\Client', 'default', 'App', 1664356735, 1),
(84, '2022-09-23-132921', 'App\\Database\\Migrations\\ClientRolesAssoc', 'default', 'App', 1664356735, 1),
(85, '2022-09-23-133632', 'App\\Database\\Migrations\\ClientPermission', 'default', 'App', 1664356735, 1),
(86, '2022-09-28-065558', 'App\\Database\\Migrations\\ClientAdmin', 'default', 'App', 1664356735, 1),
(87, '2022-09-28-072027', 'App\\Database\\Migrations\\ClientDepartment', 'default', 'App', 1664356735, 1),
(88, '2022-09-28-073058', 'App\\Database\\Migrations\\ClientAdminDesignation', 'default', 'App', 1664356735, 1),
(89, '2022-09-28-075145', 'App\\Database\\Migrations\\Users', 'default', 'App', 1664356735, 1),
(90, '2022-09-28-092929', 'App\\Database\\Migrations\\UserTypes', 'default', 'App', 1664357632, 2),
(91, '2022-09-28-093303', 'App\\Database\\Migrations\\AccountType', 'default', 'App', 1664357632, 2),
(92, '2022-09-28-094520', 'App\\Database\\Migrations\\UserAddress', 'default', 'App', 1664359010, 3),
(93, '2022-09-28-094520', 'App\\Database\\Migrations\\ClientDesignation', 'default', 'App', 1664359010, 3),
(94, '2022-10-12-070255', 'App\\Database\\Migrations\\AdminLogs', 'default', 'App', 1665559714, 4),
(96, '2022-10-12-090655', 'App\\Database\\Migrations\\ClientLogs', 'default', 'App', 1665567370, 5);

-- --------------------------------------------------------

--
-- Table structure for table `oauth_access_tokens`
--

CREATE TABLE `oauth_access_tokens` (
  `access_token` varchar(40) NOT NULL,
  `client_id` varchar(80) NOT NULL,
  `user_id` varchar(80) DEFAULT NULL,
  `expires` timestamp NOT NULL DEFAULT CURRENT_TIMESTAMP ON UPDATE CURRENT_TIMESTAMP,
  `scope` varchar(4000) DEFAULT NULL
);

--
-- Dumping data for table `oauth_access_tokens`
--

INSERT INTO `oauth_access_tokens` (`access_token`, `client_id`, `user_id`, `expires`, `scope`) VALUES
('00d8e6080c9164482536ba74df6637671bb4203a', 'testclient', '1', '2022-10-18 00:44:43', 'app'),
('02399e244371f52fbfffb7f51b416feb64dda1d1', 'testclient', '1', '2022-10-31 21:09:09', 'app'),
('02a7f8a291ca42c21aa4d496297f1825fdc96b52', 'testclient', '1', '2022-10-06 21:27:10', 'app'),
('040b5e8ba3b687f9d1a681c19d27f199bf378841', 'testclient', '1', '2022-10-18 01:45:44', 'app'),
('04b7865ea54c19091e0ae1b47dafdbd7c4d97642', 'testclient', '1', '2022-10-31 22:19:48', 'app'),
('04ee219f51ad0010f22cf2221bb11c8eacb0b611', 'testclient', '1', '2022-11-04 00:52:16', 'app'),
('0562bd1a7d6495f66899fa3fb97c71bef11a7058', 'testclient', '1', '2022-10-07 02:37:32', 'app'),
('061ea5c7f4ba59e0f9bf2df7b6f70397457e4bc3', 'testclient', '1', '2022-10-10 22:40:40', 'app'),
('06695667bdf0dcfee95c5c4e2ad03fbf82127e3d', 'testclient', '1', '2022-10-10 22:05:45', 'app'),
('06ab1fed566fbef6907cba340b2ae8bfa77647bd', 'testclient', '1', '2022-10-18 01:37:28', 'app'),
('06da120626f99c51069a6b6e141222e7aac6e554', 'testclient', '1', '2022-10-30 21:43:34', 'app'),
('07936b0584476091e8f6d990c2d652446619d7c4', 'testclient', '1', '2022-10-11 21:40:55', 'app'),
('07ae02b1fa9d95478499de1ccd6d5f081479a8ac', 'testclient', '1', '2022-10-05 22:45:16', 'app'),
('0b01a3591ac2b725e8920643ee85f67e75a52a26', 'testclient', '1', '2022-10-19 22:54:29', 'app'),
('0b2e3c14e1d29e2d0e9e911903e626a12a0d543f', 'testclient', '1', '2022-10-13 02:13:15', 'app'),
('0bf59cd9f724946d1da949f577febbe2cd67a35b', 'testclient', '1', '2022-10-25 01:52:05', 'app'),
('0cd533b0a00828bb05fb423f17b901ce32c7c862', 'testclient', '1', '2022-10-18 01:37:29', 'app'),
('0d25892699cc217eb124552ce2368f6aa15556ca', 'testclient', '1', '2022-10-31 21:07:15', 'app'),
('0e250f05507fa00f33bb410fac2416e0774ff7a7', 'testclient', '15', '2022-11-04 00:45:11', 'app'),
('0fa307a843c74598e72ae2d8bf2ffc90194a3f88', 'testclient', '1', '2022-10-30 21:54:39', 'app'),
('0fd400dee0a30265c4213134b4904aa98a9d4c20', 'testclient', '1', '2022-10-13 01:56:15', 'app'),
('11ab3e6d0bd2a19f915b9f0fb3fee90a37cba5ad', 'testclient', '1', '2022-10-18 01:40:46', 'app'),
('125e9075e251798ec89632950c5b8e2008e7a3c5', 'testclient', '1', '2022-10-18 01:35:22', 'app'),
('13d00a00a13d8563f6a4b2551d992916bc197e5b', 'testclient', '1', '2022-10-18 01:41:28', 'app'),
('13fbff36cdb60233a6db3d70844a43aaeef82794', 'testclient', '1', '2022-10-14 03:20:49', 'app'),
('1461828573097c18bb4574873073473e7f1ffce4', 'testclient', '1', '2022-10-10 22:03:53', 'app'),
('1655441fd9a119f03f7acc91e92a657bc8c28680', 'testclient', '1', '2022-11-01 02:55:33', 'app'),
('16569b7713d062320290fa2adbbd4d108cce8a4e', 'testclient', '1', '2022-11-01 01:42:28', 'app'),
('19200035424bf47678ee6668dfb239b2282fb218', 'testclient', '1', '2022-10-13 01:56:54', 'app'),
('1a0d8659cea8b71c5e66969e8d5abaf11dd7d9cd', 'testclient', '1', '2022-11-01 02:58:36', 'app'),
('1a222725119dc59b620988d94ccb3546d08ca87e', 'testclient', '1', '2022-10-31 22:23:37', 'app'),
('1a242770a8272d630e16d21aaf01a0397a0f6ef5', 'testclient', '1', '2022-11-03 21:28:47', 'app'),
('1afa9359a8a8d4ca577bda237e48c5910c93444f', 'testclient', '1', '2022-10-18 01:38:09', 'app'),
('1b2a86ddba220287bcf8ae895691859ab1a8598e', 'testclient', '1', '2022-11-01 22:08:17', 'app'),
('1c5ff0a184534db14bbbd99b40e094dd40c4a2df', 'testclient', '55', '2022-11-03 21:30:04', 'app'),
('1ca4b799d9b7a5a34fe9fe4476247105a27db8dd', 'testclient', '1', '2022-10-11 23:18:15', 'app'),
('1deac33815a8449bf091fce9f4ca7b214fd75c84', 'testclient', '1', '2022-10-31 01:21:52', 'app'),
('1e926ac9ac0f24d0e10128f9c55633432fd8b2fc', 'testclient', '1', '2022-10-13 01:40:31', 'app'),
('1fa765b122dab3fc875a6796ef18cbbd3f68fa47', 'testclient', '1', '2022-10-05 22:25:41', 'app'),
('2194b9001b4d429f210f1ee42aedee15bae036a1', 'testclient', '1', '2022-10-18 01:35:22', 'app'),
('21e06992c1ff9a7717fe9a4a83a15ae11e668350', 'testclient', '1', '2022-10-19 03:56:52', 'app'),
('22879dac31977550e42d971030ff4d8cbdbf1907', 'testclient', '1', '2022-10-13 01:56:07', 'app'),
('229057f2243ac6a6ea5140e4363074c43aa4ee89', 'testclient', '1', '2022-10-10 03:08:53', 'app'),
('243b45ec3d200f553ace5ec24440b74b63615dc1', 'testclient', '1', '2022-10-31 22:28:05', 'app'),
('24b3b815fde04bb81ed04900765152007d7e2beb', 'testclient', '1', '2022-10-18 00:39:30', 'app'),
('24d1e470c70d22edbb41cf7b381bcd66cf850dbc', 'testclient', '1', '2022-10-20 21:06:31', 'app'),
('255a430f808427c70e148a5be90c2c0b82dcceb9', 'testclient', '1', '2022-10-05 20:44:09', 'app'),
('258073b56ce8c7279605f1388adce5590aed985e', 'testclient', '1', '2022-10-31 21:05:09', 'app'),
('26125a4bf711d42fc48d79d3ffb66984be418ba5', 'testclient', '1', '2022-10-11 23:18:15', 'app'),
('264e13c6523b04332ea0e3875e9299ebf3ce01bf', 'testclient', '1', '2022-10-10 22:20:11', 'app'),
('265a70b42981dcc34810acc028c766a0e9d4cb01', 'testclient', '1', '2022-10-10 22:42:48', 'app'),
('26a3db17158c1079e6efbd62ca003525a7cdec71', 'testclient', '1', '2022-10-30 20:17:07', 'app'),
('26aeaf4eb21fe19654e8422f388442b56bd1383e', 'testclient', '1', '2022-10-30 22:05:29', 'app'),
('26e7c860dc6d5d384985e1f4993cea4f7dc79375', 'testclient', '1', '2022-10-30 21:37:01', 'app'),
('272eec56ddd00ae87c9d3492e8e36d5032095e44', 'testclient', '1', '2022-10-11 03:57:22', 'app'),
('274d683d69670038f8bca89089e009bdaa74fe62', 'testclient', '1', '2022-10-26 00:30:04', 'app'),
('27fee92fd6144dc415498dcfd96b7a592fadd240', 'testclient', '1', '2022-10-05 23:24:23', 'app'),
('2847673500982ec6c92e9709a4630854f92229d8', 'testclient', '1', '2022-10-19 20:38:48', 'app'),
('29099648be0d0eb63f556c6478cf482277583fd7', 'testclient', '1', '2022-11-01 04:28:26', 'app'),
('29b84947bd5a22f5f820fc9514bf8992dae4766a', 'testclient', '1', '2022-10-18 01:37:28', 'app'),
('29be45041fc99467d69ba9d69ca60eb724ffec9e', 'testclient', '1', '2022-10-18 20:50:56', 'app'),
('29fc7228227f3403019ee4bad31ebce1f6d90088', 'testclient', '1', '2022-10-31 21:06:42', 'app'),
('2a24c71dd7f138b39cc2dd11d928eff7ace4cf71', 'testclient', '1', '2022-10-18 01:38:09', 'app'),
('2afaa874f08e58922e8c7d5672c3cdf4c62f3b8c', 'testclient', '1', '2022-10-18 01:42:17', 'app'),
('2b1548f96ab6cb50b4f42e5b96fb6895387d0a22', 'testclient', '1', '2022-10-13 02:14:01', 'app'),
('2b1fde06d6a3bd38e3f8895ee5b02be2bce53b64', 'testclient', '1', '2022-10-18 01:40:47', 'app'),
('2cac25618c6b781a52c4e89cc133e6fcbeea0f36', 'testclient', '1', '2022-10-13 01:56:07', 'app'),
('2cd1186a17d693b66362a43819054af533be0851', 'testclient', '1', '2022-10-10 21:07:54', 'app'),
('2cd8edcc849ab8d0373ac6bc9adfb7ee7ff56d6f', 'testclient', '1', '2022-10-30 23:12:50', 'app'),
('2dfb8892c7e5700a2dc9f4e8fbc0e8119578fcfa', 'testclient', '1', '2022-10-11 03:59:44', 'app'),
('2ecce0b20847348208b9e8a6c160347571e95295', 'testclient', '1', '2022-10-13 02:07:45', 'app'),
('2f3dbf4bed10b1c250fd7eb94ed70ce5b5305121', 'testclient', '1', '2022-10-13 21:29:29', 'app'),
('2fc8ff7bac2d23e6f3ac6a58f252fece3fc5f7e8', 'testclient', '1', '2022-10-18 01:38:58', 'app'),
('2fcff38a78c2eb710a4b016f6e071c890bcbd2d9', 'testclient', '1', '2022-10-31 20:57:04', 'app'),
('3058343c8f2f434d15bdafac4a6191b116c43c96', 'testclient', '1', '2022-10-13 01:58:56', 'app'),
('30d82a74d15758b3fd0127b504809df5a5523e90', 'testclient', '1', '2022-11-04 03:16:27', 'app'),
('31a83e9848edb0fc3d680c14640e9c231282618d', 'testclient', '1', '2022-10-10 22:41:32', 'app'),
('32863e2bcccd3d011fec39c96a27d05025971ab2', 'testclient', '1', '2022-10-19 04:10:38', 'app'),
('3346e2fa4cf0d177eba62d94fd69142ffce752a1', 'testclient', '1', '2022-11-04 03:03:52', 'app'),
('33913f3fb6ba81ce373d1c092e52efc2cb2ede05', 'testclient', '1', '2022-10-18 01:42:17', 'app'),
('33f3da25b881354e69ecf3e0842ba8a246a9e2d0', 'testclient', '1', '2022-10-13 01:59:58', 'app'),
('3420fffef0f7757195f872ca716be2befb203c1b', 'testclient', '1', '2022-10-19 00:05:33', 'app'),
('3443825773fc9adb4cfa0a4b0a438ffe8f7081b1', 'testclient', '1', '2022-10-18 01:45:45', 'app'),
('344afedb4186de5ae11894f24ebf943a21ec1e2b', 'testclient', '1', '2022-10-13 02:07:45', 'app'),
('34ede7f97444332bfa96f8c14c748888cf2c3579', 'testclient', '1', '2022-10-31 00:57:14', 'app'),
('34f6cff36056240b809efea041cce1f1043a33c9', 'testclient', '1', '2022-10-11 04:00:46', 'app'),
('368ccf89f6bf272e05748b729c67810b7f5150ad', 'testclient', '1', '2022-10-11 22:37:41', 'app'),
('36c5c8b5d540539cbb6dd18300b7d4aee9d0055c', 'testclient', '1', '2022-11-01 02:04:04', 'app'),
('36dca88f829d9bc48a0b037dd95e211a74dc8be7', 'testclient', '1', '2022-10-10 22:05:46', 'app'),
('36e325756c3a6f0f16f00eacea340edbf0e0774e', 'testclient', '1', '2022-10-18 01:34:09', 'app'),
('3710d8c9f514646d40c05b6685a80a073625d884', 'testclient', '1', '2022-10-31 01:46:19', 'app'),
('37b1fde4a2ff2c2e0cd92fd811cb6c484179516e', 'testclient', '1', '2022-10-18 01:32:21', 'app'),
('384591c0b15f0f7bfae52dddcd23eaf6bf76e829', 'testclient', '1', '2022-10-18 01:37:28', 'app'),
('38d3f7b4eebc9f46b9beb6e6a22550e7533dbffa', 'testclient', '1', '2022-10-20 21:18:01', 'app'),
('390ba4e85dddc1a5714a668e9f0287b3e9657054', 'testclient', '1', '2022-10-05 21:09:47', 'app'),
('39148602979076490515bd5bac21488b09ae8821', 'testclient', '1', '2022-11-01 02:29:50', 'app'),
('3a04a97d297f20ec8ce45b54da4b11ebd0542a14', 'testclient', '1', '2022-10-05 22:32:29', 'app'),
('3a145a447f01c9e14dc9823bb5d01714d1c6b6d5', 'testclient', '1', '2022-10-10 22:37:25', 'app'),
('3a4f81102013b670edc39ca897213d387fb0af09', 'testclient', '1', '2022-09-29 00:55:47', 'app'),
('3a96af68347cbea7cbcd3609144741a3a05add1e', 'testclient', '1', '2022-10-12 03:18:09', 'app'),
('3bde598beb356540a8d36c3165855593dcecd4b2', 'testclient', '1', '2022-11-04 00:01:50', 'app'),
('3bed92cc1a379d070a0a14fff383e08a4ec4f39f', 'testclient', '1', '2022-10-18 01:40:46', 'app'),
('3dd3a782c376c6609932a59ab5a67e0ffad05717', 'testclient', '1', '2022-10-09 21:28:04', 'app'),
('3dff9d333bab2f125e7d50ccb52a7d451441020a', 'testclient', '1', '2022-10-13 01:01:20', 'app'),
('3e3ede59a6064eea27221991f00596e7c26cd2c7', 'testclient', '55', '2022-11-03 21:29:49', 'app'),
('3e8869ca83dfd0f030906a44394c8d4719ee2e19', 'testclient', '1', '2022-10-11 03:59:44', 'app'),
('3f02fee3edcd050defb56bf59b7ecb1bbec27dcc', 'testclient', '1', '2022-10-30 21:56:42', 'app'),
('404b9f84ab6be2f9c90c94d6d6d8fa25d8ad2642', 'testclient', '1', '2022-10-20 21:12:31', 'app'),
('413289ca4dfa7645f30f495a36dacbcdf5dfbc3d', 'testclient', '1', '2022-10-30 21:05:24', 'app'),
('4170ac8dac9efd3295ceeb463bc8f511dfea2003', 'testclient', '1', '2022-10-31 22:16:08', 'app'),
('41ac7ea9b302ca42d9c453147541eb9b13f032a4', 'testclient', '1', '2022-10-14 01:14:36', 'app'),
('4229681c9f8b9e7d14605282ce17c2a447756664', 'testclient', '1', '2022-10-31 01:23:08', 'app'),
('4242016202592328f96fa739faef99ddf394893d', 'testclient', '1', '2022-10-13 02:23:53', 'app'),
('42476d30011a99506c708173c94221bf52df42e6', 'testclient', '1', '2022-10-03 04:13:21', 'app'),
('425106f67eeca66ec5920a2870c07c19d0a049a4', 'testclient', '1', '2022-10-18 01:41:29', 'app'),
('42affa2545ddf173f93bada74fb7829afe82f66f', 'testclient', '1', '2022-10-12 00:06:21', 'app'),
('432ac2b6b24a2f37d0fad24702c9ebaa8c140100', 'testclient', '1', '2022-10-20 21:11:24', 'app'),
('454e017038ec8b0cd95626aac5806f66a0239add', 'testclient', '1', '2022-10-31 21:24:53', 'app'),
('45acd2df6cc22de9ae3e5e7378cba70ea7d36365', 'testclient', '1', '2022-10-18 01:40:46', 'app'),
('45daeb1dbf002ab5164f2b6582688f1ae093b434', 'testclient', '1', '2022-10-18 01:45:45', 'app'),
('46f9d1c3b72982e05a7ebd25c2f0d31047d71ee3', 'testclient', '1', '2022-10-31 01:34:01', 'app'),
('4761c3c82cdb7b2f566914e7639dfe5b7b08c58d', 'testclient', '1', '2022-10-18 01:36:38', 'app'),
('4795b536990afaa69f703f10dbcddcc945a55b96', 'testclient', '1', '2022-10-06 03:42:06', 'app'),
('47a495a6a8704c5ab7ac924dae16fe3ea47e1e9a', 'testclient', '1', '2022-10-13 23:41:15', 'app'),
('47d10dba4d2a36356f5a1e36a1dec04bebbe61bd', 'testclient', '1', '2022-10-31 21:10:46', 'app'),
('493b9d5502bab9bde129a95a3aa0db261e370c86', 'testclient', '1', '2022-10-18 01:38:58', 'app'),
('49785b671fabd10d29103c881ec152a7e915c56f', 'testclient', '1', '2022-10-13 02:01:59', 'app'),
('4a32dd57adb44d86486e285b7a53463be95361a8', 'testclient', '1', '2022-11-01 01:57:57', 'app'),
('4b549085cfdb44b66a9571f62b8d569bd3546513', 'testclient', '1', '2022-10-18 01:41:28', 'app'),
('4e1c735a4be21d501b9d6fa93e0a60ede6940567', 'testclient', '1', '2022-10-20 04:58:16', 'app'),
('4e4eee2e24dba8fa99e25b25da3089b767d69cab', 'testclient', '1', '2022-10-05 20:02:23', 'app'),
('4f54231fe74d0267c8d3ab66d7f2c86ba1beda5d', 'testclient', '1', '2022-10-31 23:02:26', 'app'),
('4f90798a889d6d19f33fbd393e1f5b58c65f89f6', 'testclient', '1', '2022-10-31 21:24:35', 'app'),
('4fb9b9fee6d306c37341ef575032eccfffba73a7', 'testclient', '1', '2022-10-31 21:18:38', 'app'),
('4fc175a1fd36332c117a0f2329d5cbc2d4ba06d6', 'testclient', '1', '2022-10-31 21:08:37', 'app'),
('4fc93436df34b4dbd0b18d9e4e0030a43f4981be', 'testclient', '1', '2022-10-11 22:06:56', 'app'),
('4ff718b4e5cea57db315a5ba0295ebcfc29f8861', 'testclient', '1', '2022-10-31 21:35:36', 'app'),
('50d268e1a7cc9a3db58c721eb1b402957c48615c', 'testclient', '1', '2022-10-10 22:35:51', 'app'),
('5296b408737b2379123e8fba22afcf900735d348', 'testclient', '1', '2022-10-18 01:35:22', 'app'),
('536eacc7af2fcee3c4fceb6bc00a1334bd7a39ba', 'testclient', '1', '2022-10-18 01:40:46', 'app'),
('53f1dd8859844bc98ecca5ebe2ea0f332a772ff3', 'testclient', '1', '2022-10-30 19:51:34', 'app'),
('54d5048a022cc871128345dbbfa25e910a715026', 'testclient', '1', '2022-10-18 01:34:09', 'app'),
('54f554a1243b97f5d06a6c38c67e47d76f3dc9d0', 'testclient', '1', '2022-10-30 21:37:16', 'app'),
('554e7b948a93e5ee4cbfea71fc2549a7986832f3', 'testclient', '1', '2022-10-18 01:38:09', 'app'),
('561481cd885936a6cb47274a6141958a79d384b4', 'testclient', '1', '2022-10-26 20:13:03', 'app'),
('57298e59f2cbb41c1f41dde219d0e863f0533e18', 'testclient', '1', '2022-10-10 22:41:29', 'app'),
('573fb780d07ffbb048af93cf9f2c97fc460ac7ef', 'testclient', '1', '2022-10-18 01:36:38', 'app'),
('5795e434a9e6d060ac44a3af03598a5648c9f8f3', 'testclient', '1', '2022-10-31 22:22:09', 'app'),
('58496e97b05fc8d3c7e88ce97399806ca461a30d', 'testclient', '1', '2022-10-13 01:59:02', 'app'),
('5855150dc07fec16aed75209535f06be6cb0b2ef', 'testclient', '1', '2022-10-31 22:42:52', 'app'),
('58b0422ef24f90999d4e6864def97cf60d5100c2', 'testclient', '1', '2022-10-18 01:38:09', 'app'),
('590cc3a51033e163ec312d13da3583ca0a2589f6', 'testclient', '1', '2022-10-10 22:19:24', 'app'),
('59850fff6565a5275f29e88a185f5180eeb88671', 'testclient', '1', '2022-10-31 01:18:33', 'app'),
('599ec16cdfda93941886962be4dead191fb03ae7', 'testclient', '1', '2022-10-18 01:37:28', 'app'),
('5a8d3a2711145e4369615fde7a1097594d944d6f', 'testclient', '1', '2022-10-10 22:42:43', 'app'),
('5ab33de585a1674664d5ca6bf1f4837bd8134684', 'testclient', '1', '2022-10-30 21:38:26', 'app'),
('5b06936082ec49ab1b21087165541897b610febf', 'testclient', '1', '2022-10-14 03:20:33', 'app'),
('5bbbeba8d54495bfbf3fc3c91ebfc9ebd6485450', 'testclient', '52', '2022-11-03 00:12:06', 'app'),
('5d5a4c177fb2af2c13197e850a432af789f01a70', 'testclient', '1', '2022-10-14 03:19:12', 'app'),
('5e24576c0a391e8ac26a34987b8d44e4bd2286b7', 'testclient', '1', '2022-11-01 02:12:43', 'app'),
('5e3145e7b583f00ed01a10880d3f8c27b09f8f66', 'testclient', '1', '2022-10-10 22:06:44', 'app'),
('5efab830f7c541c0bc904c537856134ab3e7d754', 'testclient', '1', '2022-10-11 02:24:00', 'app'),
('5f79450f47621fc1c7deb5e42219f2c3de6839fc', 'testclient', '1', '2022-10-18 01:38:58', 'app'),
('60e9bb6d5b7a8b7081ce02d3b6aa2fac85369a11', 'testclient', '1', '2022-10-20 21:05:07', 'app'),
('6160a4c871b824455c69961e098b52d2aedcdce7', 'testclient', '1', '2022-10-30 19:57:19', 'app'),
('61c7092b81cd594055da6ebe5d3021bd05c09fc9', 'testclient', '1', '2022-10-14 03:21:04', 'app'),
('622e3e83394c00d9a45a2cceea27be22b481f002', 'testclient', '1', '2022-10-25 01:53:51', 'app'),
('63b75bbe8cbed5a538fa7cb742841fdf919850a7', 'testclient', '1', '2022-10-11 03:44:52', 'app'),
('6414f9a1f023f85c57a8984c76b3cecaa80812e5', 'testclient', '1', '2022-10-13 01:59:02', 'app'),
('64881e06d7e5667d6a8157062eab887b5ec3b8ff', 'testclient', '1', '2022-10-07 03:40:27', 'app'),
('64e1bed51b94570d5484ea6a5cd8244fa422afaf', 'testclient', '1', '2022-10-11 04:21:23', 'app'),
('6525d8d47368dd2586106ba8d33b377b6ee7014a', 'testclient', '1', '2022-10-13 02:23:09', 'app'),
('656c024ac9fd9265b8fc1433cc011c87947a44ce', 'testclient', '1', '2022-10-31 01:24:15', 'app'),
('65b9ec7577e258412788eac25891e88b7a25b69b', 'testclient', '53', '2022-11-03 00:15:32', 'app'),
('65bf981f0be4d3771a5861c6d061c6139e8114d2', 'testclient', '1', '2022-10-10 00:16:02', 'app'),
('65c38e8de83582f7a10bf4e462abd0463e81f1a5', 'testclient', '1', '2022-10-18 01:36:37', 'app'),
('662ed2ce7c9a4cdbe7b27a825bf178538fa75900', 'testclient', '1', '2022-10-10 22:21:08', 'app'),
('6678b73184e29a9172ffef2c89e8941f97f24ef1', 'testclient', '1', '2022-10-11 04:25:04', 'app'),
('669b61d021887154e100b88d0b2a2d3d33401fc8', 'testclient', '1', '2022-10-19 00:09:52', 'app'),
('66e988080558af4d9af4461e08c93cc0e1336367', 'testclient', '1', '2022-10-13 02:04:40', 'app'),
('6760eb6fb7b9acca09fa9764fda575d64652d4a0', 'testclient', '1', '2022-10-31 22:26:57', 'app'),
('68745c7c9e7a1ea1dc929a16726d17f40fa48f34', 'testclient', '1', '2022-10-31 21:28:14', 'app'),
('6a3b1e951a55b37eb5b55c7672aacf14ad6974b3', 'testclient', '1', '2022-10-10 22:13:17', 'app'),
('6befdf82b30acb99780d9f948c994cc99a9232db', 'testclient', '1', '2022-10-31 22:45:33', 'app'),
('6bf4db1912394a8cd3949c38069f5b6730d61e41', 'testclient', '1', '2022-10-11 03:48:14', 'app'),
('6cc35c8d3ca6297ac4fb9c109a99e2fd40711d3b', 'testclient', '1', '2022-10-27 01:35:54', 'app'),
('6d10c2fd653025b33ff0a439d78b73a55cb39527', 'testclient', '1', '2022-10-13 01:57:55', 'app'),
('6d27d922a05b2a09b1d11e2405f327bed2a37082', 'testclient', '1', '2022-10-10 22:40:48', 'app'),
('6d704f78def2b99dc3c4a5a4d8474fc27cb8f27b', 'testclient', '1', '2022-10-31 22:12:10', 'app'),
('6e28be2b081f199970947970988ed3e60ccf4a86', 'testclient', '1', '2022-09-30 02:28:39', 'app'),
('6f0eae5127b12f917a57856e19d218c26798af8c', 'testclient', '1', '2022-10-13 02:13:15', 'app'),
('6f0ef64e9a0c0f3c924349bf826b15e6b5a398a5', 'testclient', '1', '2022-10-10 22:37:19', 'app'),
('6f566848dad9e46ef3a10e9d0b167ab20881a6d7', 'testclient', '1', '2022-10-18 00:55:46', 'app'),
('702fb6bb8501cd90ea2188d0c45ad0c9335fb644', 'testclient', '1', '2022-10-30 19:52:43', 'app'),
('706645930948f1bea1d842c23dfe32e224099deb', 'testclient', '1', '2022-10-13 02:14:01', 'app'),
('72146c8874db486cea9e3bc76b5f2765ba32574c', 'testclient', '1', '2022-11-01 01:29:07', 'app'),
('7301bd8601da69ec1873aabdaba3d9c835ea246d', 'testclient', '1', '2022-10-13 02:08:04', 'app'),
('7365668d0e911573cfa12f9d59cf328f0656183b', 'testclient', '1', '2022-10-11 21:46:35', 'app'),
('73c2fdacd6769345fbe1e46ecc1aeb0bb5e52ed0', 'testclient', '1', '2022-10-18 01:36:37', 'app'),
('750a2a39e25f2c697e70b0eb36e7dc3300f962fd', 'testclient', '1', '2022-11-01 00:16:24', 'app'),
('76317f3e1442b20c322fb6e57d89979c0b625140', 'testclient', '1', '2022-10-30 21:38:08', 'app'),
('76a75f4715aed6f0aee593a4e5f126ce08bc8a42', 'testclient', '1', '2022-11-01 00:22:26', 'app'),
('76c79f41a8315fc3f4dd3809e4b10d93f22db2b6', 'testclient', '1', '2022-10-11 03:57:21', 'app'),
('77789cd853d6a4e4c2b1f6eaa4b8a763f1324a8b', 'testclient', '33', '2022-10-27 01:39:37', 'app'),
('78d4da4771cd78be799b9e44909e37fec51a809b', 'testclient', '1', '2022-10-13 01:57:55', 'app'),
('7973c5ab006537564778dafdc5e4bb4fe9be3229', 'testclient', '33', '2022-10-27 02:18:08', 'app'),
('7983497fc04b6a22f174a7a76a5547db6d08b1ea', 'testclient', '1', '2022-10-10 22:03:09', 'app'),
('79bb92edb1f20026310a630680692d82ebc4c876', 'testclient', '1', '2022-11-01 01:20:45', 'app'),
('7a4ff913e95306e979b2abcd2ca62feaa84810a4', 'testclient', '1', '2022-10-31 22:46:35', 'app'),
('7a634010b9d38f21cf40926a1c20e6867b424760', 'testclient', '1', '2022-10-20 21:04:12', 'app'),
('7a957269dbdd5e91ea72e9f4f8cdaec6d6744d92', 'testclient', '1', '2022-10-31 21:00:13', 'app'),
('7a998d4dc82d2c0fdd0c8219cb1a9db78a7ea3dd', 'testclient', '1', '2022-10-14 01:04:36', 'app'),
('7c105c7d9c693260f129465773e515fc949100fa', 'testclient', '1', '2022-10-05 21:44:17', 'app'),
('7c6e83b8063014ce39dfdf8452a8c028e1c67fca', 'testclient', '1', '2022-09-29 01:56:41', 'app'),
('7c97739ea0f455f17fe04af239dd47d6a8733d9d', 'testclient', '1', '2022-10-31 22:26:28', 'app'),
('7cd574984eed7e7c632ef87ac6b45b74684ae924', 'testclient', '1', '2022-10-20 21:22:51', 'app'),
('7cfbef187e02a190d9b4c260e0e8cecbd5c98706', 'testclient', '1', '2022-10-31 22:15:27', 'app'),
('7d0406243f0a74556e69ee5347224728f7c0d1c2', 'testclient', '1', '2022-10-11 03:57:21', 'app'),
('7dc6814eb6b7942d0972d749de213df063e97342', 'testclient', '1', '2022-10-18 01:41:28', 'app'),
('7ed778a5fe999d4337f8d3ad0e469222e502c826', 'testclient', '1', '2022-10-19 05:12:37', 'app'),
('7f02bbe3934bdfa3379602792dfe64f1324e5501', 'testclient', '1', '2022-10-13 02:01:30', 'app'),
('7f574ef0dfee16b11226de67594e69f3ce912d80', 'testclient', '1', '2022-10-10 22:20:13', 'app'),
('819fc5d8823df82a6f06bb06dfa7e2823f4e4af6', 'testclient', '1', '2022-10-13 02:13:42', 'app'),
('82230ff6234283139dac70dfeb687dc05e8c47f4', 'testclient', '1', '2022-10-13 02:02:13', 'app'),
('82b8bde5a136b68be0a32773991e3f02be4e7b8a', 'testclient', '1', '2022-10-03 21:23:36', 'app'),
('833eefe2f4fff2d37f6c96eaa2f47345204df637', 'testclient', '1', '2022-10-31 01:23:23', 'app'),
('8360020d51e4b9fc661f4142f8483729ddf55ff7', 'testclient', '1', '2022-10-20 21:08:03', 'app'),
('837f76e2bcf1fb034ff7a0efa4d5b9eead6baaf2', 'testclient', '1', '2022-10-13 23:41:03', 'app'),
('84ca14fa798ff69d888518b8d7a0c597cf306a1f', 'testclient', '1', '2022-10-10 22:40:59', 'app'),
('84e5108f302ac0ef33a556ea2be4a689d62f4cb7', 'testclient', '1', '2022-10-13 03:39:43', 'app'),
('853f736aa959f4edf78e0007304c7720ee1e65c6', 'testclient', '1', '2022-10-25 22:28:14', 'app'),
('86137ebef58b9254a58e9d2ab58128184536d044', 'testclient', '1', '2022-10-25 22:38:06', 'app'),
('8677657bba2528ffc2fc3470f2fe5a979fc695e0', 'testclient', '1', '2022-10-10 22:39:11', 'app'),
('868fb4000e32e1581518323cab0a27829e8e6ca0', 'testclient', '1', '2022-11-04 04:11:49', 'app'),
('86bb3446fc9398f0c5edfe4eb66b33537de13463', 'testclient', '1', '2022-10-06 01:53:07', 'app'),
('88887b1454d854e1812829f3052471637a8efbf1', 'testclient', '1', '2022-10-25 01:54:17', 'app'),
('88a50875a854d41658e1aa0018433af2e8b1843e', 'testclient', '1', '2022-10-19 00:20:37', 'app'),
('88f019348ef75210171fd90f44576c3169ca970f', 'testclient', '1', '2022-11-01 00:18:54', 'app'),
('89f1cef6a28bccc61ea8c6d7c9d19f3c7758955b', 'testclient', '1', '2022-10-18 01:42:17', 'app'),
('8a419fc6cce0b5c75e390eaa7a125888ceb2a354', 'testclient', '1', '2022-10-10 04:10:55', 'app'),
('8ad3e654716a28f58f92aae91ed3b71fa1f6897c', 'testclient', '1', '2022-11-03 20:13:30', 'app'),
('8bca15057e7ed52bbdeab946b0dc7c9b351c9aed', 'testclient', '1', '2022-11-01 02:24:51', 'app'),
('8e46d7e9b77dc8df8373dad5a6e25792811973eb', 'testclient', '1', '2022-10-18 01:41:28', 'app'),
('8ea4b6929e942a7c0c03388f88a2e4dfc85aaa0e', 'testclient', '1', '2022-10-20 21:56:43', 'app'),
('8ea8d3ca94a6bcb5d91f6fd5f33578b817e253b3', 'testclient', '1', '2022-10-10 22:13:17', 'app'),
('8fd8a5ade5d4a013043d59d19847659c218fd2d0', 'testclient', '1', '2022-10-20 21:10:59', 'app'),
('901da4866db79c45372e24947e9acccd15c5b5d1', 'testclient', '1', '2022-10-11 21:32:22', 'app'),
('926a4ef08523daff9ff5532e86b130b30a556e1f', 'testclient', '1', '2022-10-31 01:45:53', 'app'),
('92cf47628b9bf110ee1e5f6d71f5bc7658c16fa3', 'testclient', '1', '2022-10-18 01:42:18', 'app'),
('94a8a6307cbed8917141f89d6669ad8ca7ef9d23', 'testclient', '1', '2022-10-18 01:45:45', 'app'),
('958c64ddb92ac2ab1bb1dbb0f05fbc140f4cbd1f', 'testclient', '1', '2022-10-20 21:06:02', 'app'),
('98142e813f50880a01986ff8cdb453bdc051abdd', 'testclient', '1', '2022-10-30 23:13:00', 'app'),
('99df8240abba139ebbfac46f97bb85ab31d8475c', 'testclient', '1', '2022-10-13 01:59:58', 'app'),
('9ae077b2694ca912f44b82b2d615d7805ba34c00', 'testclient', '1', '2022-11-01 01:22:27', 'app'),
('9af428ad35c3d099667e6d4069c8e97178b94bc0', 'testclient', '32', '2022-10-26 21:10:23', 'app'),
('9b80c5e827f0677a7e0d0122047eece637195880', 'testclient', '1', '2022-10-25 01:46:52', 'app'),
('9bcf89781bf8848206a7526e08cf3d1cd7df39d0', 'testclient', '1', '2022-10-11 03:57:22', 'app'),
('9c0639a6f401e24928dd5b3df073eedd21297545', 'testclient', '1', '2022-10-18 01:45:44', 'app'),
('9c58e38b9a8d6bd8f1797599e7cc76db67a3bb8e', 'testclient', '1', '2022-10-10 22:23:51', 'app'),
('9cf47f069c27edfd0d25c4981daee91f47303607', 'testclient', '1', '2022-10-18 01:42:17', 'app'),
('9d61727f26d9a2f889d654c815049c718867b5ac', 'testclient', '1', '2022-10-11 22:37:06', 'app'),
('9db1005b9d53b6606dc72437105f15abb8f47909', 'testclient', '1', '2022-10-25 03:56:04', 'app'),
('9de2f25c1ae05b0edab1d3741f2d7933bc43a3ed', 'testclient', '1', '2022-10-18 01:38:58', 'app'),
('9e63103acfac7b826d3d403f3554cc53980c672e', 'testclient', '1', '2022-10-20 05:09:55', 'app'),
('9ea8a00c26a61092f67849c8e48bca605cfa6bfe', 'testclient', '1', '2022-10-31 22:17:03', 'app'),
('9ec111d5411c9194d84406f6e39796da6270e80d', 'testclient', '1', '2022-10-25 21:47:11', 'app'),
('9f1973b72f13cf632e6ae129ea9c2487e557cd4a', 'testclient', '1', '2022-11-01 02:29:01', 'app'),
('9f435b88f6f91c4d99545c265f7ce749d7fc9f8c', 'testclient', '1', '2022-11-01 00:25:02', 'app'),
('9f9fb42a1fd8ca9a39ebcb5cec82e4cd1caa0bf6', 'testclient', '1', '2022-10-13 01:41:19', 'app'),
('a0c08c968549479eb6f2ce3eaafaaa1fe170055a', 'testclient', '1', '2022-10-20 04:03:59', 'app'),
('a167140b22c8a1661b0e00bc90d7fc47fcbb7ddb', 'testclient', '1', '2022-10-18 00:45:23', 'app'),
('a2def0bb8e7717e26eb5931203fbacdfc47eafe1', 'testclient', '40', '2022-10-27 03:29:49', 'app'),
('a36ba788f3452659f1766773a78b74b9febc8fd6', 'testclient', '1', '2022-10-30 21:56:51', 'app'),
('a47eb3cb34b42962a6934ade0b4ac7a609539f5e', 'testclient', '1', '2022-10-11 02:47:53', 'app'),
('a48bd5443e66ae7b8601a33d15c5e4c7f73d23c3', 'testclient', '1', '2022-10-30 22:05:47', 'app'),
('a4c20adc5339c63ad8ca0b4aec52592c65e9be8c', 'testclient', '1', '2022-10-31 21:09:52', 'app'),
('a4c81e09afbc4cbdd26a16c03a8330340592f970', 'testclient', '1', '2022-10-18 01:38:58', 'app'),
('a558043954f62f64e032633fbd4694d15cbe6ff0', 'testclient', '1', '2022-10-25 01:53:21', 'app'),
('a58cdc7efe411bf88f3603470de0de9ba6204031', 'testclient', '1', '2022-10-11 03:46:07', 'app'),
('a59c9b3b29a7bc1948847b291770a5f2a69f4195', 'testclient', '1', '2022-10-25 01:54:00', 'app'),
('a5de058bfabe4473882fccf40d8b33b8400a3c99', 'testclient', '1', '2022-10-14 01:12:29', 'app'),
('a64528d154575b0395efcc712ea226d72d75bd52', 'testclient', '1', '2022-10-12 00:45:16', 'app'),
('a67cbaf9b0598e2333168e10c8e3538290c037a8', 'testclient', '33', '2022-10-27 01:36:37', 'app'),
('a6ef959f7fd090bed74193a70e5d7033d5aff192', 'testclient', '1', '2022-10-18 01:37:28', 'app'),
('a760c37f0702a5208761a972a9fb94fdcfd29a54', 'testclient', '1', '2022-10-11 22:37:06', 'app'),
('a789858e7c97a01c72c40c8f24b34ea12bbb130e', 'testclient', '1', '2022-10-27 04:14:39', 'app'),
('a8fc4bc8f1d7e9f73489becc8d106493ca90d0b6', 'testclient', '33', '2022-10-26 21:12:26', 'app'),
('a9c69288adad58fcd3f4dda825f049101c3c6103', 'testclient', '1', '2022-10-13 02:08:04', 'app'),
('aab08b7c7f4fedc3915f8447cf4a034569224b80', 'testclient', '1', '2022-11-01 00:15:20', 'app'),
('aaebc97ebcfbb8e798cef3de82c2efe5b9d8e48d', 'testclient', '1', '2022-10-31 01:33:13', 'app'),
('ab236b3fe16c1ae04f8b30ff0113c6c43bc2db17', 'testclient', '1', '2022-10-26 20:12:45', 'app'),
('abd44d999208c2dd0344803abb30acee40c6bf47', 'testclient', '1', '2022-10-31 01:48:08', 'app'),
('ac257876d13ac0b31e51c9bf156e1252c2cf3fc0', 'testclient', '1', '2022-10-20 21:09:33', 'app'),
('ac6fdd22b45413d5e7c80ca2eca69f9e2c275fb9', 'testclient', '1', '2022-10-03 02:14:42', 'app'),
('acd3d1a5291e1680c525184f172ece45e6c18f2b', 'testclient', '1', '2022-10-13 23:44:49', 'app'),
('acdcd1b78fbff7a027d1531e05b7bc8fe6283ed0', 'testclient', '1', '2022-10-11 23:27:39', 'app'),
('ad245cb347a917192dab32eb9ad1f6c1b8ffecb9', 'testclient', '1', '2022-10-13 02:02:13', 'app'),
('ae0e4928b0d6c66f3be85ab9534ab2d0739230a8', 'testclient', '1', '2022-11-01 02:07:43', 'app'),
('afefa37116da80112f5fb22761edb691107a11f8', 'testclient', '1', '2022-10-11 03:41:24', 'app'),
('b1a4e5ca1a9f39ac9888467a422e6a5471466c3f', 'testclient', '1', '2022-10-10 22:40:40', 'app'),
('b1a87c4de497ff7fb9d249204c1fa827b3dc5cd4', 'testclient', '1', '2022-10-31 20:53:53', 'app'),
('b31d675ed3e26ce4b3d151fabb81e5e17e5d29c7', 'testclient', '1', '2022-10-13 02:08:55', 'app'),
('b440fab4a9089db7ad3d97f32e5166b49f594987', 'testclient', '1', '2022-10-11 23:43:31', 'app'),
('b555ef4d5a694f4f7ccb866a224745041730676b', 'testclient', '1', '2022-10-18 01:38:09', 'app'),
('b759e773ba68214bb2d357b084d13fe3e2a23c4a', 'testclient', '1', '2022-09-29 00:55:27', 'app'),
('b834b87856ff5b1e27b1ccc837e1fb8c8ecdd63e', 'testclient', '1', '2022-10-03 02:01:01', 'app'),
('b8ce58bd2f698cbea74fa20bce74106f0931dfe3', 'testclient', '1', '2022-10-10 22:03:07', 'app'),
('b925aedd69a8d93d4cf0e69179782fc94d5bfe3a', 'testclient', '1', '2022-10-09 22:06:04', 'app'),
('b978ced34bda57015e2ebf13170e39753e83a2e2', 'testclient', '1', '2022-10-11 03:59:44', 'app'),
('b9980ebe51be561ff7d60f41de53e143d9715030', 'testclient', '1', '2022-10-11 03:59:44', 'app'),
('baa1e97f151bd4a16de35f2797936d4d313d2973', 'testclient', '1', '2022-10-30 21:42:01', 'app'),
('bac636c6347b51ef21d997847fc32cdf63017702', 'testclient', '1', '2022-10-13 01:56:54', 'app'),
('bb09a39f2156ac8d22a8ca47a39fcd509abdf1e4', 'testclient', '1', '2022-10-31 01:52:12', 'app'),
('bb34d962b1b7597eea2520fb07194711eb2df264', 'testclient', '1', '2022-10-13 02:22:19', 'app'),
('bb37ace1dceba32ac7a8f1d6a966d7cbb3980c32', 'testclient', '1', '2022-09-29 01:06:22', 'app'),
('bb8842cc87fb2f2a2317f4cec3986a626553c8b4', 'testclient', '1', '2022-10-31 03:29:22', 'app'),
('bbb51046700ef051786b6ec49c5ab8d258c43989', 'testclient', '1', '2022-10-13 01:56:15', 'app'),
('bc32d5fbd3b6a321204902570026783001a41ba4', 'testclient', '1', '2022-10-31 22:42:13', 'app'),
('bc408771f4ab9de9af6db57dbe02fa088b8b5257', 'testclient', '1', '2022-10-18 01:32:21', 'app'),
('bdc5668402625abe042ddfc4e523746d4b89bb1f', 'testclient', '1', '2022-10-11 01:22:46', 'app'),
('be29ebf37a0735e1c895336aefd0ea8a1084d4da', 'testclient', '1', '2022-10-11 04:23:48', 'app'),
('bf3c29b2edaac042e970cff71f8bbe1d2f2ea931', 'testclient', '1', '2022-10-06 00:25:23', 'app'),
('bf5a47582526f57c301cb8f25964e4f5d2b8f213', 'testclient', '1', '2022-10-19 04:02:18', 'app'),
('c05f8bd546d3eae31e20d43f5741e2ba3e5ea6d6', 'testclient', '1', '2022-10-13 02:11:08', 'app'),
('c0ace3210bfc81bbe4739727ccf767c7024af29a', 'testclient', '1', '2022-10-18 01:42:17', 'app'),
('c2176e88e3129d08e6d0fbe43a8124a6f4912624', 'testclient', '1', '2022-10-10 22:37:29', 'app'),
('c24b06e99fb9b63045309d2e378f308fc10cbb46', 'testclient', '1', '2022-10-12 04:50:10', 'app'),
('c4cc8e0ea647df9a1629aca0093f8c82868cbe4c', 'testclient', '1', '2022-10-18 20:51:17', 'app'),
('c559a11ebd18e8da1f6b18b8592c0179b4d3c9ca', 'testclient', '1', '2022-10-13 03:37:24', 'app'),
('c5e447c8d7d6eedc1a6b5ff38f1217ad0874b307', 'testclient', '1', '2022-10-20 21:10:26', 'app'),
('c617b4d3ad3534ca7df04130cbe536e05827639b', 'testclient', '1', '2022-10-10 22:21:08', 'app'),
('c61ab0029111cf0e252362df7ea9ba6486b79fb5', 'testclient', '1', '2022-10-18 01:38:58', 'app'),
('c630e8abe34b8ea735271a3935a7b712388e4e94', 'testclient', '1', '2022-10-18 00:48:56', 'app'),
('c6b09c4763496fe49b4e36cec1e8c50d9f2833e4', 'testclient', '1', '2022-10-19 00:34:48', 'app'),
('c8c99f23b3fbadf546c71357b0862d9a23dc442d', 'testclient', '1', '2022-10-20 21:05:44', 'app'),
('c92fb83ad32946ff1b923c34abcf5ea37bcf91ee', 'testclient', '1', '2022-10-06 00:27:05', 'app'),
('c9425a41082755056fc4ce08b711bc84abedb313', 'testclient', '1', '2022-11-01 01:43:16', 'app'),
('c9dc5c8ffa5419684eca66b1fa427c713d57952c', 'testclient', '1', '2022-10-05 22:49:17', 'app'),
('c9f3a1896d5231aa4c088c5b0dc0255081993021', 'testclient', '1', '2022-10-31 01:37:52', 'app'),
('c9f52553fd525f41c7c0c85974ece7ac576c2f38', 'testclient', '1', '2022-10-30 21:50:01', 'app'),
('ca1e62114e4094887ee3eadf3b52d4f12fac2fe3', 'testclient', '1', '2022-10-09 21:29:55', 'app'),
('cac95b806b24c8aa6fde2ca874d91b05258833d7', 'testclient', '2', '2022-09-28 05:53:13', NULL),
('cb350bbdd080d72e6e197bbb38c3404b755e81dc', 'testclient', '1', '2022-11-01 01:51:10', 'app'),
('cbf1b4690ac42756428d0ac05e12ac7c3b7ac54c', 'testclient', '1', '2022-10-31 21:12:56', 'app'),
('cc9dcf15b2bf9746aacbefd8571b26f092fcc190', 'testclient', '1', '2022-10-20 20:12:23', 'app'),
('ccf9dce4b443d02f48c9d14be423d4941f8e778d', 'testclient', '1', '2022-10-13 01:58:56', 'app'),
('cd05b9469d4a2d4623dc4151ce7c3229b43646d3', 'testclient', '1', '2022-10-30 22:56:52', 'app'),
('cd0a465436c51c6ab833650a85b0189fb83586e3', 'testclient', '1', '2022-10-18 01:34:09', 'app'),
('cd3c701947118056f5e81c5d39372eff423c788d', 'testclient', '1', '2022-10-18 01:42:17', 'app'),
('cd6e194debd054baf9b249255058c3c6951b4020', 'testclient', '1', '2022-10-31 22:29:11', 'app'),
('ce154d1d503af22c488cb344bb6b8147d752d804', 'testclient', '1', '2022-10-31 03:44:51', 'app'),
('cfb9d81ce0f2c9700b2b18678b2386695dc9ffdb', 'testclient', '1', '2022-11-01 02:05:10', 'app'),
('cfcba9fed5d8b8d2b55d11e25b59108e68e853c9', 'testclient', '1', '2022-10-18 01:40:46', 'app'),
('d09724d940a42606c71922ea673f8303ff0d63ca', 'testclient', '1', '2022-10-31 21:08:48', 'app'),
('d114dffe33787f531369c48081570a8ba13c49e7', 'testclient', '1', '2022-10-13 02:24:44', 'app'),
('d1367e1f2359006dd555635a4e7db549245bd774', 'testclient', '1', '2022-11-01 00:24:11', 'app'),
('d29300e6553382dcc17985139a1cdaa9e205edc5', 'testclient', '1', '2022-10-12 00:25:50', 'app'),
('d296c83848d29ed2c72086e6e1e8917167c82887', 'testclient', '1', '2022-10-18 01:45:45', 'app'),
('d2aa2933f7f7223a2d64c620f06c309a97dddb51', 'testclient', '1', '2022-10-19 00:08:46', 'app'),
('d2def272801692ac3407d8c2d5aafd3e7f6d7aa5', 'testclient', '1', '2022-11-04 04:02:58', 'app'),
('d3aedb668c9e9de17e75bf1fe414a44de2e078c5', 'testclient', '1', '2022-10-10 22:39:12', 'app'),
('d550be1879a595155d7a2b06d8f550860887be96', 'testclient', '1', '2022-10-31 01:32:45', 'app'),
('d5f2d1d2a486b5905543072bb9f7b578601c2a3c', 'testclient', '1', '2022-10-18 01:36:37', 'app'),
('d6878f5db738ef48ce147a4c246322c558c11fa7', 'testclient', '1', '2022-09-29 00:49:35', 'app'),
('d7b2fd230c7530a0d9e6c79775d7bbf531a1d265', 'testclient', '1', '2022-10-14 01:09:48', 'app'),
('d80a4508457fae6967b533e18bc4b66058f65c2d', 'testclient', '1', '2022-10-20 04:02:42', 'app'),
('d88cc26597d1af4051ebbbf2eb5779373a202eb2', 'testclient', '1', '2022-11-01 00:17:47', 'app'),
('d92a8d19ef047196a16da8591b22c06900d6e22a', 'testclient', '1', '2022-10-18 00:52:59', 'app'),
('d960422c773d14556a2c861523edb567198e2447', 'testclient', '1', '2022-09-28 06:00:15', 'app'),
('da3d88e1412b820f20edd2dc6dbaf095546f85e9', 'testclient', '1', '2022-10-18 01:38:09', 'app'),
('daf72711e129c4151c6d4b7016c5a1355eed0974', 'testclient', '1', '2022-10-14 01:28:50', 'app'),
('db080af7225bf36ae71bcc8aad96bfda71979d1f', 'testclient', '1', '2022-10-18 01:40:46', 'app'),
('dc332bbab6252230315f9a7d572d9e30edf6c8bf', 'testclient', '1', '2022-10-10 23:49:03', 'app'),
('dc55ee9ef939464b53744d451b6450fb6c21b60f', 'testclient', '1', '2022-09-30 01:48:21', 'app'),
('dd251941533f08402a5b144bb7d2d4049212d0aa', 'testclient', '1', '2022-10-10 22:05:50', 'app'),
('dd50c100c6faaa9e244cef557811f99ff2e1d9c6', 'testclient', '1', '2022-10-13 02:13:42', 'app'),
('dd5f1b96e0ad4def3c70ec70b167b0c731d82d46', 'testclient', '1', '2022-10-13 02:04:40', 'app'),
('dda60e82283d1b4f450d19f5d5a9f6e96b7d8396', 'testclient', '1', '2022-10-31 01:35:13', 'app'),
('df1e472ba0317e791e2bc4ecfed1b8aaad41ffac', 'testclient', '1', '2022-10-10 22:35:53', 'app'),
('df40c61f8d9f138c0758eea3ac3e56d33b1fc574', 'testclient', '1', '2022-11-01 00:25:37', 'app'),
('e0e9282855870c34bf8ad0cda90b401c3a35844a', 'testclient', '1', '2022-11-01 00:13:38', 'app'),
('e1fd1a0c3c44b27c1dfe8a6a4f9826fa715e4f22', 'testclient', '1', '2022-10-19 00:10:47', 'app'),
('e242350f070ef2a17e68e8e258c33e4610d8055f', 'testclient', '1', '2022-10-10 22:42:31', 'app'),
('e2604be55d2cc4e5356c19b15ce3030ec17d02a3', 'testclient', '1', '2022-10-10 22:41:14', 'app'),
('e2818aced7316c78783763ce7da5c7121a737f22', 'testclient', '1', '2022-10-13 02:11:08', 'app'),
('e37faeec5bbc79b022b57293a3b8259861bfbca7', 'testclient', '1', '2022-10-18 01:36:38', 'app'),
('e5484bd5f0c38ea6a33110eee66140c767ca08c4', 'testclient', '1', '2022-10-06 23:45:58', 'app'),
('e553b67d9d322776defa103e745bb68b88c4d5eb', 'testclient', '1', '2022-10-11 04:21:23', 'app'),
('e578225932856050f41f144a3eca7aa22f2c45e4', 'testclient', '1', '2022-10-13 02:01:59', 'app'),
('e5b8e2958257870738fff8d278af4c1b8e964a0c', 'testclient', '1', '2022-10-18 00:46:32', 'app'),
('e5bcd3f36483c5bae2571c503594a580dca03cee', 'testclient', '1', '2022-10-27 01:37:32', 'app'),
('e602040e6efd34ef8cd24c84a509fa1652893199', 'testclient', '1', '2022-10-30 21:45:17', 'app'),
('e6102277ecfae1cdc999ea646d5b664cb7582686', 'testclient', '1', '2022-10-18 01:45:44', 'app'),
('e65d60d78f9e290da581c9f5281099a204d8daed', 'testclient', '1', '2022-10-19 02:11:03', 'app'),
('e79c92e6988074cbd0c713c409f5af7452f59176', 'testclient', '1', '2022-10-31 22:31:16', 'app'),
('e79f0ea59099aec9124342f85b3683b65eeda2be', 'testclient', '1', '2022-10-31 01:22:08', 'app'),
('e80cc8654ebe934a80be501ef935c3dbc2fa519c', 'testclient', '1', '2022-10-09 23:15:29', 'app'),
('e85392c27cf67302736c23543a6703c783b50971', 'testclient', '1', '2022-11-01 00:20:18', 'app'),
('e8615d36ba3055c7c678c2a50a204620a113af30', 'testclient', '1', '2022-10-18 01:38:59', 'app'),
('e985eb60c6bf6e00bb76c398cf34478292689ef2', 'testclient', '1', '2022-10-31 01:18:48', 'app'),
('e9f9392294207b0ff0797eaf6c946eebd27cbfa7', 'testclient', '1', '2022-10-18 00:51:35', 'app'),
('ea161cceae93de2faa610d4a87cb8d89af622546', 'testclient', '1', '2022-10-13 02:08:55', 'app'),
('ea6f90558d2931cd4440d6c3c4d464fc0d7990f9', 'testclient', '1', '2022-10-10 22:40:46', 'app'),
('ea8fc0534ea8c4651e37cbb1e33f78a340592780', 'testclient', '1', '2022-10-18 00:47:37', 'app'),
('eb8aefa1351883466d4a17c4d33af63f818e6784', 'testclient', '1', '2022-11-01 00:15:59', 'app'),
('ecc0a34e264bd0262a0f56449a383f1baf883901', 'testclient', '35', '2022-10-26 22:13:52', 'app'),
('ed1482e9ad684529a12598051dc8f616e817193c', 'testclient', '1', '2022-10-31 22:22:54', 'app'),
('ee58dcd3d378767644896eca00d32f8356d72d52', 'testclient', '1', '2022-10-31 21:07:39', 'app'),
('ee5d081ec7b4e609a2711db01708d53122e9650f', 'testclient', '56', '2022-11-04 03:44:28', 'app'),
('efc62a906d50682965cc5ce6986571398b96bc6c', 'testclient', '1', '2022-10-30 22:55:07', 'app'),
('f0658169e0afbf7ec5e70352171217109d448259', 'testclient', '1', '2022-10-13 01:44:20', 'app'),
('f096cf8ccf5ab4e364023a18964343d9d6e5cdd2', 'testclient', '1', '2022-10-10 22:23:53', 'app'),
('f0a31b2f908210415b7c94619750f18b82101395', 'testclient', '1', '2022-10-18 01:37:28', 'app'),
('f13ff7b779bbaeff31a9d1529d5daaf1e649aa55', 'testclient', '1', '2022-10-20 20:02:07', 'app'),
('f17aef89202125605b4a629d885fb2f0661147cf', 'testclient', '1', '2022-10-11 22:16:09', 'app'),
('f1d09858051bb54b905237063431b465f3cc616b', 'testclient', '1', '2022-10-31 01:19:25', 'app'),
('f3658c41976a9413ae04fb14a492cb370e640a04', 'testclient', '1', '2022-10-14 01:05:55', 'app'),
('f37a11753390b781a8a0cef2833e0525b460421c', 'testclient', '1', '2022-10-13 02:25:10', 'app'),
('f46a1d8ca9d200d131e08eb4532d82b00db87f82', 'testclient', '1', '2022-09-29 01:09:11', 'app'),
('f4ca06d1feecac1178673393b7eb340595c7506b', 'testclient', '1', '2022-10-18 01:41:28', 'app'),
('f5154b40632d4cf46cf92f6f4e7a15b1a606ab0b', 'testclient', '1', '2022-10-10 22:37:15', 'app'),
('f559755dd4ac54c6419365fc6ee29153fd5f6a63', 'testclient', '1', '2022-10-21 04:11:38', 'app'),
('f62f260a37f42fe6fdfb6de0808b48750b976b84', 'testclient', '1', '2022-10-18 00:43:51', 'app'),
('f63f4cd6fab24a6a4a40bd776df61ea676d3ade9', 'testclient', '1', '2022-10-10 22:06:44', 'app'),
('f653583228d7fed07612504e9557ed8c1cdc63d9', 'testclient', '1', '2022-10-18 01:32:21', 'app'),
('f6a69ced982f7e539ae39a51f8d22a169a5fee89', 'testclient', '1', '2022-11-01 00:14:37', 'app'),
('f6ec279d5f1e63f4cadd3768a55edc9e5880e9d0', 'testclient', '1', '2022-10-05 21:44:44', 'app'),
('f70286a2f27f1879c1dd3486c2ff77a707cc3870', 'testclient', '1', '2022-10-31 01:47:29', 'app'),
('f8313228decd67b8fa641b6249ff566cc3b1f39a', 'testclient', '1', '2022-10-31 22:11:04', 'app'),
('f8a328378e78c7fca890f9b0d73dc2059f07cf85', 'testclient', '1', '2022-10-18 01:41:28', 'app'),
('f911e21f90131cdebe6414e9eaf3d2d853d12d1a', 'testclient', '1', '2022-10-12 02:08:02', 'app'),
('f91fcce9c0e2749485755bcb4ca23bae06aa0717', 'testclient', '1', '2022-10-18 00:49:54', 'app'),
('f9b405cb4387998246fdd9ddaebb3678ea23ee38', 'testclient', '1', '2022-10-18 01:36:38', 'app'),
('f9c967787ef6ea0eeb028fa009d223fa3e951145', 'testclient', '1', '2022-10-31 22:13:02', 'app'),
('fa40334bf831ec9c7c0de6fc455a977fd54282cd', 'testclient', '1', '2022-10-31 00:57:26', 'app'),
('fae7377f2b68cb92996b5b0af82f61e9e45e04bc', 'testclient', '1', '2022-10-18 01:38:09', 'app'),
('fb187c6686488247bb0f8c99b0d14bb1363bf555', 'testclient', '1', '2022-11-01 01:24:42', 'app'),
('fb46928c030602cb1acf36e020f29f4e7d6d1aa8', 'testclient', '1', '2022-11-01 02:31:16', 'app'),
('fba8b9973e4960ac2bbad91d625805e5952ed0f1', 'testclient', '1', '2022-10-25 01:52:23', 'app'),
('fbe0b5ecff4ffe56ea7194af1438fe1125bb5555', 'testclient', '1', '2022-10-13 23:01:37', 'app'),
('fccd5c5be0576580199cefbbc475a8085bb54c0e', 'testclient', '1', '2022-10-10 22:19:21', 'app'),
('fe6fd35f07720aa6d06820bf097b0f66a96ed716', 'testclient', '1', '2022-10-13 02:01:30', 'app'),
('feed818476ae58c6c45ea892a682ceede6a46601', 'testclient', '1', '2022-11-03 03:32:56', 'app'),
('ff1f4c7be35a8f2ebfb4bf0df276886af701f3cb', 'testclient', '1', '2022-10-10 22:05:52', 'app'),
('ff738e4b043ab664459306c2ff6ac560b4147a34', 'testclient', '1', '2022-10-10 01:17:45', 'app'),
('ffea829592d08758420c7a8e58952ffd94291024', 'testclient', '1', '2022-10-31 01:22:36', 'app');

-- --------------------------------------------------------

--
-- Table structure for table `oauth_authorization_codes`
--

CREATE TABLE `oauth_authorization_codes` (
  `authorization_code` varchar(40) NOT NULL,
  `client_id` varchar(80) NOT NULL,
  `user_id` varchar(80) DEFAULT NULL,
  `redirect_uri` varchar(2000) DEFAULT NULL,
  `expires` timestamp NOT NULL DEFAULT CURRENT_TIMESTAMP ON UPDATE CURRENT_TIMESTAMP,
  `scope` varchar(4000) DEFAULT NULL,
  `id_token` varchar(1000) DEFAULT NULL
);

-- --------------------------------------------------------

--
-- Table structure for table `oauth_clients`
--

CREATE TABLE `oauth_clients` (
  `client_id` varchar(80) NOT NULL,
  `client_secret` varchar(80) DEFAULT NULL,
  `redirect_uri` varchar(2000) DEFAULT NULL,
  `grant_types` varchar(80) DEFAULT NULL,
  `scope` varchar(4000) DEFAULT NULL,
  `user_id` varchar(80) DEFAULT NULL,
  `user_domain` varchar(200) NOT NULL
);

--
-- Dumping data for table `oauth_clients`
--

INSERT INTO `oauth_clients` (`client_id`, `client_secret`, `redirect_uri`, `grant_types`, `scope`, `user_id`, `user_domain`) VALUES
('asdsadasd', 'asdsadsa', NULL, NULL, NULL, '38', ''),
('asdsadsa', 'dasdasd', NULL, NULL, NULL, '33', ''),
('check234', 'che', NULL, NULL, NULL, '40', ''),
('sadasdsad', 'asdasdasd', NULL, NULL, NULL, '34', ''),
('sdfdsfdsf', 'sdfdsfsdfsd', NULL, NULL, NULL, '35', ''),
('testclient', 'testpass', NULL, 'password refresh_token ', 'app', '1', 'testone.cilentapp'),
('ttttttt', 'xcvcxv', NULL, NULL, NULL, '37', '');

-- --------------------------------------------------------

--
-- Table structure for table `oauth_jwt`
--

CREATE TABLE `oauth_jwt` (
  `client_id` varchar(80) NOT NULL,
  `subject` varchar(80) DEFAULT NULL,
  `public_key` varchar(2000) NOT NULL
);

-- --------------------------------------------------------

--
-- Table structure for table `oauth_refresh_tokens`
--

CREATE TABLE `oauth_refresh_tokens` (
  `refresh_token` varchar(40) NOT NULL,
  `client_id` varchar(80) NOT NULL,
  `user_id` varchar(80) DEFAULT NULL,
  `expires` timestamp NOT NULL DEFAULT CURRENT_TIMESTAMP ON UPDATE CURRENT_TIMESTAMP,
  `scope` varchar(4000) DEFAULT NULL
);

--
-- Dumping data for table `oauth_refresh_tokens`
--

INSERT INTO `oauth_refresh_tokens` (`refresh_token`, `client_id`, `user_id`, `expires`, `scope`) VALUES
('00f793c98599c0f94fed4dad4158b716c1fe4a25', 'testclient', '1', '2022-10-25 03:00:46', 'app'),
('01a573d579a76d3502ff9e7f969b36c983e28abd', 'testclient', '1', '2022-10-24 21:21:08', 'app'),
('028b1019925fb0b1604e484bd845a79d4bc3f8dc', 'testclient', '1', '2022-10-25 01:24:00', 'app'),
('02a205ff6bf48db8b9bbf9ca663e797a9b6d9981', 'testclient', '1', '2022-10-27 01:01:59', 'app'),
('036f8670bd08ccece4d3ebccd7524180943e3ef4', 'testclient', '1', '2022-10-24 21:03:07', 'app'),
('03b4a77fe7eaab1dd02c7a446c82fe4e49c675c5', 'testclient', '1', '2022-10-27 01:04:40', 'app'),
('03e4089521155b4c7e63bbb76800a1d464756d12', 'testclient', '1', '2022-10-27 00:56:15', 'app'),
('042d6403f26554f2ad8c089942df6bab5a57efb1', 'testclient', '1', '2022-11-08 20:38:06', 'app'),
('05397f2b4590dbc8c1558cc8fb32f5c022cc7868', 'testclient', '1', '2022-11-15 00:29:50', 'app'),
('0669c861fc39c63ca0199b7a94c2e70e57ea0b7e', 'testclient', '1', '2022-11-13 23:52:12', 'app'),
('06717d369d5973cbb0d9484dc55ae4718093847a', 'testclient', '1', '2022-11-03 20:05:07', 'app'),
('0699dbcd25376e2a4330129ddbf62ea46138dcc5', 'testclient', '1', '2022-10-27 22:41:04', 'app'),
('06b586636720a904629c0df275a9968c3a1fe674', 'testclient', '1', '2022-11-17 18:13:30', 'app'),
('07399106e1d05e94740703c511484270dfe99403', 'testclient', '1', '2022-11-18 02:02:58', 'app'),
('07478fc86dfbf255a7a473ae27039c95ceb627de', 'testclient', '1', '2022-10-25 00:22:46', 'app'),
('0771f6f977f31e0671d794a331a7b467278d16a7', 'testclient', '1', '2022-11-01 00:38:58', 'app'),
('07a406c921f0492d5a4c6df8d1f2046987d38b49', 'testclient', '1', '2022-11-13 21:13:00', 'app'),
('08a139002cb66917712ba07f708a8f0b6d07789a', 'testclient', '1', '2022-10-27 01:02:13', 'app'),
('093cbe76ff6805174cde31ae209af671975e091c', 'testclient', '33', '2022-11-09 19:12:26', 'app'),
('09f824a869003be7f51de857ced6bf62751145e4', 'testclient', '1', '2022-10-24 21:06:44', 'app'),
('0b4116a4cf55e886fbb5cd1545f72f1b5b4f0155', 'testclient', '1', '2022-10-13 00:09:11', 'app'),
('0b486ec7a424f4d210fc363b05dc9e5c0bb0e97d', 'testclient', '1', '2022-11-17 19:28:47', 'app'),
('0be847bef213db3ed96b9c3dcb51e0586d4eb9f4', 'testclient', '1', '2022-11-13 19:37:01', 'app'),
('0cbae09e76159a4840db4821a230a4cbda0c5adb', 'testclient', '1', '2022-10-24 21:23:51', 'app'),
('0db3ef0088e0bfec876a1233416b1ad7db26ae40', 'testclient', '1', '2022-11-14 22:24:11', 'app'),
('0de4601c182abb5f8115cdbfc0ac9ca65634c7d2', 'testclient', '1', '2022-11-07 23:46:52', 'app'),
('0e979beca0a10e425b1cc448c74c596e4aaff7b5', 'testclient', '1', '2022-11-14 18:53:53', 'app'),
('0ec08dbc960c2a6165c8a08a0cb876861305beb4', 'testclient', '1', '2022-10-12 05:00:15', 'app'),
('0efb819ab3aeda0eaa77f6c743764cdb8a2f2abb', 'testclient', '1', '2022-11-14 19:07:15', 'app'),
('102381bbf1da82a822a7bc4f257d00732dea4bc6', 'testclient', '1', '2022-10-25 22:43:31', 'app'),
('105cc385668d8bad645a3e987cec3ec6fa6c5182', 'testclient', '1', '2022-10-24 21:42:48', 'app'),
('108ebaa21fa13d351ec2c86e3724743942f26383', 'testclient', '1', '2022-10-25 01:47:53', 'app'),
('123676a74a206fafa823eed25c5af9e02fb4fc03', 'testclient', '1', '2022-11-14 20:31:16', 'app'),
('135267fc207e7ac7627e184f3d3703f99b007327', 'testclient', '1', '2022-11-14 18:57:04', 'app'),
('141db15bcdc627cceb90fc0017c7c0e377d0221e', 'testclient', '1', '2022-11-07 23:53:51', 'app'),
('143fd3da7398e8aab6dbf264bce8aad0f1e8b356', 'testclient', '1', '2022-10-24 21:41:14', 'app'),
('14649c4ba9e576844fe12ad6013ed9c18342147c', 'testclient', '1', '2022-11-14 22:15:59', 'app'),
('146e8b90690006509116854bccc978215fb68094', 'testclient', '1', '2022-11-08 20:28:14', 'app'),
('14e89b5e4347449c017d72a4b2f2fdde5b101804', 'testclient', '1', '2022-10-24 21:40:40', 'app'),
('15eac464fb6972397d6b6cf6c9450b3c67782d4b', 'testclient', '33', '2022-11-09 23:36:37', 'app'),
('167c75d803abf69efa4bc22827d12e837c6600f0', 'testclient', '1', '2022-11-13 17:52:43', 'app'),
('17ab9aa2813e9fefaa2a7dda95e54065839906e7', 'testclient', '1', '2022-11-01 00:40:46', 'app'),
('1962fc8800f8d8208dc38714025ae5fd3a5a11af', 'testclient', '53', '2022-11-16 22:15:32', 'app'),
('19771a1f3dc8aa6582ea286446a9f1feed1a668e', 'testclient', '1', '2022-11-13 20:05:47', 'app'),
('1b63abd837054f3783952c7bffe01d50f751940e', 'testclient', '1', '2022-10-24 21:40:48', 'app'),
('1bcd3ca2bc4d43cc66ccdba0c10412dd7fefeb1e', 'testclient', '1', '2022-11-14 19:10:46', 'app'),
('1c46b8eb20bbead3ae8dba258c342ec6fbb07401', 'testclient', '1', '2022-10-24 21:37:29', 'app'),
('1ca7ab7424974cf5f4ea5f4a0224f3e5807b5f75', 'testclient', '1', '2022-11-01 00:45:45', 'app'),
('1e071691a475912af05eaa18a0147a3bfc31bc87', 'testclient', '1', '2022-10-13 00:56:41', 'app'),
('1ea84c31ee0214421a6053bf7b250c909e1474a5', 'testclient', '1', '2022-10-24 20:07:54', 'app'),
('1ed53cff5abff524823980a5c0bcc5d98e78058b', 'testclient', '1', '2022-11-14 19:07:39', 'app'),
('1f36641c644c67cf5fe5785d3a5f0f8314c7b482', 'testclient', '1', '2022-11-13 21:12:50', 'app'),
('1f3b60fe426ee167515b0a239300059731bb1ecf', 'testclient', '1', '2022-10-25 20:46:35', 'app'),
('1f4b5c5b38422cef0585a958ea0c896b08dd08a4', 'testclient', '1', '2022-10-19 20:09:47', 'app'),
('1fc5863f4745f25b341aaa95b7bce77e153e21b3', 'testclient', '1', '2022-10-19 20:44:17', 'app'),
('207994aa1b915276c3cdf6c7de13b787f4cc6dd3', 'testclient', '33', '2022-11-09 23:39:37', 'app'),
('211961869cde7f8d0039a551742ff4e36381b63d', 'testclient', '1', '2022-11-03 20:06:31', 'app'),
('2159c28b25b8385033e65e9eacb50df738b40952', 'testclient', '1', '2022-11-14 19:24:35', 'app'),
('216fbc5b6a6a5c5932129087b9c03bfc3a8b2581', 'testclient', '1', '2022-10-27 01:22:19', 'app'),
('21a2b6ffc86ed9e2895523107e43357b592649d4', 'testclient', '1', '2022-10-24 21:19:25', 'app'),
('228417e750ce1c4923063498848503b6770d88a8', 'testclient', '1', '2022-11-01 00:37:28', 'app'),
('22b17f843667dd454043686be23b714575ff1532', 'testclient', '1', '2022-11-13 22:57:26', 'app'),
('22eb39d98021701f0b2c870ad645459bd7a5cbb8', 'testclient', '1', '2022-11-01 00:42:17', 'app'),
('25507fce9ebbd9f345668e1ca701ce11243067ab', 'testclient', '1', '2022-11-01 00:40:47', 'app'),
('259d92f52b78520c9caee1fbf40d4e348c7adbb9', 'testclient', '1', '2022-11-14 20:19:48', 'app'),
('25ecca6c65b41a1ac09a76edd9d4b3b86fc42c33', 'testclient', '1', '2022-11-13 19:50:01', 'app'),
('2668dcf62c5e8f7ccd493d54eca8b1014f93daf1', 'testclient', '1', '2022-11-01 00:36:37', 'app'),
('2736c3f8c4485e1528a04d406060a2f054a09661', 'testclient', '1', '2022-10-21 02:40:27', 'app'),
('2778dd100b05353b7ba0731003ab214d9275b94f', 'testclient', '1', '2022-10-24 21:41:32', 'app'),
('27c06f6e048f9621f5fa770d5c9ad75831d2561b', 'testclient', '1', '2022-10-27 01:08:04', 'app'),
('280749d41b6b6eea1c1f3c98724e853028af926e', 'testclient', '1', '2022-10-25 03:21:23', 'app'),
('28b2d3e52e21d26423eabbf5c48472bf35eb9684', 'testclient', '1', '2022-10-25 22:18:15', 'app'),
('2abbe6e5e90b5b071ddf5923e0388dc96e520b0a', 'testclient', '1', '2022-10-25 02:41:24', 'app'),
('2accc3dbe0e8055646d14d9668f06dfbe5584f0b', 'testclient', '55', '2022-11-17 19:29:49', 'app'),
('2b106ae72a020929eaf11d189531fbe073a651ab', 'testclient', '1', '2022-11-13 19:43:34', 'app'),
('2c125b42f5e871700679c0ed67efbbdf96f832cf', 'testclient', '1', '2022-11-13 19:42:01', 'app'),
('2c58713aa7a4933321cdfc3ba923d588369622be', 'testclient', '1', '2022-10-17 01:01:01', 'app'),
('2e0ef2d10029c9e0082aa9ab9b7557fbee7dacef', 'testclient', '1', '2022-11-01 00:36:38', 'app'),
('2e39a8620afbf7bc6f9746bce695329632ba12df', 'testclient', '1', '2022-10-25 02:59:44', 'app'),
('2ec2efaf2353ff398ff597002268ec3d992ff7f6', 'testclient', '1', '2022-11-01 00:34:09', 'app'),
('2f155382e2568722c51d5ec0f2c7beae1d86faef', 'testclient', '1', '2022-10-17 01:14:42', 'app'),
('2fffaa66f304db2eb74513bedc517288cc62e002', 'testclient', '1', '2022-11-09 18:13:03', 'app'),
('31237bb7d595c8b58e0f8c00d42929f66144a5c9', 'testclient', '1', '2022-11-02 21:54:29', 'app'),
('3198914fdb58e903da6efe47f5c19009d8f06ea4', 'testclient', '1', '2022-11-15 00:29:01', 'app'),
('325fba881bc183f217122fce4610cd4e5a298fcb', 'testclient', '1', '2022-11-18 01:03:52', 'app'),
('327b38e954c1a126517e3598758a623c46d73003', 'testclient', '1', '2022-10-20 22:45:58', 'app'),
('32d26762d4696827b36aede184e5478e218ec9a3', 'testclient', '1', '2022-10-27 00:56:54', 'app'),
('364ff3579c30ec36ca429ed7b5cec464f9d81935', 'testclient', '1', '2022-11-13 22:57:14', 'app'),
('36caf4787ff639edb14ac1eb7fe65ece3e2117ac', 'testclient', '1', '2022-11-10 02:14:39', 'app'),
('37b105a795c97fcb85f73c321083fe64611192c1', 'testclient', '15', '2022-11-17 22:45:11', 'app'),
('37bbf7e83dd0e083c4f9f3537bc0bff4493a48b5', 'testclient', '1', '2022-11-14 20:13:02', 'app'),
('381a44a0f194fcf00fe8f4ec0aee89f3a53a9385', 'testclient', '1', '2022-11-15 00:58:36', 'app'),
('395ae0ad3fd164e26048f062a13a4cef254d7136', 'testclient', '1', '2022-10-24 21:37:19', 'app'),
('3a5c699fdddf22af92b624ed4d77ac38c0b84901', 'testclient', '1', '2022-11-01 00:36:37', 'app'),
('3ab412edf8f1e38268801443ec0d13f09b0efafe', 'testclient', '1', '2022-10-24 21:05:50', 'app'),
('3ad01b66a2471a37cd8b1381343b3cd20a0caf2e', 'testclient', '1', '2022-10-14 01:28:39', 'app'),
('3b2ceb40e9b1fd8723f8be3b80804aac5ddca474', 'testclient', '1', '2022-11-01 00:42:18', 'app'),
('3b82322fb8511ea1d5d152f0afa78a2c7860325c', 'testclient', '1', '2022-11-02 19:38:48', 'app'),
('3c79f38e4263a14c75a32b311203c81435c4002d', 'testclient', '1', '2022-10-24 21:05:45', 'app'),
('3c92c30f8240b893ae11ff3a9d5e857b60647ea9', 'testclient', '1', '2022-11-03 20:10:59', 'app'),
('3ce417b90aec097403d6eac5354b9b549da50e8d', 'testclient', '1', '2022-10-27 01:02:13', 'app'),
('3e355d00e9910ade85a430306184413a257e4265', 'testclient', '1', '2022-10-24 03:10:55', 'app'),
('3e544b1f3239b5f2c77c683d38df489709afa07b', 'testclient', '1', '2022-11-01 00:40:46', 'app'),
('3e772c6db0ff8b8f99c486df77b7aab0d9a5ef16', 'testclient', '1', '2022-11-04 03:11:38', 'app'),
('3f12d102588d67777eddfb96ad8bc228183184f4', 'testclient', '1', '2022-10-31 23:45:23', 'app'),
('3f15d1d12ebc38a1513d5c090b14763cc4c444fe', 'testclient', '1', '2022-10-25 22:27:39', 'app'),
('3f40b3f164e631ccf3db624af9831633b3b794dd', 'testclient', '1', '2022-10-25 21:06:56', 'app'),
('3fca10c22e826d255163b2d7309d09cb98f9f8f9', 'testclient', '1', '2022-11-14 23:57:57', 'app'),
('4071faa3ed8f0038bff99d1dfd10012fa56180dc', 'testclient', '1', '2022-10-27 01:23:09', 'app'),
('418027bbc82945db63222ec394419da96e63aff4', 'testclient', '1', '2022-11-14 20:15:27', 'app'),
('43e4539119dc2710baa7861e3042b7618a776721', 'testclient', '1', '2022-10-31 23:43:51', 'app'),
('44b92bb93f1c9f78e0916320ad64daee0f8e55a1', 'testclient', '1', '2022-11-14 22:17:47', 'app'),
('44ea882e5fe39efa4cfac3065ba9aaab71ed97fc', 'testclient', '1', '2022-10-27 01:14:01', 'app'),
('46628feff0ec5c2c0854437089ed751e469940af', 'testclient', '1', '2022-10-23 20:28:04', 'app'),
('46672d2d0f1fce1f42ce2795f65fcb126d1fdc64', 'testclient', '1', '2022-11-01 23:05:33', 'app'),
('4669ca83056301296a0d3ca2fd1684b97e484ed9', 'testclient', '1', '2022-10-27 01:07:45', 'app'),
('470975ecb4b24f94ec5dfd70a0ddcb4d34cd97cc', 'testclient', '1', '2022-11-08 19:47:11', 'app'),
('47c3941254c6788b5d3ce9bf5e2a2b5763496f82', 'testclient', '1', '2022-11-13 23:19:25', 'app'),
('4878964dcbe14c1363e2a6afe99039e2805653b7', 'testclient', '1', '2022-10-27 01:13:15', 'app'),
('4906763cf1d86592d9a7356ec214e96249450d91', 'testclient', '1', '2022-11-03 20:04:12', 'app'),
('494f29cc0ff15a5c5a9f9a61fc51d35ef8c82716', 'testclient', '1', '2022-11-14 20:46:35', 'app'),
('49a677b49e0f197f3ca0fedeece8965398d71786', 'testclient', '1', '2022-11-14 22:14:37', 'app'),
('4a1635f6fbfaa76b470129be8ed9678d9c38d571', 'testclient', '1', '2022-11-14 20:42:13', 'app'),
('4a30ce6138fdf97003e227f428a88bd3cadbbec5', 'testclient', '1', '2022-10-13 00:06:22', 'app'),
('4afe41ec76c6427ed887227981684b35e6fe83e5', 'testclient', '1', '2022-11-03 20:09:33', 'app'),
('4c348e8d6010035b8905f475f65bb34f112b4c4f', 'testclient', '1', '2022-11-01 23:08:46', 'app'),
('4c5554763896187c3b438b704219af3775cd85e2', 'testclient', '1', '2022-11-01 00:36:38', 'app'),
('4cc33ba0207de77985bbe63fc79f04a84e03a206', 'testclient', '1', '2022-11-13 23:21:52', 'app'),
('4d19360cdd840c652e3abce5958d9829e4f3898b', 'testclient', '1', '2022-10-24 21:13:17', 'app'),
('4d53c814a36533142603aec46e1fd2a990b0a6dd', 'testclient', '1', '2022-11-13 23:24:15', 'app'),
('4e647846f93569b4f8216a27c65b89946a937638', 'testclient', '1', '2022-11-03 03:58:16', 'app'),
('4ed7799d4c6044a20118b438dcc2bd3531b4878b', 'testclient', '1', '2022-11-01 00:42:17', 'app'),
('4f63f185b24b5e22053163fca84055ac40856ec5', 'testclient', '1', '2022-10-24 21:40:46', 'app'),
('5001e0038f94c2ef38e781522f387a73c4368e17', 'testclient', '1', '2022-11-01 00:41:28', 'app'),
('5164d1b828efc1d087e172c84957877e55034927', 'testclient', '1', '2022-11-01 00:42:17', 'app'),
('53637a48678dfe4001df1f34ff1fdba65ff3ad1e', 'testclient', '1', '2022-11-14 22:20:18', 'app'),
('53fb8a84d31607026b8016f521b27399de2779b4', 'testclient', '1', '2022-10-28 00:05:55', 'app'),
('558f0f3af83c36f22b901ac3425b96affea2e181', 'testclient', '1', '2022-11-03 20:11:24', 'app'),
('561f23ac84401a6f2a4653c1446ae391e94d46b6', 'testclient', '1', '2022-10-27 00:59:02', 'app'),
('570fc388d4e4e520075acc9198496847b8c7606e', 'testclient', '1', '2022-11-09 18:12:45', 'app'),
('574a65db713b3940633e24b3355856cf35bb37f6', 'testclient', '1', '2022-11-01 00:45:44', 'app'),
('577256f98ce4accdbee09775a59ac9fd77f5139a', 'testclient', '1', '2022-11-01 00:45:44', 'app'),
('58c82c4550c39658e9316692f84d0ff2fb1d7869', 'testclient', '1', '2022-10-24 00:17:45', 'app'),
('5915e96adae4b398d759de106da77c156317bc59', 'testclient', '1', '2022-10-19 23:25:23', 'app'),
('597b3b3a1c4f3ea4d74f6c191c4a7d6463edf0b0', 'testclient', '1', '2022-10-24 21:03:09', 'app'),
('5a92927b508896814d6b0d9aa000a0b3876c7263', 'testclient', '1', '2022-11-14 20:12:10', 'app'),
('5b1d543ea25309deda310774b2dc26215a476942', 'testclient', '1', '2022-10-28 02:19:12', 'app'),
('5bc1c19ca27e7d3fa9f292bfaf2e072204a59bb2', 'testclient', '1', '2022-10-20 02:42:06', 'app'),
('5bce1f708a0c9d5785b035c6f54c089b993e546a', 'testclient', '32', '2022-11-09 19:10:23', 'app'),
('5bdef5be8cf28cb1de3909af861973c6bc688f78', 'testclient', '1', '2022-10-27 20:29:29', 'app'),
('5be74b257bb243294efa32aa256be0300c03b15b', 'testclient', '1', '2022-10-25 02:44:52', 'app'),
('5d4b507729f301242dba468aa5576db4e766bdc0', 'testclient', '1', '2022-10-24 21:20:13', 'app'),
('5de59c7253e92b8e046db42e2083726d2fe49b4f', 'testclient', '1', '2022-11-13 19:56:42', 'app'),
('5dedd716fc5f2ec3ce718e4e4da81c14f47aa61a', 'testclient', '1', '2022-10-25 02:59:44', 'app'),
('5e76583167ee081bdf668edde959eb0990ee6b37', 'testclient', '1', '2022-10-24 21:41:29', 'app'),
('5e7a13a606b4022bdb25ef1b7609cbd2a2c378a8', 'testclient', '1', '2022-10-23 21:06:04', 'app'),
('5e8f569a109b3500dba9753c77b177bc47a21f8b', 'testclient', '1', '2022-10-27 01:14:01', 'app'),
('5f0d06c8611e326fb183a7c054bb1545829dd779', 'testclient', '1', '2022-11-14 23:42:28', 'app'),
('5f458e86fde6d14f9394a79f8a89ce7514765e84', 'testclient', '1', '2022-10-27 00:56:07', 'app'),
('60b38891a71f52bcd333904222662307cfe8c83d', 'testclient', '1', '2022-11-13 23:33:13', 'app'),
('6263cbe579794369ccfbf2471028459553801424', 'testclient', '1', '2022-11-14 22:13:39', 'app'),
('626a034b21213ecd8b7345072603da8214a50c40', 'testclient', '1', '2022-10-27 01:08:04', 'app'),
('626ae0b7cb71528e0e871826da5d055e9878b60a', 'testclient', '1', '2022-11-01 00:45:44', 'app'),
('630410a4511213062e03baaabb567dc946fc2b7a', 'testclient', '1', '2022-11-13 23:18:48', 'app'),
('63366fe0da0e098e45619ae0abaf2f11f4aece7e', 'testclient', '1', '2022-11-01 00:38:58', 'app'),
('64eaae5ebee83431f8371ff37d32125a45efd226', 'testclient', '1', '2022-11-14 19:05:09', 'app'),
('6534feeb1d5306164e1fff3da67b0c22124a7d2c', 'testclient', '1', '2022-11-13 20:05:29', 'app'),
('65ffa22e82fdd83d8b0d71d2923f3b0796ef0190', 'testclient', '1', '2022-10-27 00:57:55', 'app'),
('6665fec595a78252f4c484b5857a93b22c20b0eb', 'testclient', '1', '2022-11-13 19:38:26', 'app'),
('66f8032f86b9bf3f1a26570a9ba9793fb7499a72', 'testclient', '1', '2022-10-25 23:45:16', 'app'),
('676d2b2fe210f6b89d22c09020d043014c71fdde', 'testclient', '1', '2022-11-13 19:05:24', 'app'),
('67b79653d68b75c1d762d67daf04102ff9cb6742', 'testclient', '1', '2022-11-13 23:18:33', 'app'),
('67b7c901c882854178f9998600f765aafcf77cef', 'testclient', '1', '2022-11-15 00:07:43', 'app'),
('67e38dae4ef48f401c543a4124279be34d33896a', 'testclient', '1', '2022-10-27 01:01:30', 'app'),
('67f1484e5d73cb8d1ea5ec0c31020b942c472073', 'testclient', '1', '2022-10-25 21:16:09', 'app'),
('682f1a72995de368ea18123c70e35fbf313873b4', 'testclient', '1', '2022-10-25 02:48:14', 'app'),
('6888522cc5449a57268787ae915201415dadd772', 'testclient', '1', '2022-11-13 23:32:45', 'app'),
('6a57b1565f3947688c545192ccd3870366213ba7', 'testclient', '1', '2022-10-25 20:40:55', 'app'),
('6adc219ce060e3590cfc2e7d340da4e245668df3', 'testclient', '1', '2022-11-13 20:55:07', 'app'),
('6bcdda10dbdd0a655f2373239c26f4050848b778', 'testclient', '1', '2022-10-27 00:56:54', 'app'),
('6c706fc38a8ada27f3c9882f1fda05b7dfc97a1f', 'testclient', '1', '2022-11-01 00:38:58', 'app'),
('6c8e75ba0cdadd5709eee2110e11eaf234307f7e', 'testclient', '1', '2022-11-07 23:54:17', 'app'),
('6d15b5a152d930a3ff46643a4d6426a622e25424', 'testclient', '1', '2022-11-01 00:38:58', 'app'),
('6deb90813364815ee052ef7608edf889ced03b19', 'testclient', '1', '2022-10-27 00:41:19', 'app'),
('6e3a8260b856d7cd612f044ddb6e97adce56c5e3', 'testclient', '1', '2022-11-14 20:23:37', 'app'),
('6e553299b9b19e78d474f8048c758258efd2503d', 'testclient', '1', '2022-10-19 20:44:44', 'app'),
('6eb9c8589843d7b6c14383603045b5f83f0e677a', 'testclient', '1', '2022-11-14 23:43:16', 'app'),
('6f76fda5876d6468a9f3c309e011bfc4b57e9bd9', 'testclient', '1', '2022-11-14 20:22:09', 'app'),
('6fbd0bb774e4ccb01d6656df57e2628faa7c00b8', 'testclient', '1', '2022-10-25 20:32:22', 'app'),
('701688df17e4d0e5cbe6356c97c919cca160155c', 'testclient', '1', '2022-11-14 19:09:52', 'app'),
('707a427fb4b9b112947b43d3d0054a235d7436a2', 'testclient', '1', '2022-11-01 00:45:45', 'app'),
('70fb5858498633f2179e129f98aaee3a322b65a8', 'testclient', '1', '2022-10-25 03:25:04', 'app'),
('7191b70a1dd5eb7bf34dd6413e51c56775f8801e', 'testclient', '1', '2022-10-27 01:01:30', 'app'),
('71a87f86e5417605e55e87718999ed423ee70fd2', 'testclient', '1', '2022-10-24 21:39:12', 'app'),
('71ea2cd286e1bc2ca87925c024e7c7224eefb9b6', 'testclient', '1', '2022-11-13 23:22:36', 'app'),
('72171177b2a1a4da9e028c33a3d9e81d560c111e', 'testclient', '1', '2022-10-20 00:53:07', 'app'),
('72ae7adc85507c7a6105df0ddf30971d584d2254', 'testclient', '1', '2022-11-09 23:35:54', 'app'),
('72f72005d4f4ac6119e8c17722561f0c16988724', 'testclient', '1', '2022-10-26 01:08:02', 'app'),
('733f9b6e0481cbbe61af0ab9dc270fc8ea4f0843', 'testclient', '1', '2022-11-01 00:38:59', 'app'),
('736580a41ed73f9dfabadc79c572a9cc880595bc', 'testclient', '1', '2022-11-01 00:40:46', 'app'),
('73bb7fa4c2657d376088892a64519c0e45e0a32d', 'testclient', '1', '2022-11-02 03:10:38', 'app'),
('73c03365293b07de0873522866ec18cc6f31d8e3', 'testclient', '35', '2022-11-09 20:13:52', 'app'),
('73edd1d13d74b9a0c6710583e1b5b5a92663f27b', 'testclient', '1', '2022-11-01 00:36:38', 'app'),
('7418e53d89f03c15fc85aeca98e071bc1702aea7', 'testclient', '1', '2022-10-27 01:13:42', 'app'),
('7434c4d5f08253a333e2404a32b749f5e5439304', 'testclient', '1', '2022-11-14 22:22:26', 'app'),
('749296e23a70fe48fe3a086be6046f0e4a36fbb9', 'testclient', '1', '2022-11-08 22:30:04', 'app'),
('7493787d24009d41a084712533df3daa8ea4eb3e', 'testclient', '52', '2022-11-16 22:12:06', 'app'),
('74a3c93dff845c14b4b8d60485e6ed22cbbc4393', 'testclient', '1', '2022-10-27 00:56:15', 'app'),
('767b614c3ed034eec14dbb8825d7eee94779c508', 'testclient', '1', '2022-10-28 00:12:29', 'app'),
('76b076a7e8160de1f8327674b298bb9acc3c72f0', 'testclient', '1', '2022-10-31 23:48:56', 'app'),
('76e85491f2c497ab8b98b98883803e2b45a25d44', 'testclient', '1', '2022-10-31 23:55:46', 'app'),
('76ee3ca5f80c2595776006d4105d24c7cc4104f0', 'testclient', '1', '2022-10-31 23:46:32', 'app'),
('7ada6a44be4ea24cad583691679aab0357c4baee', 'testclient', '1', '2022-11-03 20:18:01', 'app'),
('7c0b03cdd4c0385da0b753ee85bad561fed50317', 'testclient', '1', '2022-11-14 23:51:10', 'app'),
('7ca80115db267982f7650a7071732b2c5b71993c', 'testclient', '1', '2022-11-01 00:36:38', 'app'),
('7cc386f82afce2f179571432e86b0bca72d92d06', 'testclient', '1', '2022-10-25 02:59:44', 'app'),
('7d886f1646dfa3fe2c4e18af95a76543f1908986', 'testclient', '1', '2022-10-19 21:25:41', 'app'),
('7dd028b9fd240ea20066e6b93d938da6a83e2e92', 'testclient', '1', '2022-10-27 00:59:58', 'app'),
('7e64d8f63f20583b40c659eb33b7b67b08a71377', 'testclient', '1', '2022-11-13 19:45:17', 'app'),
('7ea04b9e81cd7821a01467188733f30974f5ea00', 'testclient', '1', '2022-11-13 23:45:53', 'app'),
('7ea346fabae227f1d28d1022cd80342c9bd6c93d', 'testclient', '1', '2022-10-24 21:42:43', 'app'),
('7f0d2e371de2ecf15599a46c9f024f9f13e8f189', 'testclient', '1', '2022-10-27 01:23:53', 'app'),
('7fc69b1869be0cc7c5cb19d8c21a841d901e9362', 'testclient', '1', '2022-10-27 01:01:59', 'app'),
('80082d546198d57281433565c1dc6268bcf7db66', 'testclient', '1', '2022-11-01 00:40:46', 'app'),
('80262234671fdeab2841814aed765058aa46e8bd', 'testclient', '1', '2022-11-13 23:34:01', 'app'),
('809cb8602de01de099e3ba8f83e8da9dfc2a3758', 'testclient', '1', '2022-10-24 21:37:25', 'app'),
('8104849f161816d7108854251e2e4b8dc690135c', 'testclient', '1', '2022-11-13 23:47:29', 'app'),
('832bba355c6bbd4b5182102e24d211f13819978c', 'testclient', '1', '2022-11-14 20:29:11', 'app'),
('83f45d71f92cba2805b4acac87e45fedc8130c17', 'testclient', '2', '2022-10-12 04:53:13', NULL),
('84f775e893cabcd5ff4254245e0f22328e900898', 'testclient', '1', '2022-11-01 00:38:09', 'app'),
('8525acca2b360463189409f03cca1a9d5cd85056', 'testclient', '1', '2022-10-27 01:25:10', 'app'),
('86681d24412fe29a255ab586882eca24e1aa906d', 'testclient', '1', '2022-10-24 02:08:53', 'app'),
('86a32c68f2d4f744313488ea579329d49e45dd1b', 'testclient', '1', '2022-11-07 23:52:05', 'app'),
('86b0ca7983ce59e26f2e87d366f4a62000b7fe22', 'testclient', '1', '2022-11-17 22:52:16', 'app'),
('87985fd882f268e6a9b25edd785bf2a849d563b0', 'testclient', '1', '2022-11-15 20:08:17', 'app'),
('87eddf68ccd9d3d11fad00583af73483d35f2a2c', 'testclient', '1', '2022-11-14 22:25:37', 'app'),
('88091c2b0694614ffdc910bd80170db336c342b7', 'testclient', '1', '2022-10-24 21:06:44', 'app'),
('88c568ee95ed9df90fe0d4b690cc8ec8d0f70d07', 'testclient', '1', '2022-10-27 01:11:08', 'app'),
('8925e7c363b58e34a8e5e6c254a3c1f9ae8955c8', 'testclient', '1', '2022-11-08 01:56:04', 'app'),
('8a13cf10ba53ed37c2cb69d1787bb0bf732adc92', 'testclient', '1', '2022-11-14 20:17:03', 'app'),
('8a17ccc74ee1e24d49605fbacb20fcec0fcb81c8', 'testclient', '1', '2022-11-03 19:02:07', 'app'),
('8afe2506ea35d5db24bb0fa9205301f802cdaaa3', 'testclient', '1', '2022-10-25 03:23:48', 'app'),
('8bae783d991a014604d6bffb943d00217ed8ad7e', 'testclient', '1', '2022-10-27 01:08:55', 'app'),
('8be42cae9a2228fda7f5c7abaf07a64c4128d128', 'testclient', '1', '2022-11-01 00:41:28', 'app'),
('8beb7ebad712d04cac5e769726804a2104e1c803', 'testclient', '1', '2022-11-02 02:56:52', 'app'),
('8dc5cf5ce3cf613a44712e5700b9e014de752065', 'testclient', '56', '2022-11-18 01:44:29', 'app'),
('8e1b07fbdf2b6f82d559776923181fb731492f31', 'testclient', '1', '2022-11-01 00:37:28', 'app'),
('8e6d2b4df3cacb56f1086ccad4a93d7c62d7f0bc', 'testclient', '1', '2022-11-01 00:42:17', 'app'),
('8eb7e58fe6693147d1f14602857c25ad6f4b5bae', 'testclient', '1', '2022-11-13 23:46:19', 'app'),
('8fa0e23164b6be7ca110723cb523d59a97e4d887', 'testclient', '1', '2022-11-01 00:38:09', 'app'),
('908784a7a12bb66e7733dbf6f292d2332bc70547', 'testclient', '1', '2022-10-24 21:39:11', 'app'),
('916cd1503a7cbc75b97136f04f132e0f7e8071a9', 'testclient', '1', '2022-10-27 02:37:24', 'app'),
('918fb8519069ac5d5f16f71631be800badb70d85', 'testclient', '1', '2022-11-01 00:41:28', 'app'),
('91986519546da15024f9db0e2822a417d05b7394', 'testclient', '1', '2022-11-02 04:12:37', 'app'),
('9284f24dddef727ef38f4fc7e4f804663c3ad1fe', 'testclient', '1', '2022-10-25 21:37:41', 'app'),
('93b9c4537aa46ef44d4a9f65bdcf4ca48f90fa5d', 'testclient', '1', '2022-11-13 23:35:13', 'app'),
('941342f15483cf514b930d9177007ebe30da8980', 'testclient', '1', '2022-10-25 02:59:44', 'app'),
('959a69b50cce61d2b927cb8c82dbc70dd1fa9819', 'testclient', '1', '2022-11-01 00:32:21', 'app'),
('95c7b64cf57c8fc57c09316e316d94d59a8de25e', 'testclient', '1', '2022-11-14 23:20:45', 'app'),
('95d32a1425dbdb53fc6aab5247b0c5f40b10f210', 'testclient', '1', '2022-11-14 20:22:54', 'app'),
('95de2e72286774bfed1cf8543e5d77dcd01f0d2d', 'testclient', '1', '2022-11-09 23:37:32', 'app'),
('96df7185082f09a871955c3b9f42c0c18a382f5e', 'testclient', '1', '2022-10-27 00:58:56', 'app'),
('97126a1fc1849753832233f74e57274167f1aa64', 'testclient', '1', '2022-10-27 00:01:20', 'app'),
('97d8e7c8e9af7ed2081cda92bd2d8acc9711b36f', 'testclient', '1', '2022-10-31 23:49:54', 'app'),
('9949fa443db46c3acb9489ba47bcfa27a6b18ee5', 'testclient', '1', '2022-10-25 02:57:22', 'app'),
('9969ea16b4bfe364d715020ba9ec31d3d80bb5c9', 'testclient', '1', '2022-10-20 20:27:10', 'app'),
('997a3b2a00bf2c6f51dc19eda71545b94297d40e', 'testclient', '1', '2022-11-01 00:37:28', 'app'),
('999d8584afa1e30290731d9febc6b070bd3d995b', 'testclient', '1', '2022-11-15 00:24:51', 'app'),
('99d5037019a83aa8b3b75ca8bd6c853a1d04c30e', 'testclient', '1', '2022-11-18 02:11:49', 'app'),
('9a37db1176303c869f160bb8e1a01c4904ffe21e', 'testclient', '1', '2022-11-14 19:09:09', 'app'),
('9c2965e3f2835b0353dd9dce02492aff48c9eee9', 'testclient', '1', '2022-11-01 00:41:28', 'app'),
('9c7cc88998a014fec53ad79b3d89e3610c92e57a', 'testclient', '1', '2022-11-13 17:51:34', 'app'),
('9d323f9c34d21b334eded98e689f0442421c88a3', 'testclient', '1', '2022-10-12 23:49:36', 'app'),
('9d62ed36e2439f4a1b436571e15653054bad571d', 'testclient', '1', '2022-10-27 22:01:37', 'app'),
('9d87d6c6c9ce5072ac06324842a174b8360aeae2', 'testclient', '1', '2022-10-27 00:56:07', 'app'),
('9e3a36731ad24548a5ff6ef1198b63992833be2a', 'testclient', '1', '2022-11-01 00:36:37', 'app'),
('9ed79cfc5f2fed17a7a83cd2cdb53b9a5715bd88', 'testclient', '1', '2022-11-15 00:12:43', 'app'),
('9f06628dbfbe52b1f340f43bb4ab1a087c68508d', 'testclient', '1', '2022-11-02 01:11:03', 'app'),
('a008fee5f9d91b3edc00c46f5d4077394198f29f', 'testclient', '1', '2022-11-03 03:03:59', 'app'),
('a115b3ccd7a6f78c190c8c97511ac540fa9ee06e', 'testclient', '1', '2022-11-01 00:37:28', 'app'),
('a1aa111ea948a41cbdc54a3db986b6f17ba078ed', 'testclient', '1', '2022-10-24 21:40:40', 'app'),
('a27d16b43dcfe818b11929296914bda387e562ac', 'testclient', '1', '2022-10-19 21:45:16', 'app'),
('a3b04238ac514a0d0720284edce1ba2a3470dc4b', 'testclient', '1', '2022-10-28 02:21:04', 'app'),
('a4446ee09465e9acb4af80739af384ac4bed5fcb', 'testclient', '1', '2022-10-25 23:06:21', 'app'),
('a51bf303d9dae3fea059e8fb0916ed168338a3c3', 'testclient', '1', '2022-11-13 23:48:08', 'app'),
('a5ba100b62d0f3ce84e40aa0c6e0ef6ca714a383', 'testclient', '1', '2022-11-03 20:08:03', 'app'),
('a65d061f3b33636fdc233999de2e852d25f4c2fe', 'testclient', '1', '2022-10-28 00:04:36', 'app'),
('a709584d7687fb8f70b5b329668010c9d12ef0f3', 'testclient', '1', '2022-10-27 01:24:44', 'app'),
('a70f5a5dbc1024d448129e6e00c8fb2f9a7cb5f7', 'testclient', '1', '2022-11-07 23:52:23', 'app'),
('a75836eb452d329b622e2f21718c1cb9633c1024', 'testclient', '1', '2022-10-27 00:44:20', 'app'),
('a7fb40d0a090f26ad15c7ce7828450508522e174', 'testclient', '1', '2022-11-01 00:35:22', 'app'),
('a82d5a3ea0171e5c8ef2f15e1e0f22c2a0c52b2a', 'testclient', '1', '2022-11-17 22:01:50', 'app'),
('a8c48f18e5f10b6855f127627a44929171f8220b', 'testclient', '1', '2022-10-27 00:59:58', 'app'),
('a8cd424e879a8ae835711dab13adf5f01ba1cc10', 'testclient', '1', '2022-10-26 02:18:09', 'app'),
('a93b4e37d386d6c187aaf2d80f54039d7ce7cebb', 'testclient', '1', '2022-10-23 22:15:29', 'app'),
('aa04e6f639d17b58b5c5dced937a153e2cbb6227', 'testclient', '1', '2022-10-24 21:42:31', 'app'),
('aa9eb840d714567d7f82f7a6d54ba7a9a1d8d859', 'testclient', '1', '2022-11-18 01:16:27', 'app'),
('ab1a062df374785cb592779a74f210b4f9f18b0d', 'testclient', '1', '2022-10-24 21:20:11', 'app'),
('ab64ea4b4643b591dea625cbf35d51e713bc5f0a', 'testclient', '1', '2022-11-01 00:35:23', 'app'),
('abd192bd112c99f573f2e76a5cc1ec5de8ac4ea9', 'testclient', '1', '2022-11-01 00:45:45', 'app'),
('ac54f1e0757f8ad7ff9c361adbc94c874371a1e4', 'testclient', '1', '2022-11-14 19:35:36', 'app'),
('acba6b5ebbe574bd8ecc9ed18f16b95f0e45d32b', 'testclient', '1', '2022-11-01 00:34:09', 'app'),
('ad53fdb81305681e076bb9e809dbbe37001f223c', 'testclient', '1', '2022-11-01 19:51:17', 'app'),
('ad55fc6dfe77413aa997b103b63b15363edc9bef', 'testclient', '1', '2022-10-24 21:21:08', 'app'),
('ad6586d0f86638c9bb743341754c74d6bcba693b', 'testclient', '1', '2022-11-13 23:23:08', 'app'),
('adc0fe5f18f7458724db6a56f021ac8aeb343143', 'testclient', '1', '2022-11-14 21:02:26', 'app'),
('ae18ca7379cf7519e17d40e0f99ce3fd13a5bd01', 'testclient', '1', '2022-11-13 20:56:52', 'app'),
('aefcecddfdaaf8191a9e6971b71749f208133001', 'testclient', '1', '2022-11-01 00:42:17', 'app'),
('af12a2df5c8b1f206acf4fd3c3bb02a5304b87d4', 'testclient', '1', '2022-10-27 00:57:55', 'app'),
('af3c4158acf8938bdadb6b96cfa5ef216ea8e676', 'testclient', '1', '2022-11-14 20:28:05', 'app'),
('af40229c0d2e6b56091f9dd1dc0775beb8007dbe', 'testclient', '1', '2022-11-14 22:25:02', 'app'),
('b0bd665d72350fdd921feb0731e0a3338473d413', 'testclient', '1', '2022-10-17 03:13:21', 'app'),
('b0fdc0564ffdf20451897fec99ddd4125e52350c', 'testclient', '1', '2022-11-14 23:22:27', 'app'),
('b110c567f6491f1a438b231b332c7319b6a03e4f', 'testclient', '1', '2022-10-28 00:09:48', 'app'),
('b1719138776cd98910c8c86fa4e0f03267593dc7', 'testclient', '1', '2022-11-01 00:32:21', 'app'),
('b177845bfdd792746bac394482fffb8e89a2faa6', 'testclient', '1', '2022-11-03 20:56:43', 'app'),
('b270d2dd361bff236e7bcc2f31712e2313905cc5', 'testclient', '1', '2022-10-21 01:37:32', 'app'),
('b43100415c2cd1c6d9ced75e003254a7b0a95087', 'testclient', '1', '2022-11-14 20:26:28', 'app'),
('b52afdc493736071f86f1324d98fa4d28d13beec', 'testclient', '1', '2022-10-19 19:02:23', 'app'),
('b5616b8b7442dc9c5ff5558eda5950a5eb4c3b5a', 'testclient', '1', '2022-10-24 21:19:21', 'app'),
('b5a98a70839716347d1ff73944f0453a48d70965', 'testclient', '1', '2022-11-13 23:37:52', 'app'),
('b5ef8aa6012a30c0cf010b669ef258740fd04537', 'testclient', '1', '2022-10-27 01:11:08', 'app'),
('b66f65b6e661d390fc6a34e3e6b99924e90807a1', 'testclient', '1', '2022-10-25 22:18:15', 'app'),
('b761a16dc2205cea491e127975aeb91e75f113b2', 'testclient', '33', '2022-11-10 00:18:08', 'app'),
('b7cc26396f79c974ab26c74172e704c2f07ee20e', 'testclient', '1', '2022-11-01 00:38:09', 'app'),
('b82c2b16d7141c988e4b7d3529ffd575164f00d8', 'testclient', '1', '2022-11-01 00:40:46', 'app'),
('b854fd4843c75d9f1d2306f951f7b12b9d308e1d', 'testclient', '1', '2022-11-01 23:10:47', 'app'),
('b917c8e0a9c37e26cbcff993b96311ae9dcd6dd1', 'testclient', '1', '2022-10-25 02:57:21', 'app'),
('b9d9cbdd98f6afa7fb8c415d8276770ef37c5f60', 'testclient', '1', '2022-10-19 21:49:17', 'app'),
('bb327ced05d9a979d8748b6419d229b15e223006', 'testclient', '1', '2022-11-01 00:41:28', 'app'),
('bb782989c286d040f8c306c8d4d94bd216105608', 'testclient', '1', '2022-11-14 19:24:53', 'app'),
('bbcfe88f440e6753338e2729ed5690d9aaf9cc0c', 'testclient', '1', '2022-11-01 00:38:58', 'app'),
('bde047d3f2f4621146e712eb9c5f2f653a829c87', 'testclient', '1', '2022-11-14 19:18:38', 'app'),
('be6b68567c219031ec1247d0c70021ddd4cd9883', 'testclient', '1', '2022-10-27 01:13:15', 'app'),
('c0064e0f0282ba15aef65a6f06d9c84cf0e01bc2', 'testclient', '1', '2022-11-01 19:50:56', 'app'),
('c01adcf158b1ab36f531c14458715866d755a20b', 'testclient', '1', '2022-11-03 20:12:31', 'app'),
('c0801c03aafd8ad8f5974f53ecb77d279d63fc66', 'testclient', '1', '2022-10-27 01:08:55', 'app'),
('c0c7f6885bba5e8e0990abc57b9018a09e19a980', 'testclient', '1', '2022-11-14 20:26:57', 'app'),
('c0ebb517fc95bfa0c3e361a1651d4be77cddcbcb', 'testclient', '1', '2022-11-01 00:32:21', 'app'),
('c1d7e6bcac19235fcc5f5bf13efab0533a0c2705', 'testclient', '1', '2022-11-03 20:10:26', 'app'),
('c1dc7e36510efead5d99869f2efb1e09fc0aca6c', 'testclient', '1', '2022-11-13 19:38:08', 'app'),
('c224fb8cf9ceefd3d9ab16407d695b3518e42c27', 'testclient', '1', '2022-10-27 01:13:42', 'app'),
('c3db03c98cd7f42d73851d45be4cc5eb48cc2424', 'testclient', '1', '2022-10-27 01:07:45', 'app'),
('c43f9d7d8aa1573623355e689ff58bedabfaf996', 'testclient', '1', '2022-10-24 21:23:53', 'app'),
('c455f714ae538ea016f37e1bd6d738f508094249', 'testclient', '1', '2022-11-14 20:16:08', 'app'),
('c459259681b3070377e9a5590adb15b92516f9ee', 'testclient', '1', '2022-10-27 22:44:49', 'app'),
('c50ec8378d020c7e8298d6ebadaa99c7a4808ea2', 'testclient', '1', '2022-11-13 19:54:39', 'app'),
('c54fb5b4ab9137f7036dcd99de116204177d0f49', 'testclient', '1', '2022-10-31 23:52:59', 'app'),
('c6659d8f6863ea7cc22a6e439be1e3b2c2cc1c6a', 'testclient', '1', '2022-11-01 00:41:28', 'app'),
('c6895f8921d3e158482f479d5668333bdab68155', 'testclient', '1', '2022-10-31 23:51:35', 'app'),
('c68b1ec628435056ce6cbb5d64bb0cadbfb7296a', 'testclient', '1', '2022-11-13 19:56:51', 'app'),
('c71c225910dd1c1d4c0db358c977432aa4e5cc5f', 'testclient', '1', '2022-10-23 23:16:02', 'app'),
('c7494ded05b9d9ebf55a547cde044b81feee53eb', 'testclient', '1', '2022-11-15 00:05:10', 'app'),
('c912380ab6d3e7d2b75655e0e4be3e06db27f059', 'testclient', '1', '2022-10-24 21:40:59', 'app'),
('c9e51ceeb976ce6149f4f1739dea313ba6ff5d1f', 'testclient', '1', '2022-10-24 21:35:51', 'app'),
('ca6bcf3416939afc3e09e190c2d0d40079983133', 'testclient', '1', '2022-10-19 21:32:30', 'app'),
('ca93e08de032806710ce43b9a08cf50b0b3a746b', 'testclient', '1', '2022-10-25 02:57:21', 'app'),
('cb2ea8e20bdf89ed5cbfc3d425a10a664b81846c', 'testclient', '1', '2022-11-03 04:09:55', 'app'),
('cc1e7190f789d9e7b7ecac6589232e2e375921e6', 'testclient', '1', '2022-10-19 23:27:05', 'app'),
('ccee11b6f1bd6df8452eedf64f57dccf47854a83', 'testclient', '40', '2022-11-10 01:29:49', 'app'),
('cd7f92e9c845151ace4f83a4f2fd93261f382f41', 'testclient', '1', '2022-11-01 00:38:58', 'app'),
('ce193d288575e74217314995a19e1bde137a05a3', 'testclient', '1', '2022-10-31 23:47:37', 'app'),
('ce36e62caa161e1f7cbc5065e944c445522ea14d', 'testclient', '1', '2022-10-19 19:44:09', 'app'),
('ce64e25abcf17fa10211a0164d29c128ec261ebb', 'testclient', '1', '2022-10-28 00:14:36', 'app'),
('d12824c4c66007c9be590fece3bfc9aa2834d20c', 'testclient', '1', '2022-10-31 23:39:30', 'app'),
('d2f523a1ac632682dad6b183e6e62662f7a196d0', 'testclient', '1', '2022-11-13 23:23:23', 'app'),
('d3771f853e0097925f3f6503a366e42f6fc803d9', 'testclient', '1', '2022-11-13 19:37:17', 'app'),
('d446fcb7def15df9b4dbff4429ae751f66e5918d', 'testclient', '1', '2022-11-01 23:09:52', 'app'),
('d458f4423f6d0eafc99e3affafb95caabdd92c11', 'testclient', '1', '2022-11-14 20:45:33', 'app'),
('d4857230ef57c2ecdf1617e189376863deb38db2', 'testclient', '1', '2022-11-03 20:06:02', 'app'),
('d514ffd94f53626926df58c4f8e43ba7dae45e09', 'testclient', '1', '2022-10-24 22:49:03', 'app'),
('d54f8abf2d0f32a58a366c708ed6316af923e5c3', 'testclient', '1', '2022-11-07 23:54:00', 'app'),
('d65cda8679b30aad241193645939b174158a0852', 'testclient', '1', '2022-11-14 20:11:04', 'app'),
('d669230d600685429407d4572512254deb43672a', 'testclient', '1', '2022-11-15 02:28:26', 'app'),
('d68f06f27545d8e11c437ac77df652247d4cff1b', 'testclient', '1', '2022-10-25 03:21:23', 'app'),
('d6e14268102dbec9df6fba61126bcf0312d93124', 'testclient', '1', '2022-10-25 23:25:50', 'app'),
('d7d3124fb1373414af1d9c886f9583fc73ee25f5', 'testclient', '1', '2022-11-01 23:34:48', 'app'),
('d9bf96bdb212f487922e992c61efc53014a6ae15', 'testclient', '1', '2022-11-15 00:04:04', 'app'),
('da16028f292ca300100f83c7d2cf0133ff3cb5a3', 'testclient', '1', '2022-10-17 20:23:36', 'app'),
('da4adc1280025a9948e25d54a0afea5914f72dbd', 'testclient', '1', '2022-10-26 03:50:10', 'app'),
('db1fc151a8758c25da31098854dc7252899176ba', 'testclient', '1', '2022-11-14 20:42:52', 'app'),
('dc3583ab8ed1b77b39c6451fe6b98a875e3e05e0', 'testclient', '1', '2022-10-25 21:37:06', 'app'),
('dcf98d519a00533a324308a2befbdf655cbfd455', 'testclient', '1', '2022-11-13 23:22:08', 'app'),
('dd89d928ccc4faa41db872d687cc929caa88ca58', 'testclient', '1', '2022-11-01 00:34:09', 'app'),
('ddab015d1b9b51753606f54fe263a2fe88c746ac', 'testclient', '1', '2022-10-28 02:20:49', 'app'),
('ddc633773c75dc875bfd031321f6ee23e1e07525', 'testclient', '1', '2022-10-27 00:58:56', 'app'),
('de62297162249f157e370f46cd604649863bbd57', 'testclient', '1', '2022-10-19 22:24:23', 'app'),
('df35e90e8aed28f1664b3a8179b76f2c9ca9f9ee', 'testclient', '1', '2022-11-17 01:32:56', 'app'),
('dfa76276b8b587f56298e724c2cd884f260963dc', 'testclient', '1', '2022-11-14 19:08:48', 'app'),
('e01e310e7a06004a4f4b0678db3becb7eb898803', 'testclient', '1', '2022-10-27 01:04:40', 'app'),
('e1bf4f7b36d13e28c959ccca125fe70a965d838c', 'testclient', '1', '2022-11-13 18:17:07', 'app'),
('e33ea78e27952373bc7a1cf235ac1bb6fab466f9', 'testclient', '1', '2022-11-14 19:12:56', 'app'),
('e36f22ac944de59eff48211d344ef8418268d581', 'testclient', '1', '2022-10-28 02:20:33', 'app'),
('e3ba4c671e09e0570586bf0a25bb31b8c30c7592', 'testclient', '1', '2022-10-24 21:05:52', 'app'),
('e400deb9e49186f712f24731f5cd43f843e99383', 'testclient', '1', '2022-10-14 00:48:21', 'app'),
('e4176af55750eb00667f2926a7d7f1c8ff8613b5', 'testclient', '1', '2022-11-01 00:37:28', 'app'),
('e41e473d6ef138300f7349fc49c74ba19e63dd43', 'testclient', '1', '2022-11-03 20:22:51', 'app'),
('e430b98d68d010eee435b992e9eeba7124472af8', 'testclient', '1', '2022-10-24 21:05:46', 'app'),
('e4512946ff3b829e5e1e1cb7f33fc7d0d236cef9', 'testclient', '1', '2022-11-01 00:38:09', 'app'),
('e4aa3dfae0bfc5306ff9113d4911f8792c7d851f', 'testclient', '1', '2022-11-01 00:41:29', 'app'),
('e5db51b8167dbf3ebe1bc82e3e5d25ae881f528d', 'testclient', '1', '2022-10-25 02:46:07', 'app'),
('e67af7dfc650d3ec94d6aee885beab5814ea00b4', 'testclient', '1', '2022-10-24 21:03:53', 'app'),
('e8465ba94d9932f3ff53b338d7018dbe9d1a40e7', 'testclient', '1', '2022-10-23 20:29:55', 'app'),
('e905250a113ab1f4f4a8b70d03d85e9296468c0f', 'testclient', '1', '2022-11-03 19:12:23', 'app'),
('e98c7d68ff2d8d83f2e669a40bbbd1958c3e8df6', 'testclient', '1', '2022-10-31 23:44:43', 'app'),
('ea258f6aa7d49874d9fe426d1c2ce6143c978505', 'testclient', '1', '2022-11-15 00:31:16', 'app'),
('ecabc0236c5c73853bf38c1a2c4b078c233432f7', 'testclient', '1', '2022-10-27 00:59:02', 'app'),
('ecb2e574a1bbc632e80d9f4eeba9c89f2b881309', 'testclient', '1', '2022-10-27 00:40:31', 'app'),
('ed522fdc789464c0984f738f5fbafe1e8c8b9a75', 'testclient', '1', '2022-11-07 23:53:21', 'app'),
('ed5a7acf0aef919fcc47f6a1e30abd776041bc76', 'testclient', '1', '2022-11-03 03:02:42', 'app'),
('ed89a591eb0fad5bbd955c45c285060a90732e98', 'testclient', '1', '2022-11-03 20:05:44', 'app'),
('eda1118e9e897277db81d35d8c6870e1d3fd9a50', 'testclient', '1', '2022-10-25 21:37:06', 'app'),
('edc9d1f7f0e95d1a755e0931ee34d58743dd6e04', 'testclient', '1', '2022-11-14 23:29:07', 'app'),
('ee4d17cd7862e2b5fc390f94423226b916ffb9fb', 'testclient', '1', '2022-11-14 22:18:54', 'app'),
('eea7e47bd285187f0d4c4e39c4c418546da4cbff', 'testclient', '1', '2022-11-14 19:06:42', 'app'),
('ef03bcfba3cfee24c69a8ea9d347507b8c129517', 'testclient', '1', '2022-11-01 23:20:37', 'app'),
('ef8ebf4ba93fc90ec7a6191049f1d1ad7584d5e8', 'testclient', '55', '2022-11-17 19:30:04', 'app'),
('efa879efe57026a644f2a6a42b7192db896e369e', 'testclient', '1', '2022-11-13 17:57:19', 'app'),
('f011e5c0c946b26f892f527d3b4dbf4215871d7b', 'testclient', '1', '2022-11-14 19:28:14', 'app'),
('f0c5bd4461828492078fae8867309ed6c99dfd92', 'testclient', '1', '2022-11-01 00:38:09', 'app'),
('f2cb308548e1faf1519692926615a8d55e174221', 'testclient', '1', '2022-10-24 21:13:17', 'app'),
('f312cc7bc37880b6d84ae4b1f6c2a4e75c5ca106', 'testclient', '1', '2022-11-01 00:37:28', 'app'),
('f31da93d992260d2af59716ddeaa6e78f77bb565', 'testclient', '1', '2022-10-25 02:57:22', 'app'),
('f465ab81cbf7bfc23aad1941c0502675ce96dee4', 'testclient', '1', '2022-10-27 02:39:43', 'app'),
('f497b6f8a5a4586f56ad4ccc63bf35c43bc3b18a', 'testclient', '1', '2022-11-01 00:42:17', 'app'),
('f53a77fb960d58ed3f3db9d61f4b1827463d15a7', 'testclient', '1', '2022-10-24 21:37:15', 'app'),
('f5d8b029aa607cab85fe30b15ad05fd21b0bbfaa', 'testclient', '1', '2022-11-01 00:40:46', 'app'),
('f62e4d8edb62c47069cf0887d743c93dddb42584', 'testclient', '1', '2022-11-14 01:29:22', 'app'),
('f7684dded2921627ed3a5e8a8e0eb62dbc7e3675', 'testclient', '1', '2022-11-01 00:35:22', 'app'),
('f871ea3a13cfc929f32a3571896e54f1537cf620', 'testclient', '1', '2022-10-28 00:28:50', 'app'),
('f92dd7bcb88e03f95c467a68b07316f36e6febf8', 'testclient', '1', '2022-11-14 23:24:42', 'app'),
('f96ca26bdc8796d2ba9aaa1d8d48eff0b2f2b51d', 'testclient', '1', '2022-11-01 00:37:29', 'app'),
('fa7df4778385b355d52343055276882b5431af02', 'testclient', '1', '2022-11-15 00:55:33', 'app'),
('fa8b0ec793e8b86e7394d5330e5fe40e3e2de1e9', 'testclient', '1', '2022-11-14 22:16:24', 'app'),
('fbe44049b3075756d056f6ffa3bfe2dab6d1c096', 'testclient', '1', '2022-11-01 00:38:09', 'app'),
('fc0c4e463f575ccff2f9d8d8a1450c0d39f25706', 'testclient', '1', '2022-11-01 00:45:45', 'app'),
('fc1e15989fd3af1d973a30421dc5bf4c5db03b1e', 'testclient', '1', '2022-10-12 23:55:47', 'app'),
('fc87cc8fc847bcd5531427c052327f3b8f7216f0', 'testclient', '1', '2022-11-01 00:38:09', 'app'),
('fe2d9c8d0a1e0c0a77e3a9d551d3b057a4306fdf', 'testclient', '1', '2022-10-24 21:35:53', 'app'),
('fe4e8f07e0cc91c3280e463f948ab56244213705', 'testclient', '1', '2022-11-14 19:00:13', 'app'),
('febcdd2f3a5b56030da4ad359b67a558726d6940', 'testclient', '1', '2022-10-27 22:41:15', 'app'),
('fedc8e21f8a7a4f4efe62d5f9f10299ee2185b55', 'testclient', '1', '2022-10-12 23:55:27', 'app'),
('ff71c640e36b802e20f291c403d01b8ce5053657', 'testclient', '1', '2022-11-02 03:02:18', 'app'),
('ffb34473b33485be8bd3137291f90d48e21a0c1e', 'testclient', '1', '2022-11-14 22:15:20', 'app');

-- --------------------------------------------------------

--
-- Table structure for table `oauth_scopes`
--

CREATE TABLE `oauth_scopes` (
  `scope` varchar(80) NOT NULL,
  `is_default` tinyint(1) DEFAULT NULL
);

-- --------------------------------------------------------

--
-- Table structure for table `users`
--

CREATE TABLE `users` (
  `user_id` int(10) UNSIGNED NOT NULL,
  `client_id` int(11) NOT NULL,
  `user_email` varchar(100) NOT NULL,
  `user_password` varchar(100) CHARACTER SET utf8 NOT NULL,
  `user_firstname` varchar(100) CHARACTER SET utf8 NOT NULL,
  `user_lastname` varchar(100) CHARACTER SET utf8 NOT NULL,
  `user_type` int(11) NOT NULL,
  `user_dob` date NOT NULL,
  `user_citizenship` int(11) NOT NULL,
  `account_type` int(11) NOT NULL,
  `user_ssn` varchar(50) CHARACTER SET utf8 DEFAULT NULL,
  `user_phone` varchar(15) NOT NULL,
  `ref_via` varchar(50) CHARACTER SET utf8 DEFAULT NULL,
  `ref_name` varchar(100) CHARACTER SET utf8 DEFAULT NULL,
  `ip_address` varchar(50) NOT NULL,
  `user_status` varchar(1) NOT NULL DEFAULT 'A',
  `disabled_at` datetime DEFAULT NULL,
  `enabled_at` datetime DEFAULT NULL,
  `created_by` int(11) DEFAULT NULL,
  `created_at` datetime DEFAULT NULL,
  `updated_at` datetime DEFAULT NULL,
  `deleted_at` datetime DEFAULT NULL
);

--
-- Dumping data for table `users`
--

INSERT INTO `users` (`user_id`, `client_id`, `user_email`, `user_password`, `user_firstname`, `user_lastname`, `user_type`, `user_dob`, `user_citizenship`, `account_type`, `user_ssn`, `user_phone`, `ref_via`, `ref_name`, `ip_address`, `user_status`, `disabled_at`, `enabled_at`, `created_by`, `created_at`, `updated_at`, `deleted_at`) VALUES
(1, 1, 'testuser@capp.com', '$2a$12$UomVpkC.236Y/BjVTVeyjO7MPvxf9oaFBLZU3VkFfmC2yBNM621Fy', 'Test', 'User', 1, '1995-09-06', 1, 1, NULL, '2547863245', NULL, NULL, '127.0.0.1', 'A', NULL, NULL, NULL, NULL, NULL, NULL),
(2, 1, 'testuser@yopmail.com', '$2y$10$yMjCNfCHGA6cNX1xKqHGReJGU4h.drN8HjoRckTrXSWG2cIIWMMAC', 'Test', 'User', 1, '0000-00-00', 0, 1, '0123456', '01234567890', 'testuser@capp.com', 'tester', '', 'A', NULL, NULL, NULL, '2022-10-10 02:16:42', '2022-10-10 02:16:42', NULL),
(5, 1, 'testuser2@yopmail.com', '$2y$10$SWiGCPpD5jJB/i1kSvg57O1Ddb9qECetuAyDpqDo2K2nL88OLQpRK', 'dsfsdf', 'sdfdfsd', 1, '0000-00-00', 0, 0, 'sdfsdf', '01234567890', NULL, NULL, '103.38.13.5', 'A', NULL, NULL, NULL, '2022-10-11 07:18:57', '2022-10-11 07:18:57', NULL),
(6, 1, 'testuser3@yopmail.com', '$2y$10$fotq1l63ms0xXPUhZZhw3eeDYs4iabsbkPP14G7sJWwuO/AUf015S', 'dsfdsf', 'dsfsdf', 1, '0000-00-00', 0, 0, 'fsdfsdf', '1234567890', NULL, NULL, '103.38.13.5', 'A', NULL, NULL, NULL, '2022-10-11 07:29:02', '2022-10-11 07:29:02', NULL),
(7, 1, 'testuser5@yopmail.com', '$2y$10$YwodeeSqn2J5eVZTFLOW9uFVJlsHEwbri0MMCxV67IvTvipwK8afC', 'asdasd', 'asdds', 1, '0000-00-00', 0, 0, 'sadasd', '01234567890', NULL, NULL, '103.38.13.5', 'A', NULL, NULL, NULL, '2022-10-11 07:43:30', '2022-10-11 07:43:30', NULL),
(8, 1, 'testuser6@yopmail.com', '$2y$10$EM0/5x2xxLsmdattxAIULOwWUxprO.xOdyFx.RL7Jh2L8e0oUBCl6', 'Test', 'User', 1, '0000-00-00', 0, 1, '0123456', '01234567890', 'testuser@capp.com', 'tester', '', 'A', NULL, NULL, NULL, '2022-10-12 02:18:00', '2022-10-12 02:18:00', NULL),
(9, 1, 'test@mail.co', '$2y$10$A/1mOSBfFZydtjpl8qrA5OB6S9V9KGKoo.v1IZnc/Hx9dEbF4pJq.', ' xvczcv', ' xcvzxcv', 1, '0000-00-00', 0, 0, ' xcvxczv', ' 01234567890', NULL, NULL, ' 103.38.13.5', 'A', NULL, NULL, NULL, '2022-10-12 04:21:02', '2022-10-12 04:21:02', NULL),
(10, 1, 'testee@mail.co', '$2y$10$ixv6N2T.v606pL0rs/NIKOgmiygMwK87VLyYM5SGhWM/m6sFSCuDK', ' xvczcv', ' xcvzxcv', 1, '0000-00-00', 0, 0, ' xcvxczv', ' 01234567890', NULL, NULL, ' 103.38.13.5', 'A', NULL, NULL, NULL, '2022-10-12 04:21:47', '2022-10-12 04:21:47', NULL),
(11, 1, 'testone@mail.com', '$2a$12$P/YcnHM.SRdWlj6PqFU6oONc87PA/PEX7N8cZir2ewHlzPUWIQqfy', ' xvczcv', ' xcvzxcv', 1, '0000-00-00', 0, 0, ' xcvxczv', ' 01234567890', NULL, NULL, ' 103.38.13.5', 'A', NULL, NULL, NULL, '2022-10-12 04:28:18', '2022-10-12 04:28:18', NULL),
(12, 1, 'testtwo@mail.co', '$2y$10$JbNvowu0r33QqHa8HI8db.oiZs.9YpoXrzdMhjxoeJbVPTdp3Tj7i', ' xvczcv', ' xcvzxcv', 1, '0000-00-00', 0, 0, ' xcvxczv', ' 01234567890', NULL, NULL, ' 103.38.13.5', 'A', '2022-10-27 04:03:36', '2022-10-27 04:10:17', NULL, '2022-10-12 04:56:15', '2022-10-27 04:10:17', NULL),
(13, 1, 'testthree@mail.co', '$2y$10$ZvWfFqwI9S6P0wp.hNYEZOFnoExrq8mD8OE2KjOuBEyr4Ai/sgAv2', ' xvczcv', ' xcvzxcv', 1, '0000-00-00', 0, 0, ' xcvxczv', ' 01234567890', NULL, NULL, ' 103.38.13.5', 'A', NULL, NULL, NULL, '2022-10-12 04:59:44', '2022-10-12 04:59:44', NULL),
(14, 1, 'test1@mail.co', '$2y$10$..2xFwBmvJwSS6lFCYBbXOPnLo27gPnFa07jz7S0jkq.WmrhjMu/6', ' xvczcv', ' xcvzxcv', 1, '0000-00-00', 0, 0, ' xcvxczv', ' 01234567890', NULL, NULL, ' 103.38.13.5', 'A', NULL, NULL, NULL, '2022-10-12 05:12:27', '2022-10-12 05:12:27', NULL),
(15, 1, 'testuser8@yopmail.com', '$2y$10$WBRNYMhvXQVasZP3zxhroOOiXXVMdkr1jXx3gYkIQh57L31sDKaN.', 'dfgdsfg', 'gdfgdsgfg', 1, '0000-00-00', 0, 0, 'dfgdsg', '01234567890', NULL, NULL, '103.38.13.5', 'A', NULL, NULL, NULL, '2022-10-12 05:53:03', '2022-10-12 05:53:03', NULL),
(16, 1, 'test44@mail.co', '$2y$10$X0nGqoUSXD98m1Wmnve7VuU.r7PGWQLwhqKmfHbntd06zwyu0BbnO', ' something', ' test', 1, '0000-00-00', 0, 0, ' xcvxczv', ' 01234567890', ' 1', ' 0', ' 103.38.13.5', 'A', NULL, NULL, NULL, '2022-10-12 08:32:11', '2022-10-12 08:32:11', NULL),
(17, 1, 'test443@mail.co', '$2y$10$fWQl6Ik2hZXTK2skF7IlVORlNo068LXXj0ppwK/7DnrNRYim0GaOW', ' something', ' test', 1, '0000-00-00', 0, 0, ' xcvxczv', ' 01234567890', ' 1', ' 0', ' 103.38.13.5', 'A', NULL, NULL, NULL, '2022-10-12 09:20:32', '2022-10-12 09:20:32', NULL),
(18, 1, 'test43@mail.co', '$2y$10$QAkrItcE7YaJ9BleaFuFDe4Jv5.a3LAE3YhLtSXHMmr/oq1IvJ3oC', ' something', ' test', 1, '0000-00-00', 0, 0, ' xcvxczv', ' 01234567890', ' 1', ' 0', ' 103.38.13.5', 'A', NULL, NULL, NULL, '2022-10-12 09:22:40', '2022-10-12 09:22:40', NULL),
(19, 1, 'test42@mail.co', '$2y$10$erUy1eDqfIzq5rF9uZyeP.BCNsxh44pWc0yaXuzyWd6lGXr.1CY5C', ' something', ' test', 1, '0000-00-00', 0, 0, ' xcvxczv', ' 01234567890', ' 1', ' 0', ' 103.38.13.5', 'A', NULL, NULL, NULL, '2022-10-14 06:00:49', '2022-10-14 06:00:49', NULL),
(20, 1, 'amtest@mail.com', '$2y$10$ESsK2EgnCRkJvu0S77Xmse0SDV65KjPIWt4zubHynEubIM0BlXUNC', ' something', ' test', 1, '0000-00-00', 0, 0, ' xcvxczv', ' 01234567890', ' 1', ' 0', ' 103.38.13.5', 'A', NULL, NULL, NULL, '2022-10-19 04:41:48', '2022-10-19 04:41:48', NULL),
(21, 1, 'amtest1@mail.com', '$2y$10$hn25B6rAn7AaiNzUkJZLKulGnilerRg/vBe/6BG7DKnPzHanY/2SK', ' something', ' test', 1, '0000-00-00', 0, 0, ' xcvxczv', ' 01234567890', ' 1', ' 0', ' 103.38.13.5', 'A', NULL, NULL, NULL, '2022-10-21 02:53:27', '2022-10-21 02:53:27', NULL),
(22, 1, 'amtest2@mail.com', '$2y$10$Ulfdj2PGWap2k3NjKwcokOsnrfP39B3F8r4KKGMOyq.Q11ke8WHtu', 'something', 'test', 1, '0000-00-00', 0, 0, 'xcvxczv', '01234567890', '1', '0', '103.38.13.5', 'A', NULL, NULL, NULL, '2022-10-21 03:11:24', '2022-10-21 03:11:24', NULL),
(23, 1, 'amtest3@mail.com', '$2y$10$iJJQOVM1/Ao5XoKhWGnPYuziB2.7c6B4ryTZoj67Oi/q5BgYgJLGW', 'something', 'test', 1, '0000-00-00', 0, 0, 'xcvxczv', '01234567890', '1', '0', '103.38.13.5', 'A', NULL, NULL, NULL, '2022-10-21 03:11:58', '2022-10-21 03:11:58', NULL),
(24, 33, 'neymarjr@gmail.com', '$2y$10$gTXeNa49IUMSZIbIIyyNg.Kgp5kXvvYa6mu.ESBP034Pa/mFeZKDW', 'Neymar', 'junior', 3, '2016-06-08', 0, 0, '2342342ASA', '3345435435', NULL, NULL, '', 'A', '2022-11-03 03:05:44', '2022-11-03 03:05:49', 1, '2022-10-26 08:46:37', '2022-11-03 03:05:49', NULL),
(25, 1, 'testuser9@yopmail.com', '$2y$10$lVnjUQT3vVVMiXvakkwN3OXJjifO/Z.0vbRFe72iUxr5EfGXNKvOS', 'sdfsf', 'cxvzc', 1, '0000-00-00', 0, 0, 'cxvzxcv', '01232456789', '0', '1', '103.38.13.5', 'A', NULL, NULL, NULL, '2022-10-26 09:13:59', '2022-10-26 09:13:59', NULL),
(26, 1, 'testuser44@yopmail.com', '$2y$10$w34z5r05E3HeQ3FK9uwGPeDtH3Ri27Kf6MQZwKA51W.84hz8KRSbq', 'sdfsf', 'cxvzc', 1, '0000-00-00', 0, 0, 'cxvzxcv', '01232456789', '0', '1', '103.38.13.5', 'A', NULL, NULL, NULL, '2022-10-27 01:03:01', '2022-10-27 01:03:01', NULL),
(27, 1, 'testuser34@yopmail.com', '$2y$10$VD.C/y/BEMzp23Oz.NKZM.x3P.WRTEY1sG88ArkoE0xphEkT5fMrm', 'sdfsf', 'cxvzc', 1, '0000-00-00', 0, 0, 'cxvzxcv', '01232456789', '0', '1', '103.38.13.5', 'A', NULL, NULL, NULL, '2022-10-27 01:09:10', '2022-10-27 01:09:10', NULL),
(28, 1, 'testuser99@yopmail.com', '$2y$10$5PUirZNuvjBcOSbGxhnWUO8pSSf4qE553xjJigrv1OE9qP76BNoUy', 'sdfsf', 'cxvzc', 1, '0000-00-00', 0, 0, 'cxvzxcv', '01232456789', '0', '1', '103.38.13.5', 'A', NULL, NULL, NULL, '2022-10-27 01:11:44', '2022-10-27 01:11:44', NULL),
(29, 1, 'testuser33@yopmail.com', '$2y$10$wAqE.iy6ulo6WxRt4QD4XOPGR.WWrs1rjDBoPq3K6FNOUgzWoX.aS', 'asdasd', 'sfdfsdf', 1, '0000-00-00', 0, 0, 'dfgdfgfdg', '01234567890', '1', '1', '103.38.13.5', 'A', NULL, NULL, NULL, '2022-10-27 01:25:09', '2022-10-27 01:25:09', NULL),
(30, 1, 'testuser344@yopmail.com', '$2y$10$i.6ilxcb0PozqvNC.X1DJu/K.X8H45wpGyKyIhRf/44bOfdfkEf9G', 'sdfsf', 'cxvzc', 1, '0000-00-00', 0, 0, 'cxvzxcv', '01232456789', '0', '1', '103.38.13.5', 'A', NULL, NULL, NULL, '2022-10-27 01:30:25', '2022-10-27 01:30:25', NULL),
(31, 1, 'testuser3455@yopmail.com', '$2y$10$lS2owjEDnK96UWRu3sGY.OwiroTsqKj9z5A.GYrn5ohHAsgv3rjRC', 'sdfsf', 'cxvzc', 1, '0000-00-00', 0, 0, 'cxvzxcv', '01232456789', '0', '1', '103.38.13.5', 'A', NULL, NULL, NULL, '2022-10-27 01:31:53', '2022-10-27 01:31:53', NULL),
(32, 1, 'testuserrr@capp.com', '$2y$10$hAZKgtznhIJ.qvcy8BDRI.k0vgevlr01wa4pJ6eQ323mjpm.MFSVS', 'sdfsf', 'cxvzc', 1, '0000-00-00', 0, 0, 'cxvzxcv', '01232456789', '0', '1', '103.38.13.5', 'A', NULL, NULL, NULL, '2022-10-27 01:40:21', '2022-10-27 01:40:21', NULL),
(33, 1, 'testuserrrr@capp.com', '$2y$10$BDyChZKDeG6MX86uGEf8je1E20SxZT5fxrt2bOMWFUXg756jD3y1u', 'sdfsf', 'cxvzc', 1, '0000-00-00', 0, 0, 'cxvzxcv', '01232456789', '0', '1', '103.38.13.5', 'A', NULL, NULL, NULL, '2022-10-27 01:42:25', '2022-10-27 01:42:25', NULL),
(34, 1, 'testuser89@yopmail.com', '$2y$10$i3fbTPapCoAJwFYT27poJ.bNeqLKYNhXdS51jhTQkx/a67mNrATMW', 'fgdfg', 'sfdfsdf', 1, '0000-00-00', 0, 0, 'dsfasdfsadf', '01234567890', '1', '0', '103.38.13.5', 'A', NULL, NULL, NULL, '2022-10-27 02:40:08', '2022-10-27 02:40:08', NULL),
(35, 1, 'testuser46@yopmail.com', '$2y$10$QwTZZqkZfBymD9yq2XIgKu4NpK5BR2zszYi/QMBZYxFD.j2Vv2r16', 'asdasd', 'sfdfsdf', 0, '0000-00-00', 0, 0, 'vcbxcvbcvb', '01234567890', '1', '0', '103.38.13.5', 'A', NULL, NULL, NULL, '2022-10-27 02:43:52', '2022-10-27 02:43:52', NULL),
(36, 33, 'eder@gmail.com', '$2y$10$5FQ/yRTiTMrVK/FOmfptQenddK6ZpxpjbmA3V8UPNl4aiBC..vMJ2', 'Eder', 'Militao', 2, '2003-01-29', 1, 0, '123231eqw', '12312313', NULL, NULL, '', 'A', '2022-11-03 04:24:26', '2022-11-03 04:24:30', 1, '2022-10-27 05:08:29', '2022-11-03 04:24:30', NULL),
(37, 1, 'testuser12@capp.com', '$2y$10$sJ0nBsxlurIyHtUl0yvM1uE/SN9gw5bH.kGafCkZu3dGl0VycP14u', 'sdfsf', 'cxvzc', 1, '0000-00-00', 0, 0, 'cxvzxcv', '01232456789', '0', '1', '103.38.13.5', 'A', NULL, NULL, NULL, '2022-10-27 06:06:35', '2022-10-27 06:06:35', NULL),
(38, 1, 'testuser13@capp.com', '$2y$10$FmE7cpA1dBTYEWt.7CZgN.3hVuPBEmYSp6qSeKtWgX7Vdo8suDife', 'sdfsf', 'cxvzc', 1, '0000-00-00', 0, 0, 'cxvzxcv', '01232456789', '0', '1', '103.38.13.5', 'A', NULL, NULL, NULL, '2022-10-27 06:09:37', '2022-10-27 06:09:37', NULL),
(39, 1, 'testuser14@capp.com', '$2y$10$GbYUZSkWsCNEtPg1hsPQb.09OROSh8A0Bg6sA.AojBrEWAK/Ygv1S', 'sdfsf', 'cxvzc', 1, '0000-00-00', 0, 0, 'cxvzxcv', '01232456789', '0', '1', '103.38.13.5', 'A', NULL, NULL, NULL, '2022-10-27 06:48:08', '2022-10-27 06:48:08', NULL),
(40, 1, 'testuser4@yopmail.com', '$2y$10$ZIEYcbaksRH0y3U1ExzGuuJ1NUGla0nYvjgNk7u4K8J3d7OLQZU1K', 'vcvcxbv', 'vbcxvb', 1, '0000-00-00', 0, 0, 'cvbxcvbxcvbxcvb', '01234567890', '1', '1', '103.38.13.5', 'A', NULL, NULL, NULL, '2022-10-27 07:59:49', '2022-10-27 07:59:49', NULL),
(41, 33, 'vinijr@gmail.com', '$2y$10$zEBwRZMhc.sW/te0pO2oX.pWqzFZpDmLs0STGvJ8zBy.IX4v7mq5i', 'Vinicious', 'junior', 2, '2022-10-30', 0, 0, '3423423', '454564', NULL, NULL, '', 'A', '2022-10-31 08:00:31', '2022-10-31 08:00:38', 1, '2022-10-28 04:49:57', '2022-10-31 08:06:46', NULL),
(42, 33, 'vinijr115@gmail.com', '$2y$10$Web6b2GYTeyWpGOFStDgm.n7ZzU2HgT6lQaWhP2pbkGxXwcCQf6ZS', 'Vinicious', 'junior', 1, '2022-10-30', 0, 0, '342342355', '454564', NULL, NULL, '', 'A', '2022-11-03 04:19:59', '2022-11-03 04:20:03', 1, '2022-10-28 04:53:13', '2022-11-03 04:20:03', NULL),
(43, 33, 'gabjesus@gmail.com', '$2y$10$ZwwUdZHtpEtDIVp8mRGEA.h/fXgQXwDL5JhJB80rbSjRLM9pdxLCG', 'Gabriel', 'Jesus', 3, '2022-10-29', 1, 0, '2342343adssad', '54353454355', NULL, NULL, '', 'A', NULL, NULL, 1, '2022-10-28 04:59:06', '2022-10-31 06:28:48', NULL),
(44, 33, 'asdsadsa@gmail.com', '$2y$10$Jrqxoou7Vd0V3EgRoB39WuG/cYsaudcX/dRdo8mHqYnsyBpBjxP52', 'asdsadsad', 'asdasdsad', 4, '2004-07-08', 1, 0, '2423423', '34234234', NULL, NULL, '', 'A', NULL, NULL, 1, '2022-10-28 07:05:49', '2022-10-28 07:56:06', NULL),
(45, 33, 'asdasd@gmail.com', '$2y$10$7geOkE8EfJM7RIut3wCBpuQs29ejLxus5ACTw3mEH.V2uAPX/DdUW', 'Aasdd', 'asdasdsad', 3, '2009-02-21', 1, 0, '3423423', '3345435435', NULL, NULL, '', 'A', NULL, NULL, 1, '2022-10-31 04:15:57', '2022-10-31 05:26:27', NULL),
(46, 33, 'bruno@admin.com', '$2y$10$6322d/hRTXmtDipifI29ju3rSekou8DP3TPkXqUNT.HL2M7rqtkaq', 'Bruno', 'Fernandes', 1, '1995-06-07', 1, 0, '342ASSS', '3345435435', NULL, NULL, '', 'A', NULL, NULL, 1, '2022-10-31 06:51:29', '2022-10-31 06:51:58', NULL),
(47, 33, 'marcusrashford@gmail.com', '$2y$10$Rr2c8TuE.17XKBlRK/WhUubUh1TbzcykPAC0Jb5swzn.iMjQHWExK', 'Marcus', 'Rashford', 2, '1992-05-05', 1, 0, '32132121DDFC', '12312313', NULL, NULL, '', 'A', NULL, NULL, 1, '2022-10-31 08:16:51', '2022-10-31 08:16:51', NULL),
(48, 33, 'coutinho@gmail.com', '$2y$10$pmiZr78JjmG5XG0hmhID..QgXctHSH3VdQfh.tLCbI1YbK7iMDPfS', 'Philippe', 'Coutinho', 3, '2008-01-01', 1, 0, '12321321BCC', '3345435435', NULL, NULL, '::1', 'A', NULL, NULL, 1, '2022-11-01 01:57:54', '2022-11-01 01:57:54', NULL),
(49, 38, 'investorone@mail.com', '$2y$10$8lyCA52sFD15iodvSWnA1.CV4vKz7KrF3549FdSuieH/1G9hByHWK', 'Investor', 'one', 3, '1995-02-16', 0, 0, 'test', '54651236431', NULL, NULL, '::1', 'A', '2022-11-04 08:50:35', '2022-11-04 08:50:43', 5, '2022-11-01 08:24:59', '2022-11-04 08:50:43', NULL),
(50, 38, 'borrowerone@mail.com', '$2y$10$smc5e.NduEzCxK3aexHUVegeWa9ujADittSNVW5fS2FbbUM0y8c4G', 'Borrower', 'one', 1, '2022-11-23', 1, 0, 'test', '6546131', NULL, NULL, '::1', 'A', NULL, NULL, 5, '2022-11-01 08:26:30', '2022-11-01 08:26:30', NULL),
(51, 38, 'brokerone@mail.com', '$2y$10$kXrQXTDLT8hsEX8bDyj/8Ohm6eH4FKXJWZdCK2.RJlEuYt5DmFYjC', 'broker', 'one', 2, '2022-11-24', 1, 0, 'test', '4645465412123', NULL, NULL, '::1', 'A', NULL, NULL, 5, '2022-11-01 08:27:37', '2022-11-01 08:27:37', NULL),
(52, 1, 'testuser121@yopmail.com', '$2y$10$lhnJoWeuTakbxPnk.NAM4OAe426lchBQOrj5Kkoyo9xDPU92/B0Xy', 'adsasdasd', 'sdfsdf', 1, '0000-00-00', 0, 0, 'dsfasdfsdfasdf', '01234567890', '0', '1', '103.38.13.5', 'A', NULL, NULL, NULL, '2022-11-03 04:42:06', '2022-11-03 04:42:06', NULL),
(53, 1, 'testuser122@yopmail.com', '$2y$10$0AQXOGyIJJCj7ExtT5wtDeTnV6IuDcfdY45amoazWMg1h6DPi5k.K', 'fgdfg', 'sfdfsdf', 3, '0000-00-00', 0, 0, 'asdasdasd', '01234567890', '1', '0', '103.38.13.5', 'A', NULL, NULL, NULL, '2022-11-03 04:45:32', '2022-11-03 04:45:32', NULL),
(54, 38, 'newinv@test.com', '$2y$10$5MF7FC7ltPqpSP92jbLXFOgSYJ7G69ofGislp1VlKSNrlTdsx4.52', 'new ', 'investor', 3, '2022-11-03', 1, 0, '454s5df12s1', '453213216541', NULL, NULL, '192.168.1.144', 'A', NULL, NULL, 5, '2022-11-03 09:44:25', '2022-11-03 09:44:25', NULL),
(55, 1, 'testuser123@capp.com', '$2y$10$wExBwCSWxqrmIjHeHcZIaO9IfA2Dof0WrKjoIBkBIj9udQhZWIsGG', 'Test', 'User', 4, '0000-00-00', 0, 0, 'fsdfsfd', '01234567890', '1', '0', '103.38.13.5', 'A', NULL, NULL, NULL, '2022-11-04 01:59:49', '2022-11-04 01:59:49', NULL),
(56, 1, 'testuser1@yopmail.com', '$2y$10$UFB9hMPN3WT0cqrCkbVOBebMvp9wPFcYu7iX.jO1NoDk.HFXmsfoi', 'gdfgdgf', 'dfgsdfg', 2, '0000-00-00', 0, 0, 'hyt', '5886424444', '1', '0', '103.38.13.5', 'A', NULL, NULL, NULL, '2022-11-04 08:14:28', '2022-11-04 08:14:28', NULL);

-- --------------------------------------------------------

--
-- Table structure for table `user_address`
--

CREATE TABLE `user_address` (
  `address_id` int(10) UNSIGNED NOT NULL,
  `user_id` int(11) NOT NULL,
  `address_street` varchar(60) CHARACTER SET utf8 NOT NULL,
  `address_appartment` varchar(60) CHARACTER SET utf8 NOT NULL,
  `address_city` varchar(60) CHARACTER SET utf8 NOT NULL,
  `address_state` varchar(60) CHARACTER SET utf8 NOT NULL,
  `country_id` int(11) NOT NULL,
  `address_zipcode` varchar(10) NOT NULL,
  `address_type` char(1) CHARACTER SET utf8 NOT NULL,
  `address_status` varchar(1) NOT NULL DEFAULT 'A',
  `created_at` datetime DEFAULT NULL,
  `updated_at` datetime DEFAULT NULL,
  `deleted_at` datetime DEFAULT NULL
);

--
-- Dumping data for table `user_address`
--

INSERT INTO `user_address` (`address_id`, `user_id`, `address_street`, `address_appartment`, `address_city`, `address_state`, `country_id`, `address_zipcode`, `address_type`, `address_status`, `created_at`, `updated_at`, `deleted_at`) VALUES
(1, 2, 'dfsdfsd', 'sdfsdfsd', 'sdfsdf', 'sdfsdf', 0, 'sfdfs', 's', 's', '2022-10-10 02:16:42', '2022-10-10 02:16:42', NULL),
(2, 8, 'dfsdfsd', 'sdfsdfsd', 'sdfsdf', 'sdfsdf', 0, 'sfdfs', 'C', 'A', '2022-10-12 02:18:00', '2022-10-12 02:18:00', NULL),
(3, 10, ' xcvzxcv', ' xcvzxcv', ' cxvzxcv', ' xczvcvxc', 2, ' xczvzxcvx', 'C', 'A', '2022-10-12 04:21:47', '2022-10-12 04:21:47', NULL),
(4, 11, ' xcvzxcv', ' xcvzxcv', ' cxvzxcv', ' xczvcvxc', 2, ' xczvzxcvx', 'C', 'A', '2022-10-12 04:28:18', '2022-10-12 04:28:18', NULL),
(5, 12, ' xcvzxcv', ' xcvzxcv', ' cxvzxcv', ' xczvcvxc', 2, ' xczvzxcvx', 'C', 'A', '2022-10-12 04:56:15', '2022-10-12 04:56:15', NULL),
(6, 13, ' xcvzxcv', ' xcvzxcv', ' cxvzxcv', ' xczvcvxc', 2, ' xczvzxcvx', 'C', 'A', '2022-10-12 04:59:44', '2022-10-12 04:59:44', NULL),
(7, 14, ' xcvzxcv', ' xcvzxcv', ' cxvzxcv', ' xczvcvxc', 2, ' xczvzxcvx', 'C', 'A', '2022-10-12 05:12:27', '2022-10-12 05:12:27', NULL),
(8, 15, 'dfgsdfg', 'fdgsdfg', 'dfgsdfg', 'dfgdsfg', 2, 'dfgsdgfgsd', 'C', 'A', '2022-10-12 05:53:03', '2022-10-12 05:53:03', NULL),
(9, 16, ' xcvzxcv', ' xcvzxcv', ' cxvzxcv', ' xczvcvxc', 2, ' xczvzxcvx', 'C', 'A', '2022-10-12 08:32:11', '2022-10-12 08:32:11', NULL),
(10, 17, ' xcvzxcv', ' xcvzxcv', ' cxvzxcv', ' xczvcvxc', 2, ' xczvzxcvx', 'C', 'A', '2022-10-12 09:20:32', '2022-10-12 09:20:32', NULL),
(11, 18, ' xcvzxcv', ' xcvzxcv', ' cxvzxcv', ' xczvcvxc', 2, ' xczvzxcvx', 'C', 'A', '2022-10-12 09:22:40', '2022-10-12 09:22:40', NULL),
(12, 19, ' xcvzxcv', ' xcvzxcv', ' cxvzxcv', ' xczvcvxc', 2, ' xczvzxcvx', 'C', 'A', '2022-10-14 06:00:49', '2022-10-14 06:00:49', NULL),
(13, 20, ' xcvzxcv', ' xcvzxcv', ' cxvzxcv', ' xczvcvxc', 2, ' xczvzxcvx', 'C', 'A', '2022-10-19 04:41:48', '2022-10-19 04:41:48', NULL),
(14, 21, ' xcvzxcv', ' xcvzxcv', ' cxvzxcv', ' xczvcvxc', 2, ' xczvzxcvx', 'C', 'A', '2022-10-21 02:53:28', '2022-10-21 02:53:28', NULL),
(15, 23, 'xcvzxcv', 'xcvzxcv', 'cxvzxcv', 'xczvcvxc', 2, 'xczvzxcvx', 'C', 'A', '2022-10-21 03:11:58', '2022-10-21 03:11:58', NULL),
(16, 25, 'xcvxzcv', 'xcvzxcv', 'cxvzxvc', 'xcvxzcvx', 2, 'xcvvzxcv', 'C', 'A', '2022-10-26 09:13:59', '2022-10-26 09:13:59', NULL),
(17, 26, 'xcvxzcv', 'xcvzxcv', 'cxvzxvc', 'xcvxzcvx', 2, 'xcvvzxcv', 'C', 'A', '2022-10-27 01:03:01', '2022-10-27 01:03:01', NULL),
(18, 27, 'xcvxzcv', 'xcvzxcv', 'cxvzxvc', 'xcvxzcvx', 2, 'xcvvzxcv', 'C', 'A', '2022-10-27 01:09:10', '2022-10-27 01:09:10', NULL),
(19, 28, 'xcvxzcv', 'xcvzxcv', 'cxvzxvc', 'xcvxzcvx', 2, 'xcvvzxcv', 'C', 'A', '2022-10-27 01:11:44', '2022-10-27 01:11:44', NULL),
(20, 29, 'dfgdfg', 'dfgdfg', 'dfgdsfg', 'fgsdfg', 2, 'dfgdsfg', 'C', 'A', '2022-10-27 01:25:09', '2022-10-27 01:25:09', NULL),
(21, 30, 'xcvxzcv', 'xcvzxcv', 'cxvzxvc', 'xcvxzcvx', 2, 'xcvvzxcv', 'C', 'A', '2022-10-27 01:30:25', '2022-10-27 01:30:25', NULL),
(22, 31, 'xcvxzcv', 'xcvzxcv', 'cxvzxvc', 'xcvxzcvx', 2, 'xcvvzxcv', 'C', 'A', '2022-10-27 01:31:53', '2022-10-27 01:31:53', NULL),
(23, 32, 'xcvxzcv', 'xcvzxcv', 'cxvzxvc', 'xcvxzcvx', 2, 'xcvvzxcv', 'C', 'A', '2022-10-27 01:40:21', '2022-10-27 01:40:21', NULL),
(24, 33, 'xcvxzcv', 'xcvzxcv', 'cxvzxvc', 'xcvxzcvx', 2, 'xcvvzxcv', 'C', 'A', '2022-10-27 01:42:25', '2022-10-27 01:42:25', NULL),
(25, 34, 'sdfasdf', 'sdafasdf', 'dsfsadf', 'sdafsadfsafd', 2, 'dsafasdf', 'C', 'A', '2022-10-27 02:40:08', '2022-10-27 02:40:08', NULL),
(26, 35, 'cvbxcvb', 'vcbxcvb', 'cvbxcvb', 'vcbxcvbxcvb', 2, 'cvbcxvb', 'C', 'A', '2022-10-27 02:43:52', '2022-10-27 02:43:52', NULL),
(27, 37, 'xcvxzcv', 'xcvzxcv', 'cxvzxvc', 'xcvxzcvx', 2, 'xcvvzxcv', 'C', 'A', '2022-10-27 06:06:35', '2022-10-27 06:06:35', NULL),
(28, 38, 'xcvxzcv', 'xcvzxcv', 'cxvzxvc', 'xcvxzcvx', 2, 'xcvvzxcv', 'C', 'A', '2022-10-27 06:09:37', '2022-10-27 06:09:37', NULL),
(29, 39, 'xcvxzcv', 'xcvzxcv', 'cxvzxvc', 'xcvxzcvx', 2, 'xcvvzxcv', 'C', 'A', '2022-10-27 06:48:08', '2022-10-27 06:48:08', NULL),
(30, 40, 'vcxvbxcvb', 'vcbxcvb', 'vcbxcvb', 'cvbxcbvxcb', 1, 'cvbxcvb', 'C', 'A', '2022-10-27 07:59:49', '2022-10-27 07:59:49', NULL),
(31, 41, 'Aasdsad', 'ad', 'asdsadsad', 'asdasdsad', 2, 'asdasdasd', 'C', 'A', '2022-10-28 04:49:57', '2022-10-31 08:06:46', NULL),
(32, 42, 'rrrrr', 'ggggggggg', 'asdsadsad', 'asdasdsad', 1, '4564654', 'C', 'A', '2022-10-28 04:53:13', '2022-10-31 06:50:12', NULL),
(33, 43, 'asdsadsad', 'asdasd', 'asdasd', 'LA', 1, '1312312', 'C', 'A', '2022-10-28 04:59:06', '2022-10-31 06:28:48', NULL),
(34, 44, 'adsdad', 'asdsadsad', 'asdasdsad', 'asdsadsad', 1, '1312312', 'C', 'A', '2022-10-28 07:05:49', '2022-10-28 07:56:06', NULL),
(35, 45, 'asdadad', 'Sdfsdfsdf', 'asdasd', 'Aadsdad', 1, '33433', 'C', 'A', '2022-10-31 04:15:57', '2022-10-31 05:26:27', NULL),
(36, 46, 'asdsad', 'asdasdasd', 'asdasd', 'asdasd', 1, '42342', 'C', 'A', '2022-10-31 06:51:29', '2022-10-31 06:51:58', NULL),
(37, 47, 'asdsad', 'asdsadsad', 'asdsadasd', 'asdsadas', 1, '23423432', 'C', 'A', '2022-10-31 08:16:51', '2022-10-31 08:16:51', NULL),
(38, 48, 'asdsadsad', 'asdasdsad', 'asdsad', 'asdsad', 2, '234444', 'C', 'A', '2022-11-01 01:57:54', '2022-11-01 01:57:54', NULL),
(39, 49, 'test', 'test', 'test', 'test', 1, 'testzip', 'C', 'A', '2022-11-01 08:24:59', '2022-11-01 08:24:59', NULL),
(40, 50, 'test', 'test', 'test', 'test', 1, 'test', 'C', 'A', '2022-11-01 08:26:30', '2022-11-01 08:26:30', NULL),
(41, 51, 'test', 'test', 'test', 'test', 1, 'test', 'C', 'A', '2022-11-01 08:27:37', '2022-11-01 08:27:37', NULL),
(42, 52, 'dfasdf', 'sdfasdf', 'dsfasdfsad', 'sdfsadf', 1, 'dfsadfsdfs', 'C', 'A', '2022-11-03 04:42:06', '2022-11-03 04:42:06', NULL),
(43, 53, 'SADAsd', 'asdaSD', 'asdASD', 'asdasd', 1, 'ASDASDASD', 'C', 'A', '2022-11-03 04:45:32', '2022-11-03 04:45:32', NULL),
(44, 54, 'ststts', 'estste', 'setse', 'stset', 1, 'stst', 'C', 'A', '2022-11-03 09:44:25', '2022-11-03 09:44:25', NULL),
(45, 55, 'sdfsadf', 'sdfsadf', 'dsfsadf', 'dsfsadfsdafsdaf', 2, 'dsfasdf', 'C', 'A', '2022-11-04 01:59:49', '2022-11-04 01:59:49', NULL),
(46, 56, 'kdfkds', 'fdgdfg', 'ghgfh', 'gfhf', 1, 'gfhfgh', 'C', 'A', '2022-11-04 08:14:28', '2022-11-04 08:14:28', NULL);

-- --------------------------------------------------------

--
-- Table structure for table `user_types`
--

CREATE TABLE `user_types` (
  `id` int(10) UNSIGNED NOT NULL,
  `user_type` varchar(50) NOT NULL,
  `created_at` datetime DEFAULT NULL,
  `updated_at` datetime DEFAULT NULL,
  `deleted_at` datetime DEFAULT NULL
);

--
-- Dumping data for table `user_types`
--

INSERT INTO `user_types` (`id`, `user_type`, `created_at`, `updated_at`, `deleted_at`) VALUES
(1, 'Borrower', '2022-11-02 06:05:42', NULL, NULL),
(2, 'Broker', '2022-11-02 06:05:42', NULL, NULL),
(3, 'Investor', '2022-11-02 06:05:42', NULL, NULL),
(4, 'Vendor', '2022-11-02 06:05:42', NULL, NULL);

--
-- Indexes for dumped tables
--

--
-- Indexes for table `account_type`
--
ALTER TABLE `account_type`
  ADD PRIMARY KEY (`id`);

--
-- Indexes for table `admin`
--
ALTER TABLE `admin`
  ADD PRIMARY KEY (`admin_id`);

--
-- Indexes for table `admin_client_assoc`
--
ALTER TABLE `admin_client_assoc`
  ADD PRIMARY KEY (`id`);

--
-- Indexes for table `admin_logs`
--
ALTER TABLE `admin_logs`
  ADD PRIMARY KEY (`id`);

--
-- Indexes for table `admin_permissions`
--
ALTER TABLE `admin_permissions`
  ADD PRIMARY KEY (`permission_id`);

--
-- Indexes for table `admin_roles`
--
ALTER TABLE `admin_roles`
  ADD PRIMARY KEY (`role_id`);

--
-- Indexes for table `admin_roles_assoc`
--
ALTER TABLE `admin_roles_assoc`
  ADD PRIMARY KEY (`id`);

--
-- Indexes for table `clients`
--
ALTER TABLE `clients`
  ADD PRIMARY KEY (`client_id`);

--
-- Indexes for table `client_admin`
--
ALTER TABLE `client_admin`
  ADD PRIMARY KEY (`ca_id`);

--
-- Indexes for table `client_department`
--
ALTER TABLE `client_department`
  ADD PRIMARY KEY (`department_id`);

--
-- Indexes for table `client_designation`
--
ALTER TABLE `client_designation`
  ADD PRIMARY KEY (`designation_id`);

--
-- Indexes for table `client_logs`
--
ALTER TABLE `client_logs`
  ADD PRIMARY KEY (`id`);

--
-- Indexes for table `client_permissions`
--
ALTER TABLE `client_permissions`
  ADD PRIMARY KEY (`permission_id`);

--
-- Indexes for table `client_roles`
--
ALTER TABLE `client_roles`
  ADD PRIMARY KEY (`client_role_id`);

--
-- Indexes for table `client_roles_assoc`
--
ALTER TABLE `client_roles_assoc`
  ADD PRIMARY KEY (`assoc_id`);

--
-- Indexes for table `migrations`
--
ALTER TABLE `migrations`
  ADD PRIMARY KEY (`id`);

--
-- Indexes for table `oauth_access_tokens`
--
ALTER TABLE `oauth_access_tokens`
  ADD PRIMARY KEY (`access_token`);

--
-- Indexes for table `oauth_authorization_codes`
--
ALTER TABLE `oauth_authorization_codes`
  ADD PRIMARY KEY (`authorization_code`);

--
-- Indexes for table `oauth_clients`
--
ALTER TABLE `oauth_clients`
  ADD PRIMARY KEY (`client_id`);

--
-- Indexes for table `oauth_refresh_tokens`
--
ALTER TABLE `oauth_refresh_tokens`
  ADD PRIMARY KEY (`refresh_token`);

--
-- Indexes for table `oauth_scopes`
--
ALTER TABLE `oauth_scopes`
  ADD PRIMARY KEY (`scope`);

--
-- Indexes for table `users`
--
ALTER TABLE `users`
  ADD PRIMARY KEY (`user_id`);

--
-- Indexes for table `user_address`
--
ALTER TABLE `user_address`
  ADD PRIMARY KEY (`address_id`);

--
-- Indexes for table `user_types`
--
ALTER TABLE `user_types`
  ADD PRIMARY KEY (`id`);

--
-- AUTO_INCREMENT for dumped tables
--

--
-- AUTO_INCREMENT for table `account_type`
--
ALTER TABLE `account_type`
  MODIFY `id` int(10) UNSIGNED NOT NULL AUTO_INCREMENT;

--
-- AUTO_INCREMENT for table `admin`
--
ALTER TABLE `admin`
  MODIFY `admin_id` int(10) UNSIGNED NOT NULL AUTO_INCREMENT, AUTO_INCREMENT=2;

--
-- AUTO_INCREMENT for table `admin_client_assoc`
--
ALTER TABLE `admin_client_assoc`
  MODIFY `id` int(10) UNSIGNED NOT NULL AUTO_INCREMENT;

--
-- AUTO_INCREMENT for table `admin_logs`
--
ALTER TABLE `admin_logs`
  MODIFY `id` int(10) UNSIGNED NOT NULL AUTO_INCREMENT;

--
-- AUTO_INCREMENT for table `admin_permissions`
--
ALTER TABLE `admin_permissions`
  MODIFY `permission_id` int(10) UNSIGNED NOT NULL AUTO_INCREMENT;

--
-- AUTO_INCREMENT for table `admin_roles`
--
ALTER TABLE `admin_roles`
  MODIFY `role_id` int(10) UNSIGNED NOT NULL AUTO_INCREMENT;

--
-- AUTO_INCREMENT for table `admin_roles_assoc`
--
ALTER TABLE `admin_roles_assoc`
  MODIFY `id` int(10) UNSIGNED NOT NULL AUTO_INCREMENT;

--
-- AUTO_INCREMENT for table `clients`
--
ALTER TABLE `clients`
  MODIFY `client_id` int(10) UNSIGNED NOT NULL AUTO_INCREMENT, AUTO_INCREMENT=140;

--
-- AUTO_INCREMENT for table `client_admin`
--
ALTER TABLE `client_admin`
  MODIFY `ca_id` int(10) UNSIGNED NOT NULL AUTO_INCREMENT, AUTO_INCREMENT=48;

--
-- AUTO_INCREMENT for table `client_department`
--
ALTER TABLE `client_department`
  MODIFY `department_id` int(10) UNSIGNED NOT NULL AUTO_INCREMENT, AUTO_INCREMENT=24;

--
-- AUTO_INCREMENT for table `client_designation`
--
ALTER TABLE `client_designation`
  MODIFY `designation_id` int(10) UNSIGNED NOT NULL AUTO_INCREMENT, AUTO_INCREMENT=22;

--
-- AUTO_INCREMENT for table `client_logs`
--
ALTER TABLE `client_logs`
  MODIFY `id` int(10) UNSIGNED NOT NULL AUTO_INCREMENT, AUTO_INCREMENT=198;

--
-- AUTO_INCREMENT for table `client_permissions`
--
ALTER TABLE `client_permissions`
  MODIFY `permission_id` int(10) UNSIGNED NOT NULL AUTO_INCREMENT, AUTO_INCREMENT=9;

--
-- AUTO_INCREMENT for table `client_roles`
--
ALTER TABLE `client_roles`
  MODIFY `client_role_id` int(10) UNSIGNED NOT NULL AUTO_INCREMENT, AUTO_INCREMENT=5;

--
-- AUTO_INCREMENT for table `client_roles_assoc`
--
ALTER TABLE `client_roles_assoc`
  MODIFY `assoc_id` int(10) UNSIGNED NOT NULL AUTO_INCREMENT;

--
-- AUTO_INCREMENT for table `migrations`
--
ALTER TABLE `migrations`
  MODIFY `id` bigint(20) UNSIGNED NOT NULL AUTO_INCREMENT, AUTO_INCREMENT=97;

--
-- AUTO_INCREMENT for table `users`
--
ALTER TABLE `users`
  MODIFY `user_id` int(10) UNSIGNED NOT NULL AUTO_INCREMENT, AUTO_INCREMENT=57;

--
-- AUTO_INCREMENT for table `user_address`
--
ALTER TABLE `user_address`
  MODIFY `address_id` int(10) UNSIGNED NOT NULL AUTO_INCREMENT, AUTO_INCREMENT=47;

--
-- AUTO_INCREMENT for table `user_types`
--
ALTER TABLE `user_types`
  MODIFY `id` int(10) UNSIGNED NOT NULL AUTO_INCREMENT, AUTO_INCREMENT=5;
COMMIT;

